D/ActivityThread( 1570): SVC-Calling onStartCommand: com.google.android.gms.stat
s.service.DropBoxEntryAddedService@32a081d2, flags=0, startId=1
D/FeatureProxyBase( 781): FeatureProxyBase class constructor
D/FeatureProxyBase( 781): getService(), serviceName = multiwindow_service_v1
D/FeatureProxyBase( 781): FeatureProxyBase class constructor
D/FeatureProxyBase( 781): getService(), serviceName = multiwindow_service_v1
D/LockPatternUtils( 781): s=true ,L=true ,q=true ,v=false
D/LockPatternUtils( 781): s=true ,L=true ,q=true ,v=false
I/BufferQueueConsumer( 244): [Application Error: com.example.sampleapp](this:0x
7f9433f000,id:98,api:0,p:-1,c:244) setDefaultBufferSize: width=720 height=288
D/Surface ( 1076): Surface::setBuffersDimensions(this=0x7f84235a00,w=720,h=50)

D/FeatureProxyBase( 781): FeatureProxyBase class constructor


D/FeatureProxyBase( 781): getService(), serviceName = multiwindow_service_v1
D/FeatureProxyBase( 781): FeatureProxyBase class constructor
D/FeatureProxyBase( 781): getService(), serviceName = multiwindow_service_v1
D/FeatureProxyBase( 781): FeatureProxyBase class constructor
D/FeatureProxyBase( 781): getService(), serviceName = multiwindow_service_v1
D/FeatureProxyBase( 781): FeatureProxyBase class constructor
D/FeatureProxyBase( 781): getService(), serviceName = multiwindow_service_v1
D/LockPatternUtils( 781): s=true ,L=true ,q=true ,v=false
D/LockPatternUtils( 781): s=true ,L=true ,q=true ,v=false
D/FeatureProxyBase( 781): FeatureProxyBase class constructor
D/FeatureProxyBase( 781): getService(), serviceName = multiwindow_service_v1
D/Surface ( 1076): Surface::setBuffersDimensions(this=0x7f84235a00,w=720,h=50)
D/OpenGLRenderer( 781): CanvasContext() 0x7f7d01d280 initialize 0x7f7d0a7e10
I/OpenGLRenderer( 781): Initialized EGL, version 1.4
D/MALI
( 781): eglCreateContext:206: [MALI] eglCreateContext display 0x7f840
5d4c0, share context 0x0 here.
D/MALI
( 781): gles_context_new:248: Create GLES ctx 0x7f6be62008 successful
ly
D/MALI
( 781): eglCreateContext:543: [MALI] eglCreateContext end. Created co
ntext 0x7f7d2eacf0 here.
D/Surface ( 781): Surface::connect(this=0x7f7d0a7e00,api=1)
I/BufferQueueProducer( 244): [Application Error: com.example.sampleapp](this:0x
7f9433f000,id:98,api:1,p:781,c:244) connect(P): api=1 producer=(781:system_serve
r) producerControlledByApp=false
D/mali_winsys( 781): new_window_surface returns 0x3000
D/Surface ( 781): Surface::allocateBuffers(this=0x7f7d0a7e00)
D/BufferQueueProducer( 244): [Application Error: com.example.sampleapp](this:0x
7f9433f000,id:98,api:1,p:781,c:244) allocateBuffers: allocating from 0 buffers u
p to 3 buffers
I/[MALI][Gralloc]( 244): Usage: 0xb00, format: 0x1 stride: 720 vertical_stride:
288 size: 829440
D/GraphicBuffer( 244): alloc, handle(0x7f93812d40) (w:720 h:288 s:720 f:0x1 u:0
x000b00) err(0)
I/[MALI][Gralloc]( 244): Usage: 0xb00, format: 0x1 stride: 720 vertical_stride:
288 size: 829440
D/GraphicBuffer( 244): alloc, handle(0x7f938127a0) (w:720 h:288 s:720 f:0x1 u:0
x000b00) err(0)
I/[MALI][Gralloc]( 244): Usage: 0xb00, format: 0x1 stride: 720 vertical_stride:
288 size: 829440
D/GraphicBuffer( 244): alloc, handle(0x7f8d340a20) (w:720 h:288 s:720 f:0x1 u:0
x000b00) err(0)
D/BufferQueueProducer( 244): [Application Error: com.example.sampleapp](this:0x
7f9433f000,id:98,api:1,p:781,c:244) allocateBuffers: allocating from 3 buffers u
p to 3 buffers
D/PerfServiceManager( 781): [PerfService] notifyFrameUpdate - bDuringTouchBoost
:true
D/Surface ( 781): Surface::setBuffersDimensions(this=0x7f7d0a7e00,w=720,h=288)
D/GraphicBuffer( 781): register, handle(0x7f6bd8a8e0) (w:720 h:288 s:720 f:0x1
u:0x000b00)
D/Surface ( 1076): Surface::setBuffersDimensions(this=0x7f84235a00,w=720,h=50)
D/MPlugin ( 1981): createInstance(): Begin = 2421963
D/MPlugin ( 1981): create Instance (two parameters) with : com.mediatek.common.t
elephony.IOnlyOwnerSimSupport
D/MPlugin ( 1981): Clazz exists on mapping table : false
E/MPlugin ( 1981): Unsupported class: com.mediatek.common.telephony.IOnlyOwnerSi
mSupport
D/MPlugin ( 1981): createInstance(): End = 2421963
V/SettingsInterface( 1495): from settings cache , name = multi_sim_voice_call ,
value = null

D/Surface ( 1076): Surface::setBuffersDimensions(this=0x7f84235a00,w=720,h=50)


D/FeatureProxyBase( 781): FeatureProxyBase class constructor
D/FeatureProxyBase( 781): getService(), serviceName = multiwindow_service_v1
D/FeatureProxyBase( 781): FeatureProxyBase class constructor
D/FeatureProxyBase( 781): getService(), serviceName = multiwindow_service_v1
D/LockPatternUtils( 781): s=true ,L=true ,q=true ,v=false
D/LockPatternUtils( 781): s=true ,L=true ,q=true ,v=false
D/FeatureProxyBase( 781): FeatureProxyBase class constructor
D/FeatureProxyBase( 781): getService(), serviceName = multiwindow_service_v1
D/LockPatternUtils( 781): s=true ,L=true ,q=true ,v=false
D/LockPatternUtils( 781): s=true ,L=true ,q=true ,v=false
D/FeatureProxyBase( 781): FeatureProxyBase class constructor
D/FeatureProxyBase( 781): getService(), serviceName = multiwindow_service_v1
V/SettingsInterface( 1495): from settings cache , name = pdp_watchdog_poll_inte
rval_ms , value = null
D/Surface ( 244): Surface::setBuffersDimensions(this=0x7f94254e00,w=720,h=1280)
I/BufferQueueProducer( 244): [FrameBufferSurface_0](this:0x7f941d2000,id:0,api:
1,p:244,c:244) queueBuffer: fps=3.65 dur=3283.38 max=2973.80 min=15.87
D/ActivityThread( 1981): SVC-Calling onStartCommand: com.google.android.gms.phen
otype.service.PhenotypeIntentService@2ba1f4f4, flags=0, startId=1
D/SQLiteDatabase( 1981): beginTransaction()
D/SQLiteDatabase( 1981): endTransaction()
D/Surface ( 244): Surface::setBuffersDimensions(this=0x7f94254e00,w=720,h=1280)
E/DropboxRealtime( 1570): null InputStream
E/DropboxRealtime( 1570): java.io.IOException: null InputStream
E/DropboxRealtime( 1570):
at xjr.a(:com.google.android.gms:187)
E/DropboxRealtime( 1570):
at xjr.b(:com.google.android.gms:131)
E/DropboxRealtime( 1570):
at xiw.a(:com.google.android.gms:88)
E/DropboxRealtime( 1570):
at com.google.android.gms.stats.service.DropBoxE
ntryAddedChimeraService.onHandleIntent(:com.google.android.gms:1180)
E/DropboxRealtime( 1570):
at bhe.handleMessage(:com.google.android.gms:65)
E/DropboxRealtime( 1570):
at android.os.Handler.dispatchMessage(Handler.ja
va:111)
E/DropboxRealtime( 1570):
at android.os.Looper.loop(Looper.java:194)
E/DropboxRealtime( 1570):
at android.os.HandlerThread.run(HandlerThread.ja
va:61)
V/SettingsInterface( 781): from settings cache , name = dropbox:platform_stats
_bookmark , value = null
V/SettingsInterface( 781): from settings cache , name = dropbox_age_seconds ,
value = null
V/SettingsInterface( 781): from settings cache , name = dropbox_max_files , va
lue = null
D/Surface ( 244): Surface::setBuffersDimensions(this=0x7f94254e00,w=720,h=1280)
D/Surface ( 244): Surface::setBuffersDimensions(this=0x7f94254e00,w=720,h=1280)
D/Surface ( 244): Surface::setBuffersDimensions(this=0x7f94254e00,w=720,h=1280)
D/Surface ( 244): Surface::setBuffersDimensions(this=0x7f94254e00,w=720,h=1280)
D/Surface ( 244): Surface::setBuffersDimensions(this=0x7f94254e00,w=720,h=1280)
I/art
( 781): Background partial concurrent mark sweep GC freed 16494(780KB
) AllocSpace objects, 6(828KB) LOS objects, 10% free, 34MB/38MB, paused 2.654ms
total 236.454ms
D/OpenGLRenderer( 781): Flushing caches (mode 0)
D/OpenGLRenderer( 781): Flushing caches (mode 0)
D/Surface ( 244): Surface::setBuffersDimensions(this=0x7f94254e00,w=720,h=1280)
V/uitechnoService( 781): UitechnoService.SystemProperties_set() start
V/uitechnoService( 781): key == ctl.start
V/uitechnoService( 781): value == normalspeed
V/uitechnoService( 781): UitechnoService.SystemProperties_set() end
D/Surface ( 244): Surface::setBuffersDimensions(this=0x7f94254e00,w=720,h=1280)
D/Surface ( 244): Surface::setBuffersDimensions(this=0x7f94254e00,w=720,h=1280)
D/Surface ( 244): Surface::setBuffersDimensions(this=0x7f94254e00,w=720,h=1280)

V/WallpaperService( 1076): Visibility change in com.android.systemui.ImageWallpa


per$DrawableEngine@75fc902: 0
V/WallpaperService( 1076): onVisibilityChanged(false): com.android.systemui.Imag
eWallpaper$DrawableEngine@75fc902
D/Surface ( 244): Surface::setBuffersDimensions(this=0x7f94254e00,w=720,h=1280)
D/FeatureProxyBase( 781): FeatureProxyBase class constructor
D/FeatureProxyBase( 781): getService(), serviceName = multiwindow_service_v1
D/Surface ( 244): Surface::setBuffersDimensions(this=0x7f94254e00,w=720,h=1280)
D/FeatureProxyBase( 781): FeatureProxyBase class constructor
D/FeatureProxyBase( 781): getService(), serviceName = multiwindow_service_v1
D/FeatureProxyBase( 781): FeatureProxyBase class constructor
D/FeatureProxyBase( 781): getService(), serviceName = multiwindow_service_v1
D/LockPatternUtils( 781): s=true ,L=true ,q=true ,v=false
D/LockPatternUtils( 781): s=true ,L=true ,q=true ,v=false
D/FeatureProxyBase( 781): FeatureProxyBase class constructor
D/FeatureProxyBase( 781): getService(), serviceName = multiwindow_service_v1
I/BufferQueueConsumer( 244): [com.yulong.android.launcher3/com.yulong.android.l
auncher3.Launcher](this:0x7f94344000,id:96,api:1,p:-1,c:-1) disconnect(C)
D/GraphicBuffer( 244): free, handle(0x7f8d341560) (w:720 h:1280 s:720 f:0x1 u:0
x000b00)
I/BufferQueue( 244): [com.yulong.android.launcher3/com.yulong.android.launcher3
.Launcher](this:0x7f94344000,id:96,api:1,p:-1,c:-1) ~BufferQueueCore
D/Surface ( 244): Surface::setBuffersDimensions(this=0x7f94254e00,w=720,h=1280)
D/Surface ( 244): Surface::setBuffersDimensions(this=0x7f94254e00,w=720,h=1280)
D/Surface ( 244): Surface::setBuffersDimensions(this=0x7f94254e00,w=720,h=1280)
I/art
( 1570): Explicit concurrent mark sweep GC freed 19351(1205KB) AllocSp
ace objects, 10(200KB) LOS objects, 13% free, 25MB/29MB, paused 2.366ms total 16
9.729ms
D/ActivityThread( 1570): SVC-Calling onStartCommand: com.google.android.gms.stat
s.service.DropBoxEntryAddedService@30acb3fc, flags=0, startId=1
V/SettingsInterface( 1495): from settings cache , name = multi_sim_voice_call ,
value = null
D/ActivityThread( 1981): SVC-Calling onStartCommand: com.google.android.gms.phen
otype.service.PhenotypeIntentService@2ba1f4f4, flags=0, startId=2
D/SQLiteDatabase( 1981): beginTransaction()
D/SQLiteDatabase( 1981): endTransaction()
I/libPerfService( 781): 1: set: 3
D/InputReader( 781): InputReader:: getSwitchState lock
D/InputReader( 781): InputReader::getStateLocked:: return
D/LockPatternUtils( 781): s=true ,L=true ,q=true ,v=false
D/LockPatternUtils( 781): s=true ,L=true ,q=true ,v=false
D/FeatureProxyBase( 781): FeatureProxyBase class constructor
D/FeatureProxyBase( 781): getService(), serviceName = multiwindow_service_v1
D/FingerprintLock ControlLogicThread( 3474): RESUME_ACTIVITY start
D/FingerprintLock ControlLogicThread( 3474): RESUME_ACTIVITY action = com.yulong
.android.activity.resume.changed
D/FingerprintLock ControlLogicThread( 3474): mResumePackage is: com.yulong.andro
id.launcher3
D/FingerprintLock ControlLogicThread( 3474): mResumeActivity is: com.yulong.andr
oid.launcher3.Launcher
D/FingerprintLock ControlLogicThread( 3474): mLaunchedFromPackage is: null
D/FingerprintLock ControlLogicThread( 3474): currentPkg is:com.yulong.android.la
uncher3
D/FingerprintLock ControlLogicThread( 3474): RESUME_ACTIVITY currentPkg is launc
her or systemUI
D/OpenGLRenderer( 1513): Flushing caches (mode 0)
D/OpenGLRenderer( 1513): Flushing caches (mode 0)
D/FeatureProxyBase( 781): FeatureProxyBase class constructor
D/FeatureProxyBase( 781): getService(), serviceName = multiwindow_service_v1
D/FeatureProxyBase( 781): FeatureProxyBase class constructor

D/FeatureProxyBase( 781): getService(), serviceName = multiwindow_service_v1


D/FeatureProxyBase( 781): FeatureProxyBase class constructor
D/FeatureProxyBase( 781): getService(), serviceName = multiwindow_service_v1
D/LockPatternUtils( 781): s=true ,L=true ,q=true ,v=false
D/LockPatternUtils( 781): s=true ,L=true ,q=true ,v=false
D/FeatureProxyBase( 781): FeatureProxyBase class constructor
D/FeatureProxyBase( 781): getService(), serviceName = multiwindow_service_v1
V/uitechno.launcher( 1513): C://YLLock.unLock() start
V/uitechno.launcher( 1513): C://mLockCount == 0
V/uitechno.launcher( 1513): C://YLLock.unLock() end
V/uitechno.launcher( 1513): C://YLLock.lock() start
V/uitechno.launcher( 1513): C://mLockCount == 1
V/uitechno.launcher( 1513): C://YLLock.lock() end
V/uitechnoService( 781): UitechnoService.SystemProperties_set() start
V/uitechnoService( 781): key == ctl.start
V/uitechnoService( 781): value == fullspeed
V/uitechnoService( 781): UitechnoService.SystemProperties_set() end
D/FeatureProxyBase( 1513): FeatureProxyBase class constructor
D/FeatureProxyBase( 1513): getService(), serviceName = multiwindow_service_v1
V/PhoneWindow( 1513): DecorView setVisiblity: visibility = 0 ,Parent =ViewRoot{4
90257b com.yulong.android.launcher3/com.yulong.android.launcher3.Launcher,ident
= 0}, this =com.android.internal.policy.impl.PhoneWindow$DecorView{e894d3f V.E..
... R.....ID 0,0-720,1280}
I/BufferQueue( 244): [unnamed-244-99](this:0x7f94344000,id:99,api:0,p:-1,c:-1)
BufferQueue core=(244:/system/bin/surfaceflinger)
I/BufferQueueConsumer( 244): [unnamed-244-99](this:0x7f94344000,id:99,api:0,p:1,c:244) connect(C): consumer=(244:/system/bin/surfaceflinger) controlledByApp=f
alse
I/BufferQueueConsumer( 244): [unnamed-244-99](this:0x7f94344000,id:99,api:0,p:1,c:244) setConsumerName: unnamed-244-99
I/BufferQueueConsumer( 244): [com.yulong.android.launcher3/com.yulong.android.l
auncher3.Launcher](this:0x7f94344000,id:99,api:0,p:-1,c:244) setConsumerName: co
m.yulong.android.launcher3/com.yulong.android.launcher3.Launcher
I/BufferQueueConsumer( 244): [com.yulong.android.launcher3/com.yulong.android.l
auncher3.Launcher](this:0x7f94344000,id:99,api:0,p:-1,c:244) setDefaultBufferSiz
e: width=720 height=1280
D/FeatureProxyBase( 781): FeatureProxyBase class constructor
D/FeatureProxyBase( 781): getService(), serviceName = multiwindow_service_v1
D/FeatureProxyBase( 781): FeatureProxyBase class constructor
D/FeatureProxyBase( 781): getService(), serviceName = multiwindow_service_v1
D/FeatureProxyBase( 781): FeatureProxyBase class constructor
D/FeatureProxyBase( 781): getService(), serviceName = multiwindow_service_v1
D/LockPatternUtils( 781): s=true ,L=true ,q=true ,v=false
D/LockPatternUtils( 781): s=true ,L=true ,q=true ,v=false
D/FeatureProxyBase( 781): FeatureProxyBase class constructor
D/FeatureProxyBase( 781): getService(), serviceName = multiwindow_service_v1
D/OpenGLRenderer( 1513): CanvasContext() 0x7f7d01e540 initialize 0x7f84237610
D/Surface ( 1513): Surface::connect(this=0x7f84237600,api=1)
I/BufferQueueProducer( 244): [com.yulong.android.launcher3/com.yulong.android.l
auncher3.Launcher](this:0x7f94344000,id:99,api:1,p:1513,c:244) connect(P): api=1
producer=(1513:com.yulong.android.launcher3) producerControlledByApp=true
W/uitechno.launcher( 1513): Launcher.DragLayer://width = 720 height = 1280 paddi
ngLeft =0 paddingRight =0
V/uitechno.launcher( 1513): C://DragLayer, onLayout, min=720, max=1280
D/mali_winsys( 1513): new_window_surface returns 0x3000
W/uitechno.launcher( 1513): Launcher.DragLayer://width = 720 height = 1280 paddi
ngLeft =0 paddingRight =0
D/Surface ( 1513): Surface::allocateBuffers(this=0x7f84237600)
D/BufferQueueProducer( 244): [com.yulong.android.launcher3/com.yulong.android.l
auncher3.Launcher](this:0x7f94344000,id:99,api:1,p:1513,c:244) allocateBuffers:

allocating from 0 buffers up to 3 buffers


I/[MALI][Gralloc]( 244): Usage: 0xb00, format: 0x1 stride: 720 vertical_stride:
1280 size: 3686400
V/uitechno.launcher( 1513): C://mSendLauncherState == show == true desktopShow =
= true busy == false rawBusy == false widgetIdSet == []
D/GraphicBuffer( 244): alloc, handle(0x7f93812b60) (w:720 h:1280 s:720 f:0x1 u:
0x000b00) err(0)
I/[MALI][Gralloc]( 244): Usage: 0xb00, format: 0x1 stride: 720 vertical_stride:
1280 size: 3686400
D/GraphicBuffer( 244): alloc, handle(0x7f93812ca0) (w:720 h:1280 s:720 f:0x1 u:
0x000b00) err(0)
I/[MALI][Gralloc]( 244): Usage: 0xb00, format: 0x1 stride: 720 vertical_stride:
1280 size: 3686400
V/uitechno.launcher( 1513): TaskManager://setTaskDispatchEnable start
V/uitechno.launcher( 1513): TaskManager://taskEnable == true
V/uitechno.launcher( 1513): TaskManager://TaskDispatchHandler.setEnable start
V/uitechno.launcher( 1513): TaskManager://enable == true
V/uitechno.launcher( 1513): TaskManager://setTaskDispatchEnable end
D/GraphicBuffer( 244): alloc, handle(0x7f93812f20) (w:720 h:1280 s:720 f:0x1 u:
0x000b00) err(0)
D/BufferQueueProducer( 244): [com.yulong.android.launcher3/com.yulong.android.l
auncher3.Launcher](this:0x7f94344000,id:99,api:1,p:1513,c:244) allocateBuffers:
allocating from 3 buffers up to 3 buffers
D/YLExtraDraws( 1513): drawForeground, mSelected=0
D/YLExtraDraws( 1513): drawForeground, mSelected=0
D/YLExtraDraws( 1513): drawForeground, mSelected=0
D/YLExtraDraws( 1513): drawForeground, mSelected=0
D/YLExtraDraws( 1513): drawForeground, mSelected=0
D/YLExtraDraws( 1513): drawForeground, mSelected=0
D/YLExtraDraws( 1513): drawForeground, mSelected=0
D/YLExtraDraws( 1513): drawForeground, mSelected=0
D/YLExtraDraws( 1513): drawForeground, mSelected=0
D/YLExtraDraws( 1513): drawForeground, mSelected=0
D/YLExtraDraws( 1513): drawForeground, mSelected=0
D/YLExtraDraws( 1513): drawForeground, mSelected=0
D/YLExtraDraws( 1513): drawForeground, mSelected=0
D/YLExtraDraws( 1513): drawForeground, mSelected=0
D/YLExtraDraws( 1513): drawForeground, mSelected=0
D/YLExtraDraws( 1513): drawForeground, mSelected=0
D/YLExtraDraws( 1513): drawForeground, mSelected=0
D/YLExtraDraws( 1513): drawForeground, mSelected=0
D/YLExtraDraws( 1513): drawForeground, mSelected=0
D/YLExtraDraws( 1513): drawForeground, mSelected=0
D/YLExtraDraws( 1513): drawForeground, mSelected=0
D/PerfServiceManager( 781): [PerfService] notifyFrameUpdate - bDuringTouchBoost
:true
D/Surface ( 1513): Surface::setBuffersDimensions(this=0x7f84237600,w=720,h=1280)
D/GraphicBuffer( 1513): register, handle(0x7f6d47d560) (w:720 h:1280 s:720 f:0x1
u:0x000b00)
D/FeatureProxyBase( 781): FeatureProxyBase class constructor
D/FeatureProxyBase( 781): getService(), serviceName = multiwindow_service_v1
V/WallpaperService( 1076): Visibility change in com.android.systemui.ImageWallpa
per$DrawableEngine@75fc902: 1
D/FeatureProxyBase( 781): FeatureProxyBase class constructor
D/FeatureProxyBase( 781): getService(), serviceName = multiwindow_service_v1
V/WallpaperService( 1076): onVisibilityChanged(true): com.android.systemui.Image
Wallpaper$DrawableEngine@75fc902
V/WallpaperService( 1076): Offsets change in com.android.systemui.ImageWallpaper
$DrawableEngine@75fc902: 0.0,0.0
D/LockPatternUtils( 781): s=true ,L=true ,q=true ,v=false

D/LockPatternUtils( 781): s=true ,L=true ,q=true ,v=false


D/FeatureProxyBase( 781): FeatureProxyBase class constructor
D/FeatureProxyBase( 781): getService(), serviceName = multiwindow_service_v1
D/FeatureProxyBase( 781): FeatureProxyBase class constructor
D/FeatureProxyBase( 781): getService(), serviceName = multiwindow_service_v1
D/FeatureProxyBase( 781): FeatureProxyBase class constructor
D/FeatureProxyBase( 781): getService(), serviceName = multiwindow_service_v1
D/FeatureProxyBase( 781): FeatureProxyBase class constructor
D/FeatureProxyBase( 781): getService(), serviceName = multiwindow_service_v1
D/FeatureProxyBase( 781): FeatureProxyBase class constructor
D/FeatureProxyBase( 781): getService(), serviceName = multiwindow_service_v1
D/FeatureProxyBase( 781): FeatureProxyBase class constructor
D/FeatureProxyBase( 781): getService(), serviceName = multiwindow_service_v1
V/WindowManager( 781): layoutWindowLw(com.yulong.android.launcher3/com.yulong.a
ndroid.launcher3.Launcher): IN_SCREEN, INSET_DECOR, sim = #20
D/LockPatternUtils( 781): s=true ,L=true ,q=true ,v=false
D/LockPatternUtils( 781): s=true ,L=true ,q=true ,v=false
D/FeatureProxyBase( 781): FeatureProxyBase class constructor
D/PhoneStatusBar( 1076): setSystemUiVisibility vis=40000000 mask=ffffffff oldVal
=8000 newVal=40000000 diff=40008000
D/FeatureProxyBase( 781): getService(), serviceName = multiwindow_service_v1
D/PhoneStatusBar( 1076): hiding the MENU button
D/FeatureProxyBase( 781): FeatureProxyBase class constructor
D/FeatureProxyBase( 781): getService(), serviceName = multiwindow_service_v1
V/WindowManager( 781): layoutWindowLw(com.yulong.android.launcher3/com.yulong.a
ndroid.launcher3.Launcher): IN_SCREEN, INSET_DECOR, sim = #20
D/LockPatternUtils( 781): s=true ,L=true ,q=true ,v=false
D/LockPatternUtils( 781): s=true ,L=true ,q=true ,v=false
D/FeatureProxyBase( 781): FeatureProxyBase class constructor
D/FeatureProxyBase( 781): getService(), serviceName = multiwindow_service_v1
D/LockPatternUtils( 781): s=true ,L=true ,q=true ,v=false
D/LockPatternUtils( 781): s=true ,L=true ,q=true ,v=false
D/FeatureProxyBase( 781): FeatureProxyBase class constructor
D/FeatureProxyBase( 781): getService(), serviceName = multiwindow_service_v1
D/FeatureProxyBase( 781): FeatureProxyBase class constructor
D/FeatureProxyBase( 781): getService(), serviceName = multiwindow_service_v1
D/FeatureProxyBase( 781): FeatureProxyBase class constructor
D/FeatureProxyBase( 781): getService(), serviceName = multiwindow_service_v1
D/FeatureProxyBase( 781): FeatureProxyBase class constructor
D/FeatureProxyBase( 781): getService(), serviceName = multiwindow_service_v1
V/WindowManager( 781): layoutWindowLw(com.yulong.android.launcher3/com.yulong.a
ndroid.launcher3.Launcher): IN_SCREEN, INSET_DECOR, sim = #20
D/LockPatternUtils( 781): s=true ,L=true ,q=true ,v=false
D/LockPatternUtils( 781): s=true ,L=true ,q=true ,v=false
D/FeatureProxyBase( 781): FeatureProxyBase class constructor
D/FeatureProxyBase( 781): getService(), serviceName = multiwindow_service_v1
D/PerfServiceManager( 781): [PerfService] notifyFrameUpdate - bDuringTouchBoost
:true
D/Surface ( 1076): Surface::setBuffersDimensions(this=0x7f84235a00,w=720,h=50)
D/FeatureProxyBase( 781): FeatureProxyBase class constructor
D/FeatureProxyBase( 781): getService(), serviceName = multiwindow_service_v1
D/FeatureProxyBase( 781): FeatureProxyBase class constructor
D/FeatureProxyBase( 781): getService(), serviceName = multiwindow_service_v1
V/WindowManager( 781): layoutWindowLw(com.yulong.android.launcher3/com.yulong.a
ndroid.launcher3.Launcher): IN_SCREEN, INSET_DECOR, sim = #20
D/LockPatternUtils( 781): s=true ,L=true ,q=true ,v=false
D/LockPatternUtils( 781): s=true ,L=true ,q=true ,v=false
D/FeatureProxyBase( 781): FeatureProxyBase class constructor
D/FeatureProxyBase( 781): getService(), serviceName = multiwindow_service_v1
V/uitechno.launcher( 1513): C://YLLock.unLock() start

V/uitechno.launcher( 1513): C://mLockCount == 0


V/uitechno.launcher( 1513): C://YLLock.unLock() end
D/Surface ( 244): Surface::setBuffersDimensions(this=0x7f94254e00,w=720,h=1280)
D/Surface ( 1076): Surface::setBuffersDimensions(this=0x7f84235a00,w=720,h=50)
D/Surface ( 244): Surface::setBuffersDimensions(this=0x7f94254e00,w=720,h=1280)
D/Surface ( 1076): Surface::setBuffersDimensions(this=0x7f84235a00,w=720,h=50)
D/Surface ( 244): Surface::setBuffersDimensions(this=0x7f94254e00,w=720,h=1280)
D/Surface ( 1076): Surface::setBuffersDimensions(this=0x7f84235a00,w=720,h=50)
D/Surface ( 244): Surface::setBuffersDimensions(this=0x7f94254e00,w=720,h=1280)
D/Surface ( 1076): Surface::setBuffersDimensions(this=0x7f84235a00,w=720,h=50)
D/Surface ( 244): Surface::setBuffersDimensions(this=0x7f94254e00,w=720,h=1280)
D/Surface ( 1076): Surface::setBuffersDimensions(this=0x7f84235a00,w=720,h=50)
D/Surface ( 244): Surface::setBuffersDimensions(this=0x7f94254e00,w=720,h=1280)
D/Surface ( 1076): Surface::setBuffersDimensions(this=0x7f84235a00,w=720,h=50)
D/Surface ( 244): Surface::setBuffersDimensions(this=0x7f94254e00,w=720,h=1280)
D/Surface ( 1076): Surface::setBuffersDimensions(this=0x7f84235a00,w=720,h=50)
D/Surface ( 244): Surface::setBuffersDimensions(this=0x7f94254e00,w=720,h=1280)
D/Surface ( 1076): Surface::setBuffersDimensions(this=0x7f84235a00,w=720,h=50)
D/Surface ( 244): Surface::setBuffersDimensions(this=0x7f94254e00,w=720,h=1280)
D/Surface ( 1076): Surface::setBuffersDimensions(this=0x7f84235a00,w=720,h=50)
D/Surface ( 244): Surface::setBuffersDimensions(this=0x7f94254e00,w=720,h=1280)
D/Surface ( 1076): Surface::setBuffersDimensions(this=0x7f84235a00,w=720,h=50)
D/Surface ( 244): Surface::setBuffersDimensions(this=0x7f94254e00,w=720,h=1280)
D/Surface ( 1076): Surface::setBuffersDimensions(this=0x7f84235a00,w=720,h=50)
D/PerfServiceManager( 781): [PerfService] MESSAGE_TIMER_SCN_APP_SWITCH
I/libPerfService( 781): 1: set: 3
I/libPerfService( 781): 1: set max: 4
I/libPerfService( 781): 1: set freq: 819000
I/libPerfService( 781): 1: set freq max: 0
I/SurfaceFlinger( 244): [Built-in Screen (type:0)] fps:55.193298,dur:1014.62,ma
x:66.27,min:8.12
D/Surface ( 244): Surface::setBuffersDimensions(this=0x7f94254e00,w=720,h=1280)
D/Surface ( 1076): Surface::setBuffersDimensions(this=0x7f84235a00,w=720,h=50)
D/Surface ( 244): Surface::setBuffersDimensions(this=0x7f94254e00,w=720,h=1280)
D/Surface ( 244): Surface::setBuffersDimensions(this=0x7f94254e00,w=720,h=1280)
D/FeatureProxyBase( 781): FeatureProxyBase class constructor
D/FeatureProxyBase( 781): getService(), serviceName = multiwindow_service_v1
D/FeatureProxyBase( 781): FeatureProxyBase class constructor
D/FeatureProxyBase( 781): getService(), serviceName = multiwindow_service_v1
V/WindowManager( 781): layoutWindowLw(com.yulong.android.launcher3/com.yulong.a
ndroid.launcher3.Launcher): IN_SCREEN, INSET_DECOR, sim = #20
D/LockPatternUtils( 781): s=true ,L=true ,q=true ,v=false
D/LockPatternUtils( 781): s=true ,L=true ,q=true ,v=false
D/FeatureProxyBase( 781): FeatureProxyBase class constructor
D/FeatureProxyBase( 781): getService(), serviceName = multiwindow_service_v1
D/FeatureProxyBase( 781): FeatureProxyBase class constructor
D/FeatureProxyBase( 781): getService(), serviceName = multiwindow_service_v1
D/FeatureProxyBase( 781): FeatureProxyBase class constructor
D/FeatureProxyBase( 781): getService(), serviceName = multiwindow_service_v1
V/WindowManager( 781): layoutWindowLw(com.yulong.android.launcher3/com.yulong.a
ndroid.launcher3.Launcher): IN_SCREEN, INSET_DECOR, sim = #20
D/LockPatternUtils( 781): s=true ,L=true ,q=true ,v=false
D/LockPatternUtils( 781): s=true ,L=true ,q=true ,v=false
D/FeatureProxyBase( 781): FeatureProxyBase class constructor
D/FeatureProxyBase( 781): getService(), serviceName = multiwindow_service_v1
D/FeatureProxyBase( 781): FeatureProxyBase class constructor
D/FeatureProxyBase( 781): getService(), serviceName = multiwindow_service_v1
D/FeatureProxyBase( 781): FeatureProxyBase class constructor
D/FeatureProxyBase( 781): getService(), serviceName = multiwindow_service_v1
V/WindowManager( 781): layoutWindowLw(com.yulong.android.launcher3/com.yulong.a

ndroid.launcher3.Launcher): IN_SCREEN, INSET_DECOR, sim = #20


D/LockPatternUtils( 781): s=true ,L=true ,q=true ,v=false
D/LockPatternUtils( 781): s=true ,L=true ,q=true ,v=false
D/FeatureProxyBase( 781): FeatureProxyBase class constructor
D/FeatureProxyBase( 781): getService(), serviceName = multiwindow_service_v1
D/Surface ( 244): Surface::setBuffersDimensions(this=0x7f94254e00,w=720,h=1280)
D/Surface ( 244): Surface::setBuffersDimensions(this=0x7f94254e00,w=720,h=1280)
D/Surface ( 244): Surface::setBuffersDimensions(this=0x7f94254e00,w=720,h=1280)
D/Surface ( 244): Surface::setBuffersDimensions(this=0x7f94254e00,w=720,h=1280)
D/Surface ( 244): Surface::setBuffersDimensions(this=0x7f94254e00,w=720,h=1280)
D/Surface ( 244): Surface::setBuffersDimensions(this=0x7f94254e00,w=720,h=1280)
D/Surface ( 244): Surface::setBuffersDimensions(this=0x7f94254e00,w=720,h=1280)
D/Surface ( 244): Surface::setBuffersDimensions(this=0x7f94254e00,w=720,h=1280)
D/Surface ( 244): Surface::setBuffersDimensions(this=0x7f94254e00,w=720,h=1280)
D/Surface ( 244): Surface::setBuffersDimensions(this=0x7f94254e00,w=720,h=1280)
D/PerfServiceManager( 781): [PerfService] notifyFrameUpdate - bDuringTouchBoost
:true
D/Surface ( 781): Surface::setBuffersDimensions(this=0x7f7d0a7e00,w=720,h=288)
D/GraphicBuffer( 781): register, handle(0x7f634fe480) (w:720 h:288 s:720 f:0x1
u:0x000b00)
D/FeatureProxyBase( 781): FeatureProxyBase class constructor
D/Surface ( 244): Surface::setBuffersDimensions(this=0x7f94254e00,w=720,h=1280)
D/FeatureProxyBase( 781): getService(), serviceName = multiwindow_service_v1
D/FeatureProxyBase( 781): FeatureProxyBase class constructor
D/FeatureProxyBase( 781): getService(), serviceName = multiwindow_service_v1
V/WindowManager( 781): layoutWindowLw(com.yulong.android.launcher3/com.yulong.a
ndroid.launcher3.Launcher): IN_SCREEN, INSET_DECOR, sim = #20
D/LockPatternUtils( 781): s=true ,L=true ,q=true ,v=false
D/LockPatternUtils( 781): s=true ,L=true ,q=true ,v=false
D/Surface ( 781): Surface::disconnect(this=0x7f7d0a0e00,api=2)
I/BufferQueueProducer( 244): [Starting com.example.sampleapp](this:0x7f9430d000
,id:97,api:2,p:-1,c:244) disconnect(P): api 2
I/BufferQueueConsumer( 244): [Starting com.example.sampleapp](this:0x7f9430d000
,id:97,api:2,p:-1,c:244) getReleasedBuffers: returning mask 0xffffffffffffffff
D/GraphicBuffer( 781): unregister, handle(0x7f6cce87a0) (w:720 h:1280 s:720 f:0
x1 u:0x000933)
D/FeatureProxyBase( 781): FeatureProxyBase class constructor
D/FeatureProxyBase( 781): getService(), serviceName = multiwindow_service_v1
D/FeatureProxyBase( 781): FeatureProxyBase class constructor
D/FeatureProxyBase( 781): getService(), serviceName = multiwindow_service_v1
D/FeatureProxyBase( 781): FeatureProxyBase class constructor
D/FeatureProxyBase( 781): getService(), serviceName = multiwindow_service_v1
V/WindowManager( 781): layoutWindowLw(com.yulong.android.launcher3/com.yulong.a
ndroid.launcher3.Launcher): IN_SCREEN, INSET_DECOR, sim = #20
D/LockPatternUtils( 781): s=true ,L=true ,q=true ,v=false
D/LockPatternUtils( 781): s=true ,L=true ,q=true ,v=false
D/FeatureProxyBase( 781): FeatureProxyBase class constructor
D/FeatureProxyBase( 781): getService(), serviceName = multiwindow_service_v1
I/BufferQueueConsumer( 244): [Starting com.example.sampleapp](this:0x7f9430d000
,id:97,api:2,p:-1,c:-1) disconnect(C)
I/BufferQueue( 244): [Starting com.example.sampleapp](this:0x7f9430d000,id:97,a
pi:2,p:-1,c:-1) ~BufferQueueCore
D/GraphicBuffer( 244): free, handle(0x7f93813100) (w:720 h:1280 s:720 f:0x1 u:0
x000933)
D/PerfServiceManager( 781): [PerfService] notifyFrameUpdate - bDuringTouchBoost
:true
D/Surface ( 244): Surface::setBuffersDimensions(this=0x7f94254e00,w=720,h=1280)
D/Surface ( 1513): Surface::setBuffersDimensions(this=0x7f84237600,w=720,h=1280)
D/GraphicBuffer( 1513): register, handle(0x7f6d551a60) (w:720 h:1280 s:720 f:0x1
u:0x000b00)

D/Surface ( 244): Surface::setBuffersDimensions(this=0x7f94254e00,w=720,h=1280)


V/SettingsInterface( 1495): from settings cache , name = pdp_watchdog_poll_inte
rval_ms , value = null
D/Surface ( 781): Surface::setBuffersDimensions(this=0x7f7d0a7e00,w=720,h=288)
D/GraphicBuffer( 781): register, handle(0x7f6cd0d340) (w:720 h:288 s:720 f:0x1
u:0x000b00)
I/BufferQueueProducer( 244): [Application Error: com.example.sampleapp](this:0x
7f9433f000,id:98,api:1,p:781,c:244) queueBuffer: fps=1.73 dur=1153.25 max=922.82
min=230.43
D/Surface ( 244): Surface::setBuffersDimensions(this=0x7f94254e00,w=720,h=1280)
D/Surface ( 781): Surface::setBuffersDimensions(this=0x7f7d0a7e00,w=720,h=288)
I/BufferQueueProducer( 244): [FrameBufferSurface_0](this:0x7f941d2000,id:0,api:
1,p:244,c:244) queueBuffer: fps=38.43 dur=1118.78 max=218.09 min=15.08
D/Surface ( 244): Surface::setBuffersDimensions(this=0x7f94254e00,w=720,h=1280)
D/Surface ( 781): Surface::setBuffersDimensions(this=0x7f7d0a7e00,w=720,h=288)
D/Surface ( 244): Surface::setBuffersDimensions(this=0x7f94254e00,w=720,h=1280)
D/Surface ( 781): Surface::setBuffersDimensions(this=0x7f7d0a7e00,w=720,h=288)
D/Surface ( 244): Surface::setBuffersDimensions(this=0x7f94254e00,w=720,h=1280)
D/Surface ( 781): Surface::setBuffersDimensions(this=0x7f7d0a7e00,w=720,h=288)
D/Surface ( 244): Surface::setBuffersDimensions(this=0x7f94254e00,w=720,h=1280)
D/Surface ( 781): Surface::setBuffersDimensions(this=0x7f7d0a7e00,w=720,h=288)
D/Surface ( 244): Surface::setBuffersDimensions(this=0x7f94254e00,w=720,h=1280)
D/Surface ( 781): Surface::setBuffersDimensions(this=0x7f7d0a7e00,w=720,h=288)
D/Surface ( 244): Surface::setBuffersDimensions(this=0x7f94254e00,w=720,h=1280)
D/Surface ( 781): Surface::setBuffersDimensions(this=0x7f7d0a7e00,w=720,h=288)
D/Surface ( 244): Surface::setBuffersDimensions(this=0x7f94254e00,w=720,h=1280)
D/Surface ( 781): Surface::setBuffersDimensions(this=0x7f7d0a7e00,w=720,h=288)
D/Surface ( 244): Surface::setBuffersDimensions(this=0x7f94254e00,w=720,h=1280)
D/Surface ( 781): Surface::setBuffersDimensions(this=0x7f7d0a7e00,w=720,h=288)
D/Surface ( 244): Surface::setBuffersDimensions(this=0x7f94254e00,w=720,h=1280)
D/Surface ( 781): Surface::setBuffersDimensions(this=0x7f7d0a7e00,w=720,h=288)
D/Surface ( 244): Surface::setBuffersDimensions(this=0x7f94254e00,w=720,h=1280)
D/PerfServiceManager( 781): [PerfService] notifyFrameUpdate - bDuringTouchBoost
:true
D/Surface ( 781): Surface::setBuffersDimensions(this=0x7f7d0a7e00,w=720,h=288)
D/Surface ( 244): Surface::setBuffersDimensions(this=0x7f94254e00,w=720,h=1280)
D/Surface ( 781): Surface::setBuffersDimensions(this=0x7f7d0a7e00,w=720,h=288)
D/Surface ( 244): Surface::setBuffersDimensions(this=0x7f94254e00,w=720,h=1280)
D/Surface ( 781): Surface::setBuffersDimensions(this=0x7f7d0a7e00,w=720,h=288)
D/Surface ( 244): Surface::setBuffersDimensions(this=0x7f94254e00,w=720,h=1280)
D/Surface ( 781): Surface::setBuffersDimensions(this=0x7f7d0a7e00,w=720,h=288)
D/Surface ( 244): Surface::setBuffersDimensions(this=0x7f94254e00,w=720,h=1280)
D/Surface ( 781): Surface::setBuffersDimensions(this=0x7f7d0a7e00,w=720,h=288)
D/Surface ( 244): Surface::setBuffersDimensions(this=0x7f94254e00,w=720,h=1280)
V/SettingsInterface( 1495): from settings cache , name = multi_sim_data_call ,
value = 1
V/SettingsInterface( 1495): from settings cache , name = multi_sim_data_call ,
value = 1
V/SettingsInterface( 1495): from settings cache , name = location_providers_all
owed , value = network,gps
V/SettingsInterface( 1495): from settings cache , name = location_providers_all
owed , value = network,gps
V/SettingsInterface( 1495): from settings cache , name = location_providers_all
owed , value = network,gps
V/SettingsInterface( 1495): from settings cache , name = location_providers_all
owed , value = network,gps
V/SettingsInterface( 1495): from settings cache , name = multi_sim_voice_call ,
value = null
D/PhoneInterfaceManager( 1495): [PhoneIntfMgr] getDataNetworkType=2
V/SettingsInterface( 1495): from settings cache , name = multi_sim_voice_call ,

value = null
D/PhoneInterfaceManager( 1495): [PhoneIntfMgr] getDataNetworkType=2
D/SQLiteDatabase( 2295): beginTransaction()
D/SQLiteDatabase( 2295): endTransaction()
D/PerfServiceManager( 781): [PerfService] MESSAGE_TIMER_SCN_SW_FRAME_UPDATE
D/PerfServiceManager( 781): [PerfService] set utilization:0.8
I/libPerfService( 781): 7: set: 1
I/libPerfService( 781): 7: set max: 4
I/libPerfService( 781): 7: set freq: 0
I/libPerfService( 781): 7: set freq max: 0
W/ADB_SERVICES( 2882): create_local_service_socket() name=shell:export ANDROID_L
OG_TAGS="" ; exec logcat -d com.example.sampleapp:V
W/ADB_SERVICES( 2882): service_to_fd() name=shell:export ANDROID_LOG_TAGS="" ; e
xec logcat -d com.example.sampleapp:V
W/ADB_SERVICES( 2882): read_meminfo() mem_free=754688
W/ADB_SERVICES( 2882): create_subproc ret_fd=23 pid=10762
W/ADB_SERVICES( 2882): LS(40): bound to 'shell:export ANDROID_LOG_TAGS="" ; exec
logcat -d com.example.sampleapp:V' via 23
W/ADB_SERVICES(10762): adb: unable to update oom_score_adj
V/SettingsInterface( 1495): from settings cache , name = pdp_watchdog_poll_inte
rval_ms , value = null
D/ADB_SERVICES( 2882): adb fdevent_process list (20) (13) (21) (6) (22) (23)
D/ADB_SERVICES( 2882): adb local_socket_ready list (20) (21) (22) (23)
D/ADB_SERVICES( 2882): adb socket read list (20) (21) (22) (23)
D/ADB_SERVICES( 2882): read_data=4112528
D/ADB_SERVICES( 2882): max_read_time=0.004027 max_send_time=0.000394
V/SettingsInterface( 1495): from settings cache , name = multi_sim_data_call ,
value = 1
V/SettingsInterface( 1076): from settings cache , name = mobile_data0 , value =
1
V/SettingsInterface( 1495): from settings cache , name = multi_sim_voice_call ,
value = null
V/SettingsInterface( 1076): from settings cache , name = airplane_mode_on , val
ue = 0
V/SettingsInterface( 1495): from settings cache , name = multi_sim_data_call ,
value = 1
V/SettingsInterface( 1495): from settings cache , name = multi_sim_data_call ,
value = 1
D/ADB_SERVICES( 2882): closing because is_eof=1 r=1 s->fde.force_eof=0
W/ADB_SERVICES( 2882): entered. LS(40) fd=23
V/SettingsInterface( 1495): from settings cache , name = pdp_watchdog_poll_inte
rval_ms , value = null
V/SettingsInterface( 1495): from settings cache , name = pdp_watchdog_poll_inte
rval_ms , value = null
V/SettingsInterface( 1495): from settings cache , name = pdp_watchdog_poll_inte
rval_ms , value = null
V/SettingsInterface( 1495): from settings cache , name = pdp_watchdog_poll_inte
rval_ms , value = null
V/SettingsInterface( 1495): from settings cache , name = pdp_watchdog_poll_inte
rval_ms , value = null
D/Launcher.Workspace( 1513): PagedView.onMeasure(): 720, 1280
D/Launcher.Workspace( 1513):
measure-child0: 720, 1030
D/Launcher.Workspace( 1513):
measure-child1: 720, 1030
D/Launcher.Workspace( 1513):
measure-child2: 720, 1030
D/Launcher.Workspace( 1513):
measure-child3: 720, 1030
D/Launcher.Workspace( 1513):
measure-child4: 720, 1030
D/Launcher.Workspace( 1513):
measure-child5: 720, 1030
D/Launcher.Workspace( 1513): getRelativeChildOffset(): 720, 720
D/Launcher.Workspace( 1513): PagedView.onLayout()
D/Launcher.Workspace( 1513):
layout-child0: 0, 50

D/CellLayout( 1513): onLayout, child[0]=(16, 10, 704, 1020)


D/CellLayout( 1513): onLayout, child[1]=(16, 10, 704, 1020)
D/Launcher.Workspace( 1513):
layout-child1: 720, 50
D/CellLayout( 1513): onLayout, child[0]=(16, 10, 704, 1020)
D/CellLayout( 1513): onLayout, child[1]=(16, 10, 704, 1020)
D/Launcher.Workspace( 1513):
layout-child2: 1440, 50
D/CellLayout( 1513): onLayout, child[0]=(16, 10, 704, 1020)
D/CellLayout( 1513): onLayout, child[1]=(16, 10, 704, 1020)
D/Launcher.Workspace( 1513):
layout-child3: 2160, 50
D/CellLayout( 1513): onLayout, child[0]=(16, 10, 704, 1020)
D/CellLayout( 1513): onLayout, child[1]=(16, 10, 704, 1020)
D/Launcher.Workspace( 1513):
layout-child4: 2880, 50
D/CellLayout( 1513): onLayout, child[0]=(16, 10, 704, 1020)
D/CellLayout( 1513): onLayout, child[1]=(16, 10, 704, 1020)
D/Launcher.Workspace( 1513):
layout-child5: 3600, 50
D/CellLayout( 1513): onLayout, child[0]=(16, 10, 704, 1020)
D/CellLayout( 1513): onLayout, child[1]=(16, 10, 704, 1020)
W/uitechno.launcher( 1513): Launcher.DragLayer://width = 720 height = 1280 paddi
ngLeft =0 paddingRight =0
V/uitechno.launcher( 1513): C://DragLayer, onLayout, min=720, max=1280
W/uitechno.launcher( 1513): Launcher.DragLayer://width = 720 height = 1280 paddi
ngLeft =0 paddingRight =0
W/View
( 1513): requestLayout() improperly called by com.yulong.android.launc
her3.PageIndicator{1b8a7d79 V.E..... ......ID 264,1078-456,1110 #7f0d004f app:id
/indicate} during layout: running second layout pass
W/View
( 1513): requestLayout() improperly called by com.yulong.android.launc
her3.ScrollPageIndicator{d0d84ca V.E..... ......ID 112,0-608,72 #7f0d0097 app:id
/page_indicator} during layout: running second layout pass
W/uitechno.launcher( 1513): Launcher.DragLayer://width = 720 height = 1280 paddi
ngLeft =0 paddingRight =0
V/uitechno.launcher( 1513): C://DragLayer, onLayout, min=720, max=1280
W/uitechno.launcher( 1513): Launcher.DragLayer://width = 720 height = 1280 paddi
ngLeft =0 paddingRight =0
D/PerfServiceManager( 781): [PerfService] notifyFrameUpdate - bDuringTouchBoost
:false
D/Surface ( 1513): Surface::setBuffersDimensions(this=0x7f84237600,w=720,h=1280)
D/GraphicBuffer( 1513): register, handle(0x7f6ab70160) (w:720 h:1280 s:720 f:0x1
u:0x000b00)
I/BufferQueueProducer( 244): [com.yulong.android.launcher3/com.yulong.android.l
auncher3.Launcher](this:0x7f94344000,id:99,api:1,p:1513,c:244) queueBuffer: fps=
0.28 dur=7019.38 max=6524.88 min=494.50
D/Surface ( 1513): Surface::setBuffersDimensions(this=0x7f84237600,w=720,h=1280)
D/Surface ( 1513): Surface::setBuffersDimensions(this=0x7f84237600,w=720,h=1280)
D/Surface ( 244): Surface::setBuffersDimensions(this=0x7f94254e00,w=720,h=1280)
I/BufferQueueProducer( 244): [FrameBufferSurface_0](this:0x7f941d2000,id:0,api:
1,p:244,c:244) queueBuffer: fps=2.52 dur=6338.35 max=6088.36 min=16.37
I/SurfaceFlinger( 244): [Built-in Screen (type:0)] fps:4.837515,dur:6821.68,max
:6088.44,min:15.06
D/Surface ( 244): Surface::setBuffersDimensions(this=0x7f94254e00,w=720,h=1280)
D/Surface ( 1513): Surface::setBuffersDimensions(this=0x7f84237600,w=720,h=1280)
D/Surface ( 244): Surface::setBuffersDimensions(this=0x7f94254e00,w=720,h=1280)
D/Surface ( 1513): Surface::setBuffersDimensions(this=0x7f84237600,w=720,h=1280)
D/Surface ( 244): Surface::setBuffersDimensions(this=0x7f94254e00,w=720,h=1280)
D/Surface ( 1513): Surface::setBuffersDimensions(this=0x7f84237600,w=720,h=1280)
D/Surface ( 244): Surface::setBuffersDimensions(this=0x7f94254e00,w=720,h=1280)
D/Surface ( 1513): Surface::setBuffersDimensions(this=0x7f84237600,w=720,h=1280)
D/Surface ( 244): Surface::setBuffersDimensions(this=0x7f94254e00,w=720,h=1280)
D/Surface ( 1513): Surface::setBuffersDimensions(this=0x7f84237600,w=720,h=1280)
D/Surface ( 244): Surface::setBuffersDimensions(this=0x7f94254e00,w=720,h=1280)
D/Surface ( 1513): Surface::setBuffersDimensions(this=0x7f84237600,w=720,h=1280)

D/Surface ( 244): Surface::setBuffersDimensions(this=0x7f94254e00,w=720,h=1280)


D/Surface ( 1513): Surface::setBuffersDimensions(this=0x7f84237600,w=720,h=1280)
D/Surface ( 244): Surface::setBuffersDimensions(this=0x7f94254e00,w=720,h=1280)
D/Surface ( 1513): Surface::setBuffersDimensions(this=0x7f84237600,w=720,h=1280)
D/Surface ( 244): Surface::setBuffersDimensions(this=0x7f94254e00,w=720,h=1280)
D/Surface ( 1513): Surface::setBuffersDimensions(this=0x7f84237600,w=720,h=1280)
D/Surface ( 244): Surface::setBuffersDimensions(this=0x7f94254e00,w=720,h=1280)
D/Surface ( 1513): Surface::setBuffersDimensions(this=0x7f84237600,w=720,h=1280)
D/Surface ( 244): Surface::setBuffersDimensions(this=0x7f94254e00,w=720,h=1280)
D/Surface ( 244): Surface::setBuffersDimensions(this=0x7f94254e00,w=720,h=1280)
V/SettingsInterface( 1495): from settings cache , name = pdp_watchdog_poll_inte
rval_ms , value = null
V/SettingsInterface( 1495): from settings cache , name = multi_sim_data_call ,
value = 1
E/WifiStateMachine( 781): startDelayedScan send -> 125 milli 10000
D/WifiStateMachine( 781): stopReconnectWifi Wfd=false StopScan=false mDontRecon
nectAndScan=false
D/WifiHW ( 781): enter -->wifi_send_command cmd=IFNAME=wlan0 SCAN TYPE=ONLY
D/wpa_supplicant( 1212): wlan0: Control interface command 'SCAN TYPE=ONLY'
D/wpa_supplicant( 1212): hw.num_modes = 2
D/wpa_supplicant( 1212): wlan0: Setting scan request: 0.000000 sec
D/wpa_supplicant( 1212): wlan0: Starting AP scan for wildcard SSID
D/wpa_supplicant( 1212): WPS: Building WPS IE for Probe Request
D/wpa_supplicant( 1212): WPS: * Version (hardcoded 0x10)
D/wpa_supplicant( 1212): WPS: * Request Type
D/wpa_supplicant( 1212): WPS: * Config Methods (4288)
D/wpa_supplicant( 1212): WPS: * UUID-E
D/wpa_supplicant( 1212): WPS: * Primary Device Type
D/wpa_supplicant( 1212): WPS: * RF Bands (1)
D/wpa_supplicant( 1212): WPS: * Association State
D/wpa_supplicant( 1212): WPS: * Configuration Error (0)
D/wpa_supplicant( 1212): WPS: * Device Password ID (0)
D/wpa_supplicant( 1212): WPS: * Manufacturer
D/wpa_supplicant( 1212): WPS: * Model Name
D/wpa_supplicant( 1212): WPS: * Model Number
D/wpa_supplicant( 1212): WPS: * Device Name
D/wpa_supplicant( 1212): WPS: * Version2 (0x20)
D/wpa_supplicant( 1212): P2P: * P2P IE header
D/wpa_supplicant( 1212): P2P: * Capability dev=25 group=00
D/wpa_supplicant( 1212): P2P: * Listen Channel: Regulatory Class 81 Channel 6
D/wpa_supplicant( 1212): wlan0: Add radio work 'scan'@0x7f89c1c380
D/wpa_supplicant( 1212): wlan0: First radio work item in the queue - schedule st
art immediately
D/wpa_supplicant( 1212): wlan0: Starting radio work 'scan'@0x7f89c1c380 after 0.
000123 second wait
D/wpa_supplicant( 1212): wlan0: nl80211: scan request
D/wpa_supplicant( 1212): nl80211: Scan SSID - hexdump(len=0): [NULL]
D/wpa_supplicant( 1212): nl80211: Scan extra IEs - hexdump(len=159): dd 8a 00 50
f2 04 10 4a 00 01 10 10 3a 00 01 00 10 08 00 02 42 88 10 47 00 10 d2 e8 c7 ce 0
d 00 52 ac af 30 c7 55 69 fc 59 34 10 54 00 08 00 0a 00 50 f2 04 00 05 10 3c 00
01 01 10 02 00 02 00 00 10 09 00 02 00 00 10 12 00 02 00 00 10 21 00 07 43 6f 6f
6c 70 61 64 10 23 00 0a 43 50 38 32 39 38 5f 49 30 30 10 24 00 0a 43 50 38 32 3
9 38 5f 49 30 30 10 11 00 0a 43 50 38 32 39 38 5f 49 30 30 10 49 00 06 00 37 2a
00 01 20 dd 11 50 6f 9a 09 02 02 00 25 00 06 05 00 49 4e 04 51 06
D/[BT3.0+HS]PAL( 304): == chip_reset_fd is set ==
D/[BT3.0+HS]PAL( 304):
D/[BT3.0+HS]PAL( 304): invalid reply message
D/[BT3.0+HS]PAL( 304):
D/wpa_supplicant( 1212): Scan requested (ret=0) - scan timeout 30 seconds
D/wpa_supplicant( 1212): nl80211: Event message available

D/wpa_supplicant( 1212): nl80211: Drv Event 33 (NL80211_CMD_TRIGGER_SCAN) receiv


ed for wlan0
D/wpa_supplicant( 1212): wlan0: nl80211: Scan trigger
D/wpa_supplicant( 1212): wlan0: Event SCAN_STARTED (49) received
D/wpa_supplicant( 1212): wlan0: Own scan request started a scan in 0.000260 seco
nds
D/WifiHW ( 781): [1] get event: IFNAME=wlan0 <3>CTRL-EVENT-SCAN-STARTED
D/WifiHW ( 781): [2] get event: IFNAME=wlan0 CTRL-EVENT-SCAN-STARTED
D/WifiMonitor( 781): Event [IFNAME=wlan0 CTRL-EVENT-SCAN-STARTED ]
E/WifiMonitor( 781): handleEvent unknown: 15 CTRL-EVENT-SCAN-STARTED
D/WifiHW ( 781): enter -->wifi_wait_on_socket buflen=2048
D/WifiHW ( 781): enter -->wifi_ctrl_recv
D/wpa_supplicant( 1212): CTRL_IFACE monitor sent successfully to /data/misc/wifi
/sockets/wpa_ctrl_781-2\x00
D/WifiHW ( 781): leave --> reply=OK
D/WifiHW ( 781):
E/WifiStateMachine( 781): [1,476,468,824,329 ms] noteScanstart no scan source u
id -2
V/SettingsInterface( 1495): from settings cache , name = pdp_watchdog_poll_inte
rval_ms , value = null
D/[BT3.0+HS]PAL( 304): == chip_reset_fd is set ==
D/[BT3.0+HS]PAL( 304):
D/[BT3.0+HS]PAL( 304): invalid reply message
D/[BT3.0+HS]PAL( 304):
D/[BT3.0+HS]PAL( 304): == chip_reset_fd is set ==
D/[BT3.0+HS]PAL( 304):
D/[BT3.0+HS]PAL( 304): invalid reply message
D/[BT3.0+HS]PAL( 304):
D/wifi2agps( 289): scan result, found 0 APs
D/agps
( 289): [WIFI2AGPS] wifi2agps_scanned
D/wpa_supplicant( 1212): RTM_NEWLINK: ifi_index=10 ifname=wlan0 wext ifi_family=
0 ifi_flags=0x1003 ([UP])
D/wpa_supplicant( 1212): nl80211: Event message available
D/wpa_supplicant( 1212): nl80211: Drv Event 34 (NL80211_CMD_NEW_SCAN_RESULTS) re
ceived for wlan0
D/wpa_supplicant( 1212): wlan0: nl80211: New scan results available
D/wpa_supplicant( 1212): nl80211: Scan included frequencies: 2412 2417 2422 2427
2432 2437 2442 2447 2452 2457 2462 2467 2472
D/wpa_supplicant( 1212): wlan0: Event SCAN_RESULTS (3) received
D/wpa_supplicant( 1212): wlan0: Scan completed in 0.216387 seconds
D/wpa_supplicant( 1212): nl80211: Received scan results (0 BSSes)
D/wpa_supplicant( 1212): wlan0: BSS: Start scan result update 162
D/wpa_supplicant( 1212): BSS: last_scan_res_used=0/32
D/wpa_supplicant( 1212): wlan0: Scan-only results received
D/wpa_supplicant( 1212): CTRL_IFACE monitor sent successfully to /data/misc/wifi
/sockets/wpa_ctrl_781-2\x00
D/wpa_supplicant( 1212): wlan0: Radio work 'scan'@0x7f89c1c380 done in 0.219741
seconds
I/Netd
( 272): Get netlink event, ifname: wlan0 action: 5
D/agps
( 288): [agps][n][WIFI] wifi_scanned count=162 timestamp=2431234 num
=0
D/WifiHW ( 781): [1] get event: IFNAME=wlan0 <3>CTRL-EVENT-SCAN-RESULTS
D/WifiHW ( 781): [2] get event: IFNAME=wlan0 CTRL-EVENT-SCAN-RESULTS
D/WifiHW ( 781): enter -->wifi_wait_on_socket buflen=2048
D/WifiHW ( 781): enter -->wifi_ctrl_recv
E/WifiStateMachine( 781): [1,476,468,824,545 ms] noteScanEnd no scan source onT
ime=0
D/WifiHW ( 781): enter -->wifi_send_command cmd=IFNAME=wlan0 BSS RANGE=0- MASK
=0x21987
D/Tethering( 781): interfaceLinkStateChanged wlan0, false

D/Tethering( 781): interfaceStatusChanged wlan0, false


I/Netd
( 272): Get netlink event, ifname: wlan0 action: 5
D/wpa_supplicant( 1212): wlan0: Control interface command 'BSS RANGE=0- MASK=0x2
1987'
D/wpa_supplicant( 1212): RTM_NEWLINK: ifi_index=10 ifname=wlan0 wext ifi_family=
0 ifi_flags=0x1003 ([UP])
D/WifiHW ( 781): leave --> reply=
D/WifiNative-wlan0( 781): scan result len: 4096
E/WifiStateMachine( 781): wifi setScanResults statecom.android.server.wifi.Wifi
StateMachine$DisconnectedState@1830bb16 sup_state=SCANNING debouncing=false mCon
nectionRequests=1 selection=<none>
E/WifiConfigStore( 781): setLastSelectedConfiguration -1
D/WifiHW ( 781): enter -->wifi_send_command cmd=IFNAME=wlan0 STATUS-NO_EVENTS
D/Tethering( 781): interfaceLinkStateChanged wlan0, false
D/Tethering( 781): interfaceStatusChanged wlan0, false
D/wpa_supplicant( 1212): wlan0: Control interface command 'STATUS-NO_EVENTS'
D/WifiHW ( 781): leave --> reply=wpa_state=SCANNING
D/WifiHW ( 781): p2p_device_address=1a:dc:56:f0:5d:bf
D/WifiHW ( 781): address=18:dc:56:f0:5d:bf
D/WifiHW ( 781): uuid=d2e8c7ce-0d00-52ac-af30-c75569fc5934
D/WifiHW ( 781):
E/WifiConfigStore( 781): writeKnownNetworkHistory() num networks:11 needWrite=
false
D/WifiHW ( 781): enter -->wifi_send_command cmd=IFNAME=wlan0 LIST_NETWORKS
D/wpa_supplicant( 1212): wlan0: Control interface command 'LIST_NETWORKS'
