10-25 19:50:05.741 I/System.out( 9651): 1|2|3 - 993530083|941714546|false
10-25 19:50:05.741 I/System.out( 9651): 1|2|3 - 948 378 765|941714546|false
10-25 19:50:05.741 I/System.out( 9651): 1|2|3 - 941 714 546|941714546|false
10-25 19:50:05.755 I/System.out( 9651): 1|2|3 - 948 032 441|#950848348|false
10-25 19:50:05.755 I/System.out( 9651): 1|2|3 - 961784246|#950848348|false
10-25 19:50:05.755 I/System.out( 9651): 1|2|3 - 993530083|#950848348|false
10-25 19:50:05.755 I/System.out( 9651): 1|2|3 - 948 378 765|#950848348|false
10-25 19:50:05.755 I/System.out( 9651): 1|2|3 - 941 714 546|#950848348|false
10-25 19:50:05.755 I/System.out( 9651): 1|2|3 - 941714546|#950848348|false
10-25 19:50:05.755 I/System.out( 9651): 1|2|3 - 948 032 441|948026005|false
10-25 19:50:05.755 I/System.out( 9651): 1|2|3 - 961784246|948026005|false
10-25 19:50:05.755 I/System.out( 9651): 1|2|3 - 993530083|948026005|false
10-25 19:50:05.771 I/Sensors ( 2477): setActive() with handle = 0, enabled = 1
10-25 19:50:05.771 I/Sensors ( 2477): setDelay() with handle = 0, delay = 200000 us
10-25 19:50:05.771 I/Sensors ( 2477): setDelay() with handle = 1, delay = 200000 us
10-25 19:50:05.775 I/Sensors ( 2477): setActive() with handle = 7, enabled = 1
10-25 19:50:05.775 I/Sensors ( 2477): setDelay() with handle = 7, delay = 200000 us
10-25 19:50:05.778 I/Sensors ( 2477): setDelay() with handle = 0, delay = 66667 us
10-25 19:50:05.778 I/Sensors ( 2477): setDelay() with handle = 1, delay = 20000 us
10-25 19:50:05.778 I/Sensors ( 2477): setDelay() with handle = 7, delay = 5000 us
10-25 19:50:05.798 I/System.out( 9651): 1|2|3 - 948 378 765|948026005|false
10-25 19:50:05.835 I/Sensors ( 2477): setDelay() with handle = 0, delay = 66667 us
10-25 19:50:05.835 I/Sensors ( 2477): setDelay() with handle = 1, delay = 20000 us
10-25 19:50:05.835 I/Sensors ( 2477): setDelay() with handle = 7, delay = 5000 us
10-25 19:50:05.851 I/Sensors ( 2477): setDelay() with handle = 0, delay = 66667 us
10-25 19:50:05.851 I/Sensors ( 2477): setDelay() with handle = 1, delay = 20000 us
10-25 19:50:05.851 I/Sensors ( 2477): setDelay() with handle = 7, delay = 5000 us
10-25 19:50:05.861 I/Sensors ( 2477): setDelay() with handle = 0, delay = 66667 us
10-25 19:50:05.861 I/Sensors ( 2477): setDelay() with handle = 1, delay = 20000 us
10-25 19:50:05.861 I/Sensors ( 2477): setDelay() with handle = 7, delay = 5000 us
10-25 19:50:05.875 I/System.out( 9651): 1|2|3 - 941 714 546|948026005|false
10-25 19:50:05.875 I/System.out( 9651): 1|2|3 - 941714546|948026005|false
10-25 19:50:05.875 I/System.out( 9651): 1|2|3 - #950848348|948026005|false
10-25 19:50:05.875 I/System.out( 9651): 1|2|3 - 948 032 441|948026005|false
10-25 19:50:05.875 I/System.out( 9651): 1|2|3 - 961784246|948026005|false
10-25 19:50:05.875 I/System.out( 9651): 1|2|3 - 993530083|948026005|false
10-25 19:50:05.875 I/System.out( 9651): 1|2|3 - 948 378 765|948026005|false
10-25 19:50:05.878 I/System.out( 9651): 1|2|3 - 941 714 546|948026005|false
10-25 19:50:05.878 I/System.out( 9651): 1|2|3 - 941714546|948026005|false
10-25 19:50:05.888 I/Sensors ( 2477): setDelay() with handle = 0, delay = 66667 us
10-25 19:50:05.888 I/Sensors ( 2477): setDelay() with handle = 1, delay = 20000 us
10-25 19:50:05.888 I/Sensors ( 2477): setDelay() with handle = 7, delay = 5000 us
10-25 19:50:05.905 I/System.out( 9651): 1|2|3 - #950848348|948026005|false
10-25 19:50:05.905 I/System.out( 9651): 1|2|3 - 948026005|948026005|true
10-25 19:50:05.908 I/System.out( 9651): 1|2|3 - 948 032 441|948832872|false
10-25 19:50:05.921 I/System.out( 9651): 1|2|3 - 961784246|948832872|false
10-25 19:50:05.925 I/System.out( 9651): 1|2|3 - 993530083|948832872|false
10-25 19:50:05.925 I/System.out( 9651): 1|2|3 - 948 378 765|948832872|false
10-25 19:50:05.925 I/System.out( 9651): 1|2|3 - 941 714 546|948832872|false
10-25 19:50:05.925 I/System.out( 9651): 1|2|3 - 941714546|948832872|false
10-25 19:50:05.925 I/System.out( 9651): 1|2|3 - #950848348|948832872|false
10-25 19:50:05.925 I/System.out( 9651): 1|2|3 - 948026005|948832872|false
10-25 19:50:05.925 I/System.out( 9651): 1|2|3 - 948 032 441|948832872|false
10-25 19:50:05.925 I/System.out( 9651): 1|2|3 - 961784246|948832872|false
10-25 19:50:05.925 I/System.out( 9651): 1|2|3 - 993530083|948832872|false
10-25 19:50:05.925 I/System.out( 9651): 1|2|3 - 948 378 765|948832872|false
10-25 19:50:05.928 I/System.out( 9651): 1|2|3 - 941 714 546|948832872|false
10-25 19:50:05.928 I/System.out( 9651): 1|2|3 - 941714546|948832872|false
10-25 19:50:05.928 I/System.out( 9651): 1|2|3 - #950848348|948832872|false
10-25 19:50:05.928 I/System.out( 9651): 1|2|3 - 948026005|948832872|false
10-25 19:50:06.055 I/System.out( 9651): 1|2|3 - 948832872|948832872|true
10-25 19:50:06.055 I/System.out( 9651): 1|2|3 - 948 032 441|965 778 989|false
10-25 19:50:06.055 I/System.out( 9651): 1|2|3 - 961784246|965 778 989|false
10-25 19:50:06.055 I/System.out( 9651): 1|2|3 - 993530083|965 778 989|false
10-25 19:50:06.055 I/System.out( 9651): 1|2|3 - 948 378 765|965 778 989|false
10-25 19:50:06.055 I/System.out( 9651): 1|2|3 - 941 714 546|965 778 989|false
10-25 19:50:06.055 I/System.out( 9651): 1|2|3 - 941714546|965 778 989|false
10-25 19:50:06.055 I/System.out( 9651): 1|2|3 - #950848348|965 778 989|false
10-25 19:50:06.055 I/System.out( 9651): 1|2|3 - 948026005|965 778 989|false
10-25 19:50:06.055 I/System.out( 9651): 1|2|3 - 948832872|965 778 989|false
10-25 19:50:06.055 I/System.out( 9651): 1|2|3 - 948 032 441|965778989|false
10-25 19:50:06.055 I/System.out( 9651): 1|2|3 - 961784246|965778989|false
10-25 19:50:06.055 I/System.out( 9651): 1|2|3 - 993530083|965778989|false
10-25 19:50:06.055 I/System.out( 9651): 1|2|3 - 948 378 765|965778989|false
10-25 19:50:06.055 I/System.out( 9651): 1|2|3 - 941 714 546|965778989|false
10-25 19:50:06.055 I/System.out( 9651): 1|2|3 - 941714546|965778989|false
10-25 19:50:06.055 I/System.out( 9651): 1|2|3 - #950848348|965778989|false
10-25 19:50:06.055 I/System.out( 9651): 1|2|3 - 948026005|965778989|false
10-25 19:50:06.055 I/System.out( 9651): 1|2|3 - 948832872|965778989|false
10-25 19:50:06.055 I/System.out( 9651): 1|2|3 - 965 778 989|965778989|false
10-25 19:50:06.055 I/System.out( 9651): 1|2|3 - 948 032 441|944315456|false
10-25 19:50:06.055 I/System.out( 9651): 1|2|3 - 961784246|944315456|false
10-25 19:50:06.055 I/System.out( 9651): 1|2|3 - 993530083|944315456|false
10-25 19:50:06.055 I/System.out( 9651): 1|2|3 - 948 378 765|944315456|false
10-25 19:50:06.055 I/System.out( 9651): 1|2|3 - 941 714 546|944315456|false
10-25 19:50:06.055 I/System.out( 9651): 1|2|3 - 941714546|944315456|false
10-25 19:50:06.055 I/System.out( 9651): 1|2|3 - #950848348|944315456|false
10-25 19:50:06.055 I/System.out( 9651): 1|2|3 - 948026005|944315456|false
10-25 19:50:06.055 I/System.out( 9651): 1|2|3 - 948832872|944315456|false
10-25 19:50:06.055 I/System.out( 9651): 1|2|3 - 965 778 989|944315456|false
10-25 19:50:06.055 I/System.out( 9651): 1|2|3 - 965778989|944315456|false
10-25 19:50:06.055 I/System.out( 9651): 1|2|3 - 948 032 441|944315456|false
10-25 19:50:06.055 I/System.out( 9651): 1|2|3 - 961784246|944315456|false
10-25 19:50:06.055 I/System.out( 9651): 1|2|3 - 993530083|944315456|false
10-25 19:50:06.055 I/System.out( 9651): 1|2|3 - 948 378 765|944315456|false
10-25 19:50:06.055 I/System.out( 9651): 1|2|3 - 941 714 546|944315456|false
10-25 19:50:06.055 I/System.out( 9651): 1|2|3 - 941714546|944315456|false
10-25 19:50:06.055 I/System.out( 9651): 1|2|3 - #950848348|944315456|false
10-25 19:50:06.055 I/System.out( 9651): 1|2|3 - 948026005|944315456|false
10-25 19:50:06.055 I/System.out( 9651): 1|2|3 - 948832872|944315456|false
10-25 19:50:06.055 I/System.out( 9651): 1|2|3 - 965 778 989|944315456|false
10-25 19:50:06.055 I/System.out( 9651): 1|2|3 - 965778989|944315456|false
10-25 19:50:06.055 I/System.out( 9651): 1|2|3 - 944315456|944315456|true
10-25 19:50:06.055 I/System.out( 9651): 1|2|3 - 948 032 441|996 174 460|false
10-25 19:50:06.055 I/System.out( 9651): 1|2|3 - 961784246|996 174 460|false
10-25 19:50:06.055 I/System.out( 9651): 1|2|3 - 993530083|996 174 460|false
10-25 19:50:06.055 I/System.out( 9651): 1|2|3 - 948 378 765|996 174 460|false
10-25 19:50:06.055 I/System.out( 9651): 1|2|3 - 941 714 546|996 174 460|false
10-25 19:50:06.055 I/System.out( 9651): 1|2|3 - 941714546|996 174 460|false
10-25 19:50:06.055 I/System.out( 9651): 1|2|3 - #950848348|996 174 460|false
10-25 19:50:06.055 I/System.out( 9651): 1|2|3 - 948026005|996 174 460|false
10-25 19:50:06.055 I/System.out( 9651): 1|2|3 - 948832872|996 174 460|false
10-25 19:50:06.055 I/System.out( 9651): 1|2|3 - 965 778 989|996 174 460|false
10-25 19:50:06.055 I/System.out( 9651): 1|2|3 - 965778989|996 174 460|false
10-25 19:50:06.055 I/System.out( 9651): 1|2|3 - 944315456|996 174 460|false
10-25 19:50:06.055 I/System.out( 9651): 1|2|3 - 948 032 441|996174460|false
10-25 19:50:06.055 I/System.out( 9651): 1|2|3 - 961784246|996174460|false
10-25 19:50:06.055 I/System.out( 9651): 1|2|3 - 993530083|996174460|false
10-25 19:50:06.055 I/System.out( 9651): 1|2|3 - 948 378 765|996174460|false
10-25 19:50:06.055 I/System.out( 9651): 1|2|3 - 941 714 546|996174460|false
10-25 19:50:06.055 I/System.out( 9651): 1|2|3 - 941714546|996174460|false
10-25 19:50:06.055 I/System.out( 9651): 1|2|3 - #950848348|996174460|false
10-25 19:50:06.055 I/System.out( 9651): 1|2|3 - 948026005|996174460|false
10-25 19:50:06.055 I/System.out( 9651): 1|2|3 - 948832872|996174460|false
10-25 19:50:06.055 I/System.out( 9651): 1|2|3 - 965 778 989|996174460|false
10-25 19:50:06.055 I/System.out( 9651): 1|2|3 - 965778989|996174460|false
10-25 19:50:06.055 I/System.out( 9651): 1|2|3 - 944315456|996174460|false
10-25 19:50:06.055 I/System.out( 9651): 1|2|3 - 996 174 460|996174460|false
10-25 19:50:06.055 I/System.out( 9651): 1|2|3 - 948 032 441|944133489|false
10-25 19:50:06.091 I/ProcessCheckinRequest( 5063):
updateCheckinIdTokenFileFromResponse, Reading existing AID
10-25 19:50:06.091 I/System.out( 9651): 1|2|3 - 961784246|944133489|false
10-25 19:50:06.095 I/CheckinRequestBuilder( 5063): Checkin reason type: 1 attempt
count: 1
10-25 19:50:06.115 I/System.out( 9651): 1|2|3 - 993530083|944133489|false
10-25 19:50:06.115 I/System.out( 9651): 1|2|3 - 948 378 765|944133489|false
10-25 19:50:06.118 I/System.out( 9651): 1|2|3 - 941 714 546|944133489|false
10-25 19:50:06.118 I/System.out( 9651): 1|2|3 - 941714546|944133489|false
10-25 19:50:06.118 I/System.out( 9651): 1|2|3 - #950848348|944133489|false
10-25 19:50:06.161 I/System.out( 9651): 1|2|3 - 948026005|944133489|false
10-25 19:50:06.161 I/System.out( 9651): 1|2|3 - 948832872|944133489|false
10-25 19:50:06.161 I/System.out( 9651): 1|2|3 - 965 778 989|944133489|false
10-25 19:50:06.161 I/System.out( 9651): 1|2|3 - 965778989|944133489|false
10-25 19:50:06.161 I/System.out( 9651): 1|2|3 - 944315456|944133489|false
10-25 19:50:06.161 I/System.out( 9651): 1|2|3 - 996 174 460|944133489|false
10-25 19:50:06.161 I/System.out( 9651): 1|2|3 - 996174460|944133489|false
10-25 19:50:06.168 I/System.out( 9651): 1|2|3 - 948 032 441|944133489|false
10-25 19:50:06.168 I/System.out( 9651): 1|2|3 - 961784246|944133489|false
10-25 19:50:06.168 I/System.out( 9651): 1|2|3 - 993530083|944133489|false
10-25 19:50:06.168 I/System.out( 9651): 1|2|3 - 948 378 765|944133489|false
10-25 19:50:06.168 I/System.out( 9651): 1|2|3 - 941 714 546|944133489|false
10-25 19:50:06.175 I/System.out( 9651): 1|2|3 - 941714546|944133489|false
10-25 19:50:06.175 I/System.out( 9651): 1|2|3 - #950848348|944133489|false
10-25 19:50:06.175 I/System.out( 9651): 1|2|3 - 948026005|944133489|false
10-25 19:50:06.175 I/System.out( 9651): 1|2|3 - 948832872|944133489|false
10-25 19:50:06.175 I/System.out( 9651): 1|2|3 - 965 778 989|944133489|false
10-25 19:50:06.175 I/System.out( 9651): 1|2|3 - 965778989|944133489|false
10-25 19:50:06.178 I/System.out( 9651): 1|2|3 - 944315456|944133489|false
10-25 19:50:06.181 I/System.out( 9651): 1|2|3 - 996 174 460|944133489|false
10-25 19:50:06.181 I/System.out( 9651): 1|2|3 - 996174460|944133489|false
10-25 19:50:06.185 I/System.out( 9651): 1|2|3 - 944133489|944133489|true
10-25 19:50:06.188 I/System.out( 9651): 1|2|3 - 948 032 441|978708081|false
10-25 19:50:06.191 I/System.out( 9651): 1|2|3 - 961784246|978708081|false
10-25 19:50:06.191 I/System.out( 9651): 1|2|3 - 993530083|978708081|false
10-25 19:50:06.191 I/System.out( 9651): 1|2|3 - 948 378 765|978708081|false
10-25 19:50:06.191 I/System.out( 9651): 1|2|3 - 941 714 546|978708081|false
10-25 19:50:06.191 I/System.out( 9651): 1|2|3 - 941714546|978708081|false
10-25 19:50:06.191 I/System.out( 9651): 1|2|3 - #950848348|978708081|false
10-25 19:50:06.195 I/System.out( 9651): 1|2|3 - 948026005|978708081|false
10-25 19:50:06.195 I/System.out( 9651): 1|2|3 - 948832872|978708081|false
10-25 19:50:06.195 I/System.out( 9651): 1|2|3 - 965 778 989|978708081|false
10-25 19:50:06.195 I/System.out( 9651): 1|2|3 - 965778989|978708081|false
10-25 19:50:06.198 I/System.out( 9651): 1|2|3 - 944315456|978708081|false
10-25 19:50:06.198 I/System.out( 9651): 1|2|3 - 996 174 460|978708081|false
10-25 19:50:06.201 I/System.out( 9651): 1|2|3 - 996174460|978708081|false
10-25 19:50:06.201 I/System.out( 9651): 1|2|3 - 944133489|978708081|false
10-25 19:50:06.205 I/System.out( 9651): 1|2|3 - 948 032 441|978708081|false
10-25 19:50:06.211 I/System.out( 9651): 1|2|3 - 961784246|978708081|false
10-25 19:50:06.211 I/System.out( 9651): 1|2|3 - 993530083|978708081|false
10-25 19:50:06.218 I/System.out( 9651): 1|2|3 - 948 378 765|978708081|false
10-25 19:50:06.218 I/System.out( 9651): 1|2|3 - 941 714 546|978708081|false
10-25 19:50:06.218 I/System.out( 9651): 1|2|3 - 941714546|978708081|false
10-25 19:50:06.218 I/System.out( 9651): 1|2|3 - #950848348|978708081|false
10-25 19:50:06.218 I/System.out( 9651): 1|2|3 - 948026005|978708081|false
10-25 19:50:06.221 I/System.out( 9651): 1|2|3 - 948832872|978708081|false
10-25 19:50:06.221 I/System.out( 9651): 1|2|3 - 965 778 989|978708081|false
10-25 19:50:06.225 I/System.out( 9651): 1|2|3 - 965778989|978708081|false
10-25 19:50:06.225 I/System.out( 9651): 1|2|3 - 944315456|978708081|false
10-25 19:50:06.225 I/System.out( 9651): 1|2|3 - 996 174 460|978708081|false
10-25 19:50:06.225 I/System.out( 9651): 1|2|3 - 996174460|978708081|false
10-25 19:50:06.225 I/System.out( 9651): 1|2|3 - 944133489|978708081|false
10-25 19:50:06.228 I/System.out( 9651): 1|2|3 - 978708081|978708081|true
10-25 19:50:06.231 I/System.out( 9651): 1|2|3 - 948 032 441|947 38 78 09|false
10-25 19:50:06.231 I/System.out( 9651): 1|2|3 - 961784246|947 38 78 09|false
10-25 19:50:06.235 I/System.out( 9651): 1|2|3 - 993530083|947 38 78 09|false
10-25 19:50:06.235 I/System.out( 9651): 1|2|3 - 948 378 765|947 38 78 09|false
10-25 19:50:06.235 I/System.out( 9651): 1|2|3 - 941 714 546|947 38 78 09|false
10-25 19:50:06.235 I/System.out( 9651): 1|2|3 - 941714546|947 38 78 09|false
10-25 19:50:06.241 I/System.out( 9651): 1|2|3 - #950848348|947 38 78 09|false
10-25 19:50:06.241 I/System.out( 9651): 1|2|3 - 948026005|947 38 78 09|false
10-25 19:50:06.241 I/System.out( 9651): 1|2|3 - 948832872|947 38 78 09|false
10-25 19:50:06.241 I/System.out( 9651): 1|2|3 - 965 778 989|947 38 78 09|false
10-25 19:50:06.241 I/System.out( 9651): 1|2|3 - 965778989|947 38 78 09|false
10-25 19:50:06.241 I/System.out( 9651): 1|2|3 - 944315456|947 38 78 09|false
10-25 19:50:06.241 I/System.out( 9651): 1|2|3 - 996 174 460|947 38 78 09|false
10-25 19:50:06.241 I/System.out( 9651): 1|2|3 - 996174460|947 38 78 09|false
10-25 19:50:06.245 I/System.out( 9651): 1|2|3 - 944133489|947 38 78 09|false
10-25 19:50:06.251 I/System.out( 9651): 1|2|3 - 978708081|947 38 78 09|false
10-25 19:50:06.251 I/System.out( 9651): 1|2|3 - 948 032 441|947387809|false
10-25 19:50:06.251 I/System.out( 9651): 1|2|3 - 961784246|947387809|false
10-25 19:50:06.251 I/System.out( 9651): 1|2|3 - 993530083|947387809|false
10-25 19:50:06.251 I/System.out( 9651): 1|2|3 - 948 378 765|947387809|false
10-25 19:50:06.251 I/System.out( 9651): 1|2|3 - 941 714 546|947387809|false
10-25 19:50:06.251 I/System.out( 9651): 1|2|3 - 941714546|947387809|false
10-25 19:50:06.251 I/System.out( 9651): 1|2|3 - #950848348|947387809|false
10-25 19:50:06.251 I/System.out( 9651): 1|2|3 - 948026005|947387809|false
10-25 19:50:06.251 I/System.out( 9651): 1|2|3 - 948832872|947387809|false
10-25 19:50:06.255 I/System.out( 9651): 1|2|3 - 965 778 989|947387809|false
10-25 19:50:06.255 I/System.out( 9651): 1|2|3 - 965778989|947387809|false
10-25 19:50:06.258 I/System.out( 9651): 1|2|3 - 944315456|947387809|false
10-25 19:50:06.268 I/System.out( 9651): 1|2|3 - 996 174 460|947387809|false
10-25 19:50:06.271 I/System.out( 9651): 1|2|3 - 996174460|947387809|false
10-25 19:50:06.271 I/System.out( 9651): 1|2|3 - 944133489|947387809|false
10-25 19:50:06.288 I/System.out( 9651): 1|2|3 - 978708081|947387809|false
10-25 19:50:06.288 I/System.out( 9651): 1|2|3 - 947 38 78 09|947387809|false
10-25 19:50:06.288 I/System.out( 9651): 1|2|3 - 948 032 441|963 840 919|false
10-25 19:50:06.288 I/System.out( 9651): 1|2|3 - 961784246|963 840 919|false
10-25 19:50:06.288 I/System.out( 9651): 1|2|3 - 993530083|963 840 919|false
10-25 19:50:06.288 I/System.out( 9651): 1|2|3 - 948 378 765|963 840 919|false
10-25 19:50:06.288 I/System.out( 9651): 1|2|3 - 941 714 546|963 840 919|false
10-25 19:50:06.295 I/System.out( 9651): 1|2|3 - 941714546|963 840 919|false
10-25 19:50:06.295 I/System.out( 9651): 1|2|3 - #950848348|963 840 919|false
10-25 19:50:06.295 I/System.out( 9651): 1|2|3 - 948026005|963 840 919|false
10-25 19:50:06.301 I/System.out( 9651): 1|2|3 - 948832872|963 840 919|false
10-25 19:50:06.301 I/System.out( 9651): 1|2|3 - 965 778 989|963 840 919|false
10-25 19:50:06.301 I/System.out( 9651): 1|2|3 - 965778989|963 840 919|false
10-25 19:50:06.301 I/System.out( 9651): 1|2|3 - 944315456|963 840 919|false
10-25 19:50:06.301 I/System.out( 9651): 1|2|3 - 996 174 460|963 840 919|false
10-25 19:50:06.301 I/System.out( 9651): 1|2|3 - 996174460|963 840 919|false
10-25 19:50:06.301 I/System.out( 9651): 1|2|3 - 944133489|963 840 919|false
10-25 19:50:06.301 I/System.out( 9651): 1|2|3 - 978708081|963 840 919|false
10-25 19:50:06.301 I/System.out( 9651): 1|2|3 - 947 38 78 09|963 840 919|false
10-25 19:50:06.301 I/System.out( 9651): 1|2|3 - 947387809|963 840 919|false
10-25 19:50:06.305 I/System.out( 9651): 1|2|3 - 948 032 441|963840919|false
10-25 19:50:06.315 I/System.out( 9651): 1|2|3 - 961784246|963840919|false
10-25 19:50:06.318 I/System.out( 9651): 1|2|3 - 993530083|963840919|false
10-25 19:50:06.318 I/System.out( 9651): 1|2|3 - 948 378 765|963840919|false
10-25 19:50:06.318 I/System.out( 9651): 1|2|3 - 941 714 546|963840919|false
10-25 19:50:06.318 I/System.out( 9651): 1|2|3 - 941714546|963840919|false
10-25 19:50:06.318 I/System.out( 9651): 1|2|3 - #950848348|963840919|false
10-25 19:50:06.318 E/ActivityThread( 5063): Failed to find provider info for
com.google.android.wearable.settings
10-25 19:50:06.345 I/MultiDex( 9908): VM with version 1.6.0 does not have multidex
support
10-25 19:50:06.345 I/MultiDex( 9908): install
10-25 19:50:06.348 I/System.out( 9651): 1|2|3 - 948026005|963840919|false
10-25 19:50:06.348 I/System.out( 9651): 1|2|3 - 948832872|963840919|false
10-25 19:50:06.358 I/System.out( 9651): 1|2|3 - 965 778 989|963840919|false
10-25 19:50:06.358 I/System.out( 9651): 1|2|3 - 965778989|963840919|false
10-25 19:50:06.358 I/System.out( 9651): 1|2|3 - 944315456|963840919|false
10-25 19:50:06.358 I/System.out( 9651): 1|2|3 - 996 174 460|963840919|false
10-25 19:50:06.358 I/System.out( 9651): 1|2|3 - 996174460|963840919|false
10-25 19:50:06.358 I/System.out( 9651): 1|2|3 - 944133489|963840919|false
10-25 19:50:06.358 I/System.out( 9651): 1|2|3 - 978708081|963840919|false
10-25 19:50:06.358 I/System.out( 9651): 1|2|3 - 947 38 78 09|963840919|false
10-25 19:50:06.395 I/System.out( 9651): 1|2|3 - 947387809|963840919|false
10-25 19:50:06.395 I/System.out( 9651): 1|2|3 - 963 840 919|963840919|false
10-25 19:50:06.395 I/System.out( 9651): 1|2|3 - 948 032 441|+51995903962|false
10-25 19:50:06.411 I/System.out( 9651): 1|2|3 - 961784246|+51995903962|false
10-25 19:50:06.411 I/System.out( 9651): 1|2|3 - 993530083|+51995903962|false
10-25 19:50:06.411 I/System.out( 9651): 1|2|3 - 948 378 765|+51995903962|false
10-25 19:50:06.411 I/System.out( 9651): 1|2|3 - 941 714 546|+51995903962|false
10-25 19:50:06.411 I/System.out( 9651): 1|2|3 - 941714546|+51995903962|false
10-25 19:50:06.411 I/System.out( 9651): 1|2|3 - #950848348|+51995903962|false
10-25 19:50:06.411 I/System.out( 9651): 1|2|3 - 948026005|+51995903962|false
10-25 19:50:06.411 I/System.out( 9651): 1|2|3 - 948832872|+51995903962|false
10-25 19:50:06.411 I/System.out( 9651): 1|2|3 - 965 778 989|+51995903962|false
10-25 19:50:06.411 I/System.out( 9651): 1|2|3 - 965778989|+51995903962|false
10-25 19:50:06.411 I/System.out( 9651): 1|2|3 - 944315456|+51995903962|false
10-25 19:50:06.411 I/System.out( 9651): 1|2|3 - 996 174 460|+51995903962|false
10-25 19:50:06.411 I/System.out( 9651): 1|2|3 - 996174460|+51995903962|false
10-25 19:50:06.411 I/System.out( 9651): 1|2|3 - 944133489|+51995903962|false
10-25 19:50:06.411 I/System.out( 9651): 1|2|3 - 978708081|+51995903962|false
10-25 19:50:06.411 I/System.out( 9651): 1|2|3 - 947 38 78 09|+51995903962|false
10-25 19:50:06.411 I/System.out( 9651): 1|2|3 - 947387809|+51995903962|false
10-25 19:50:06.415 I/System.out( 9651): 1|2|3 - 963 840 919|+51995903962|false
10-25 19:50:06.415 I/System.out( 9651): 1|2|3 - 963840919|+51995903962|false
10-25 19:50:06.415 I/System.out( 9651): 1|2|3 - 948 032 441|+51995903962|false
10-25 19:50:06.415 I/System.out( 9651): 1|2|3 - 961784246|+51995903962|false
10-25 19:50:06.415 I/System.out( 9651): 1|2|3 - 993530083|+51995903962|false
10-25 19:50:06.415 I/System.out( 9651): 1|2|3 - 948 378 765|+51995903962|false
10-25 19:50:06.415 I/System.out( 9651): 1|2|3 - 941 714 546|+51995903962|false
10-25 19:50:06.415 I/System.out( 9651): 1|2|3 - 941714546|+51995903962|false
10-25 19:50:06.415 I/System.out( 9651): 1|2|3 - #950848348|+51995903962|false
10-25 19:50:06.415 I/System.out( 9651): 1|2|3 - 948026005|+51995903962|false
10-25 19:50:06.415 I/System.out( 9651): 1|2|3 - 948832872|+51995903962|false
10-25 19:50:06.418 I/MultiDex( 9908):
MultiDexExtractor.load(/data/app/mappstreet.ViuT-1.apk, false)
10-25 19:50:06.451 I/System.out( 9651): 1|2|3 - 965 778 989|+51995903962|false
10-25 19:50:06.451 I/System.out( 9651): 1|2|3 - 965778989|+51995903962|false
10-25 19:50:06.451 I/System.out( 9651): 1|2|3 - 944315456|+51995903962|false
10-25 19:50:06.451 I/System.out( 9651): 1|2|3 - 996 174 460|+51995903962|false
10-25 19:50:06.451 I/System.out( 9651): 1|2|3 - 996174460|+51995903962|false
10-25 19:50:06.451 I/System.out( 9651): 1|2|3 - 944133489|+51995903962|false
10-25 19:50:06.451 I/System.out( 9651): 1|2|3 - 978708081|+51995903962|false
10-25 19:50:06.451 I/System.out( 9651): 1|2|3 - 947 38 78 09|+51995903962|false
10-25 19:50:06.451 I/System.out( 9651): 1|2|3 - 947387809|+51995903962|false
10-25 19:50:06.451 I/System.out( 9651): 1|2|3 - 963 840 919|+51995903962|false
10-25 19:50:06.451 I/System.out( 9651): 1|2|3 - 963840919|+51995903962|false
10-25 19:50:06.451 I/System.out( 9651): 1|2|3 - +51995903962|+51995903962|true
10-25 19:50:06.455 I/System.out( 9651): 1|2|3 - 948 032 441|938 255 928|false
10-25 19:50:06.455 I/System.out( 9651): 1|2|3 - 961784246|938 255 928|false
10-25 19:50:06.455 I/System.out( 9651): 1|2|3 - 993530083|938 255 928|false
10-25 19:50:06.455 I/System.out( 9651): 1|2|3 - 948 378 765|938 255 928|false
10-25 19:50:06.455 I/System.out( 9651): 1|2|3 - 941 714 546|938 255 928|false
10-25 19:50:06.455 I/System.out( 9651): 1|2|3 - 941714546|938 255 928|false
10-25 19:50:06.455 I/System.out( 9651): 1|2|3 - #950848348|938 255 928|false
10-25 19:50:06.455 I/System.out( 9651): 1|2|3 - 948026005|938 255 928|false
10-25 19:50:06.455 I/System.out( 9651): 1|2|3 - 948832872|938 255 928|false
10-25 19:50:06.455 I/System.out( 9651): 1|2|3 - 965 778 989|938 255 928|false
10-25 19:50:06.455 I/System.out( 9651): 1|2|3 - 965778989|938 255 928|false
10-25 19:50:06.455 I/System.out( 9651): 1|2|3 - 944315456|938 255 928|false
10-25 19:50:06.455 I/System.out( 9651): 1|2|3 - 996 174 460|938 255 928|false
10-25 19:50:06.455 I/System.out( 9651): 1|2|3 - 996174460|938 255 928|false
10-25 19:50:06.458 I/System.out( 9651): 1|2|3 - 944133489|938 255 928|false
10-25 19:50:06.458 I/System.out( 9651): 1|2|3 - 978708081|938 255 928|false
10-25 19:50:06.458 I/System.out( 9651): 1|2|3 - 947 38 78 09|938 255 928|false
10-25 19:50:06.458 I/System.out( 9651): 1|2|3 - 947387809|938 255 928|false
10-25 19:50:06.458 I/System.out( 9651): 1|2|3 - 963 840 919|938 255 928|false
10-25 19:50:06.458 I/System.out( 9651): 1|2|3 - 963840919|938 255 928|false
10-25 19:50:06.458 I/System.out( 9651): 1|2|3 - +51995903962|938 255 928|false
10-25 19:50:06.458 I/System.out( 9651): 1|2|3 - 948 032 441|938255928|false
10-25 19:50:06.458 I/System.out( 9651): 1|2|3 - 961784246|938255928|false
10-25 19:50:06.458 I/System.out( 9651): 1|2|3 - 993530083|938255928|false
10-25 19:50:06.458 I/System.out( 9651): 1|2|3 - 948 378 765|938255928|false
10-25 19:50:06.458 I/System.out( 9651): 1|2|3 - 941 714 546|938255928|false
10-25 19:50:06.458 I/System.out( 9651): 1|2|3 - 941714546|938255928|false
10-25 19:50:06.458 I/System.out( 9651): 1|2|3 - #950848348|938255928|false
10-25 19:50:06.458 I/System.out( 9651): 1|2|3 - 948026005|938255928|false
10-25 19:50:06.461 I/System.out( 9651): 1|2|3 - 948832872|938255928|false
10-25 19:50:06.468 I/System.out( 9651): 1|2|3 - 965 778 989|938255928|false
10-25 19:50:06.468 I/System.out( 9651): 1|2|3 - 965778989|938255928|false
10-25 19:50:06.468 I/System.out( 9651): 1|2|3 - 944315456|938255928|false
10-25 19:50:06.468 I/System.out( 9651): 1|2|3 - 996 174 460|938255928|false
10-25 19:50:06.468 I/System.out( 9651): 1|2|3 - 996174460|938255928|false
10-25 19:50:06.468 I/System.out( 9651): 1|2|3 - 944133489|938255928|false
10-25 19:50:06.468 I/System.out( 9651): 1|2|3 - 978708081|938255928|false
10-25 19:50:06.468 I/System.out( 9651): 1|2|3 - 947 38 78 09|938255928|false
10-25 19:50:06.468 I/System.out( 9651): 1|2|3 - 947387809|938255928|false
10-25 19:50:06.468 I/System.out( 9651): 1|2|3 - 963 840 919|938255928|false
10-25 19:50:06.468 I/System.out( 9651): 1|2|3 - 963840919|938255928|false
10-25 19:50:06.475 I/System.out( 9651): 1|2|3 - +51995903962|938255928|false
10-25 19:50:06.475 I/System.out( 9651): 1|2|3 - 938 255 928|938255928|false
10-25 19:50:06.475 I/System.out( 9651): 1|2|3 - 948 032 441|989 689 266|false
10-25 19:50:06.475 I/System.out( 9651): 1|2|3 - 961784246|989 689 266|false
10-25 19:50:06.475 I/System.out( 9651): 1|2|3 - 993530083|989 689 266|false
10-25 19:50:06.485 I/System.out( 9651): 1|2|3 - 948 378 765|989 689 266|false
10-25 19:50:06.485 I/System.out( 9651): 1|2|3 - 941 714 546|989 689 266|false
10-25 19:50:06.485 I/System.out( 9651): 1|2|3 - 941714546|989 689 266|false
10-25 19:50:06.485 I/System.out( 9651): 1|2|3 - #950848348|989 689 266|false
10-25 19:50:06.485 I/System.out( 9651): 1|2|3 - 948026005|989 689 266|false
10-25 19:50:06.485 I/System.out( 9651): 1|2|3 - 948832872|989 689 266|false
10-25 19:50:06.505 I/System.out( 9651): 1|2|3 - 965 778 989|989 689 266|false
10-25 19:50:06.505 I/System.out( 9651): 1|2|3 - 965778989|989 689 266|false
10-25 19:50:06.511 I/System.out( 9651): 1|2|3 - 944315456|989 689 266|false
10-25 19:50:06.511 I/System.out( 9651): 1|2|3 - 996 174 460|989 689 266|false
10-25 19:50:06.511 I/System.out( 9651): 1|2|3 - 996174460|989 689 266|false
10-25 19:50:06.511 I/System.out( 9651): 1|2|3 - 944133489|989 689 266|false
10-25 19:50:06.511 I/System.out( 9651): 1|2|3 - 978708081|989 689 266|false
10-25 19:50:06.511 I/System.out( 9651): 1|2|3 - 947 38 78 09|989 689 266|false
10-25 19:50:06.511 I/System.out( 9651): 1|2|3 - 947387809|989 689 266|false
10-25 19:50:06.511 I/System.out( 9651): 1|2|3 - 963 840 919|989 689 266|false
10-25 19:50:06.511 I/System.out( 9651): 1|2|3 - 963840919|989 689 266|false
10-25 19:50:06.511 I/System.out( 9651): 1|2|3 - +51995903962|989 689 266|false
10-25 19:50:06.511 I/System.out( 9651): 1|2|3 - 938 255 928|989 689 266|false
10-25 19:50:06.511 I/System.out( 9651): 1|2|3 - 938255928|989 689 266|false
10-25 19:50:06.511 I/System.out( 9651): 1|2|3 - 948 032 441|989689266|false
10-25 19:50:06.511 I/System.out( 9651): 1|2|3 - 961784246|989689266|false
10-25 19:50:06.515 I/System.out( 9651): 1|2|3 - 993530083|989689266|false
10-25 19:50:06.545 I/System.out( 9651): 1|2|3 - 948 378 765|989689266|false
10-25 19:50:06.548 I/System.out( 9651): 1|2|3 - 941 714 546|989689266|false
10-25 19:50:06.548 I/System.out( 9651): 1|2|3 - 941714546|989689266|false
10-25 19:50:06.548 I/System.out( 9651): 1|2|3 - #950848348|989689266|false
10-25 19:50:06.548 I/System.out( 9651): 1|2|3 - 948026005|989689266|false
10-25 19:50:06.548 I/System.out( 9651): 1|2|3 - 948832872|989689266|false
10-25 19:50:06.548 I/System.out( 9651): 1|2|3 - 965 778 989|989689266|false
10-25 19:50:06.548 I/System.out( 9651): 1|2|3 - 965778989|989689266|false
10-25 19:50:06.548 I/System.out( 9651): 1|2|3 - 944315456|989689266|false
10-25 19:50:06.551 W/DebugConnManager( 5063): getNetworkInfo() on networkType 9
10-25 19:50:06.555 I/System.out( 9651): 1|2|3 - 996 174 460|989689266|false
10-25 19:50:06.555 I/System.out( 9651): 1|2|3 - 996174460|989689266|false
10-25 19:50:06.555 I/System.out( 9651): 1|2|3 - 944133489|989689266|false
10-25 19:50:06.555 I/System.out( 9651): 1|2|3 - 978708081|989689266|false
10-25 19:50:06.555 I/System.out( 9651): 1|2|3 - 947 38 78 09|989689266|false
10-25 19:50:06.561 I/System.out( 9651): 1|2|3 - 947387809|989689266|false
10-25 19:50:06.561 I/System.out( 9651): 1|2|3 - 963 840 919|989689266|false
10-25 19:50:06.561 I/System.out( 9651): 1|2|3 - 963840919|989689266|false
10-25 19:50:06.561 I/System.out( 9651): 1|2|3 - +51995903962|989689266|false
10-25 19:50:06.561 I/System.out( 9651): 1|2|3 - 938 255 928|989689266|false
10-25 19:50:06.561 I/System.out( 9651): 1|2|3 - 938255928|989689266|false
10-25 19:50:06.561 I/System.out( 9651): 1|2|3 - 989 689 266|989689266|false
10-25 19:50:06.561 I/System.out( 9651): 1|2|3 - 948 032 441|948378803|false
10-25 19:50:06.561 I/System.out( 9651): 1|2|3 - 961784246|948378803|false
10-25 19:50:06.561 I/System.out( 9651): 1|2|3 - 993530083|948378803|false
10-25 19:50:06.561 I/System.out( 9651): 1|2|3 - 948 378 765|948378803|false
10-25 19:50:06.581 I/System.out( 9651): 1|2|3 - 941 714 546|948378803|false
10-25 19:50:06.581 I/System.out( 9651): 1|2|3 - 941714546|948378803|false
10-25 19:50:06.581 I/System.out( 9651): 1|2|3 - #950848348|948378803|false
10-25 19:50:06.585 I/System.out( 9651): 1|2|3 - 948026005|948378803|false
10-25 19:50:06.585 I/System.out( 9651): 1|2|3 - 948832872|948378803|false
10-25 19:50:06.585 I/System.out( 9651): 1|2|3 - 965 778 989|948378803|false
10-25 19:50:06.585 I/System.out( 9651): 1|2|3 - 965778989|948378803|false
10-25 19:50:06.585 I/System.out( 9651): 1|2|3 - 944315456|948378803|false
10-25 19:50:06.585 I/System.out( 9651): 1|2|3 - 996 174 460|948378803|false
10-25 19:50:06.585 I/System.out( 9651): 1|2|3 - 996174460|948378803|false
10-25 19:50:06.585 I/System.out( 9651): 1|2|3 - 944133489|948378803|false
10-25 19:50:06.585 I/System.out( 9651): 1|2|3 - 978708081|948378803|false
10-25 19:50:06.601 I/System.out( 9651): 1|2|3 - 947 38 78 09|948378803|false
10-25 19:50:06.601 I/System.out( 9651): 1|2|3 - 947387809|948378803|false
10-25 19:50:06.601 I/System.out( 9651): 1|2|3 - 963 840 919|948378803|false
10-25 19:50:06.601 I/System.out( 9651): 1|2|3 - 963840919|948378803|false
10-25 19:50:06.605 I/System.out( 9651): 1|2|3 - +51995903962|948378803|false
10-25 19:50:06.611 I/System.out( 9651): 1|2|3 - 938 255 928|948378803|false
10-25 19:50:06.625 I/MultiDex( 9908): loading existing secondary dex files
10-25 19:50:06.628 I/System.out( 9651): 1|2|3 - 938255928|948378803|false
10-25 19:50:06.631 I/System.out( 9651): 1|2|3 - 989 689 266|948378803|false
10-25 19:50:06.631 I/System.out( 9651): 1|2|3 - 989689266|948378803|false
10-25 19:50:06.631 I/System.out( 9651): 1|2|3 - 948 032 441|973910852|false
10-25 19:50:06.645 I/System.out( 9651): 1|2|3 - 961784246|973910852|false
10-25 19:50:06.645 I/System.out( 9651): 1|2|3 - 993530083|973910852|false
10-25 19:50:06.645 I/System.out( 9651): 1|2|3 - 948 378 765|973910852|false
10-25 19:50:06.645 I/System.out( 9651): 1|2|3 - 941 714 546|973910852|false
10-25 19:50:06.645 I/System.out( 9651): 1|2|3 - 941714546|973910852|false
10-25 19:50:06.645 I/System.out( 9651): 1|2|3 - #950848348|973910852|false
10-25 19:50:06.645 I/System.out( 9651): 1|2|3 - 948026005|973910852|false
10-25 19:50:06.645 I/System.out( 9651): 1|2|3 - 948832872|973910852|false
10-25 19:50:06.645 I/System.out( 9651): 1|2|3 - 965 778 989|973910852|false
10-25 19:50:06.645 I/System.out( 9651): 1|2|3 - 965778989|973910852|false
10-25 19:50:06.645 I/System.out( 9651): 1|2|3 - 944315456|973910852|false
10-25 19:50:06.651 I/System.out( 9651): 1|2|3 - 996 174 460|973910852|false
10-25 19:50:06.665 I/System.out( 9651): 1|2|3 - 996174460|973910852|false
10-25 19:50:06.665 I/System.out( 9651): 1|2|3 - 944133489|973910852|false
10-25 19:50:06.665 I/System.out( 9651): 1|2|3 - 978708081|973910852|false
10-25 19:50:06.665 I/System.out( 9651): 1|2|3 - 947 38 78 09|973910852|false
10-25 19:50:06.668 I/System.out( 9651): 1|2|3 - 947387809|973910852|false
10-25 19:50:06.668 I/System.out( 9651): 1|2|3 - 963 840 919|973910852|false
10-25 19:50:06.668 I/System.out( 9651): 1|2|3 - 963840919|973910852|false
10-25 19:50:06.668 I/System.out( 9651): 1|2|3 - +51995903962|973910852|false
10-25 19:50:06.668 I/System.out( 9651): 1|2|3 - 938 255 928|973910852|false
10-25 19:50:06.668 I/System.out( 9651): 1|2|3 - 938255928|973910852|false
10-25 19:50:06.668 I/System.out( 9651): 1|2|3 - 989 689 266|973910852|false
10-25 19:50:06.668 I/System.out( 9651): 1|2|3 - 989689266|973910852|false
10-25 19:50:06.668 I/System.out( 9651): 1|2|3 - 948378803|973910852|false
10-25 19:50:06.681 I/MultiDex( 9908): load found 1 secondary dex files
10-25 19:50:06.688 I/System.out( 9651): 1|2|3 - 948 032 441|968 598 730|false
10-25 19:50:06.691 I/System.out( 9651): 1|2|3 - 961784246|968 598 730|false
10-25 19:50:06.691 I/System.out( 9651): 1|2|3 - 993530083|968 598 730|false
10-25 19:50:06.698 I/System.out( 9651): 1|2|3 - 948 378 765|968 598 730|false
10-25 19:50:06.698 I/System.out( 9651): 1|2|3 - 941 714 546|968 598 730|false
10-25 19:50:06.708 I/System.out( 9651): 1|2|3 - 941714546|968 598 730|false
10-25 19:50:06.708 I/System.out( 9651): 1|2|3 - #950848348|968 598 730|false
10-25 19:50:06.708 I/System.out( 9651): 1|2|3 - 948026005|968 598 730|false
10-25 19:50:06.708 I/System.out( 9651): 1|2|3 - 948832872|968 598 730|false
10-25 19:50:06.708 I/System.out( 9651): 1|2|3 - 965 778 989|968 598 730|false
10-25 19:50:06.708 I/System.out( 9651): 1|2|3 - 965778989|968 598 730|false
10-25 19:50:06.708 I/System.out( 9651): 1|2|3 - 944315456|968 598 730|false
10-25 19:50:06.708 I/System.out( 9651): 1|2|3 - 996 174 460|968 598 730|false
10-25 19:50:06.708 I/System.out( 9651): 1|2|3 - 996174460|968 598 730|false
10-25 19:50:06.708 I/System.out( 9651): 1|2|3 - 944133489|968 598 730|false
10-25 19:50:06.708 I/System.out( 9651): 1|2|3 - 978708081|968 598 730|false
10-25 19:50:06.711 I/System.out( 9651): 1|2|3 - 947 38 78 09|968 598 730|false
10-25 19:50:06.711 I/System.out( 9651): 1|2|3 - 947387809|968 598 730|false
10-25 19:50:06.711 I/System.out( 9651): 1|2|3 - 963 840 919|968 598 730|false
10-25 19:50:06.711 I/System.out( 9651): 1|2|3 - 963840919|968 598 730|false
10-25 19:50:06.711 I/System.out( 9651): 1|2|3 - +51995903962|968 598 730|false
10-25 19:50:06.711 I/System.out( 9651): 1|2|3 - 938 255 928|968 598 730|false
10-25 19:50:06.711 I/System.out( 9651): 1|2|3 - 938255928|968 598 730|false
10-25 19:50:06.711 I/System.out( 9651): 1|2|3 - 989 689 266|968 598 730|false
10-25 19:50:06.711 I/System.out( 9651): 1|2|3 - 989689266|968 598 730|false
10-25 19:50:06.711 I/System.out( 9651): 1|2|3 - 948378803|968 598 730|false
10-25 19:50:06.715 I/System.out( 9651): 1|2|3 - 973910852|968 598 730|false
10-25 19:50:06.715 I/System.out( 9651): 1|2|3 - 948 032 441|942 196 787|false
10-25 19:50:06.718 I/System.out( 9651): 1|2|3 - 961784246|942 196 787|false
10-25 19:50:06.718 I/System.out( 9651): 1|2|3 - 993530083|942 196 787|false
10-25 19:50:06.718 I/System.out( 9651): 1|2|3 - 948 378 765|942 196 787|false
10-25 19:50:06.725 I/System.out( 9651): 1|2|3 - 941 714 546|942 196 787|false
10-25 19:50:06.728 I/System.out( 9651): 1|2|3 - 941714546|942 196 787|false
10-25 19:50:06.728 I/System.out( 9651): 1|2|3 - #950848348|942 196 787|false
10-25 19:50:06.731 I/System.out( 9651): 1|2|3 - 948026005|942 196 787|false
10-25 19:50:06.735 I/System.out( 9651): 1|2|3 - 948832872|942 196 787|false
10-25 19:50:06.735 I/System.out( 9651): 1|2|3 - 965 778 989|942 196 787|false
10-25 19:50:06.735 I/System.out( 9651): 1|2|3 - 965778989|942 196 787|false
10-25 19:50:06.735 I/System.out( 9651): 1|2|3 - 944315456|942 196 787|false
10-25 19:50:06.735 I/System.out( 9651): 1|2|3 - 996 174 460|942 196 787|false
10-25 19:50:06.735 I/System.out( 9651): 1|2|3 - 996174460|942 196 787|false
10-25 19:50:06.735 I/System.out( 9651): 1|2|3 - 944133489|942 196 787|false
10-25 19:50:06.735 I/System.out( 9651): 1|2|3 - 978708081|942 196 787|false
10-25 19:50:06.738 I/System.out( 9651): 1|2|3 - 947 38 78 09|942 196 787|false
10-25 19:50:06.738 I/System.out( 9651): 1|2|3 - 947387809|942 196 787|false
10-25 19:50:06.738 I/System.out( 9651): 1|2|3 - 963 840 919|942 196 787|false
10-25 19:50:06.738 I/System.out( 9651): 1|2|3 - 963840919|942 196 787|false
10-25 19:50:06.738 I/System.out( 9651): 1|2|3 - +51995903962|942 196 787|false
10-25 19:50:06.738 I/System.out( 9651): 1|2|3 - 938 255 928|942 196 787|false
10-25 19:50:06.738 I/System.out( 9651): 1|2|3 - 938255928|942 196 787|false
10-25 19:50:06.738 I/System.out( 9651): 1|2|3 - 989 689 266|942 196 787|false
10-25 19:50:06.738 I/System.out( 9651): 1|2|3 - 989689266|942 196 787|false
10-25 19:50:06.741 I/System.out( 9651): 1|2|3 - 948378803|942 196 787|false
10-25 19:50:06.741 I/System.out( 9651): 1|2|3 - 973910852|942 196 787|false
10-25 19:50:06.741 I/System.out( 9651): 1|2|3 - 968 598 730|942 196 787|false
10-25 19:50:06.741 I/System.out( 9651): 1|2|3 - 948 032 441|942196787|false
10-25 19:50:06.751 I/System.out( 9651): 1|2|3 - 961784246|942196787|false
10-25 19:50:06.751 I/System.out( 9651): 1|2|3 - 993530083|942196787|false
10-25 19:50:06.751 I/System.out( 9651): 1|2|3 - 948 378 765|942196787|false
10-25 19:50:06.751 I/System.out( 9651): 1|2|3 - 941 714 546|942196787|false
10-25 19:50:06.751 I/System.out( 9651): 1|2|3 - 941714546|942196787|false
10-25 19:50:06.751 I/System.out( 9651): 1|2|3 - #950848348|942196787|false
10-25 19:50:06.751 I/System.out( 9651): 1|2|3 - 948026005|942196787|false
10-25 19:50:06.751 I/System.out( 9651): 1|2|3 - 948832872|942196787|false
10-25 19:50:06.751 I/System.out( 9651): 1|2|3 - 965 778 989|942196787|false
10-25 19:50:06.751 I/System.out( 9651): 1|2|3 - 965778989|942196787|false
10-25 19:50:06.755 I/System.out( 9651): 1|2|3 - 944315456|942196787|false
10-25 19:50:06.755 I/System.out( 9651): 1|2|3 - 996 174 460|942196787|false
10-25 19:50:06.755 I/System.out( 9651): 1|2|3 - 996174460|942196787|false
10-25 19:50:06.755 I/System.out( 9651): 1|2|3 - 944133489|942196787|false
10-25 19:50:06.755 I/System.out( 9651): 1|2|3 - 978708081|942196787|false
10-25 19:50:06.755 I/System.out( 9651): 1|2|3 - 947 38 78 09|942196787|false
10-25 19:50:06.755 I/System.out( 9651): 1|2|3 - 947387809|942196787|false
10-25 19:50:06.755 I/System.out( 9651): 1|2|3 - 963 840 919|942196787|false
10-25 19:50:06.755 I/System.out( 9651): 1|2|3 - 963840919|942196787|false
10-25 19:50:06.755 I/System.out( 9651): 1|2|3 - +51995903962|942196787|false
10-25 19:50:06.755 I/System.out( 9651): 1|2|3 - 938 255 928|942196787|false
10-25 19:50:06.755 I/System.out( 9651): 1|2|3 - 938255928|942196787|false
10-25 19:50:06.755 I/System.out( 9651): 1|2|3 - 989 689 266|942196787|false
10-25 19:50:06.755 I/System.out( 9651): 1|2|3 - 989689266|942196787|false
10-25 19:50:06.755 I/System.out( 9651): 1|2|3 - 948378803|942196787|false
10-25 19:50:06.755 I/System.out( 9651): 1|2|3 - 973910852|942196787|false
10-25 19:50:06.755 I/System.out( 9651): 1|2|3 - 968 598 730|942196787|false
10-25 19:50:06.755 I/System.out( 9651): 1|2|3 - 942 196 787|942196787|false
10-25 19:50:06.758 I/System.out( 9651): 1|2|3 - 948 032 441|948340841|false
10-25 19:50:06.758 I/System.out( 9651): 1|2|3 - 961784246|948340841|false
10-25 19:50:06.761 I/System.out( 9651): 1|2|3 - 993530083|948340841|false
10-25 19:50:06.761 I/System.out( 9651): 1|2|3 - 948 378 765|948340841|false
10-25 19:50:06.761 I/System.out( 9651): 1|2|3 - 941 714 546|948340841|false
10-25 19:50:06.761 I/System.out( 9651): 1|2|3 - 941714546|948340841|false
10-25 19:50:06.761 I/System.out( 9651): 1|2|3 - #950848348|948340841|false
10-25 19:50:06.761 I/System.out( 9651): 1|2|3 - 948026005|948340841|false
10-25 19:50:06.765 I/System.out( 9651): 1|2|3 - 948832872|948340841|false
10-25 19:50:06.765 I/System.out( 9651): 1|2|3 - 965 778 989|948340841|false
10-25 19:50:06.765 I/System.out( 9651): 1|2|3 - 965778989|948340841|false
10-25 19:50:06.765 I/System.out( 9651): 1|2|3 - 944315456|948340841|false
10-25 19:50:06.765 I/System.out( 9651): 1|2|3 - 996 174 460|948340841|false
10-25 19:50:06.765 I/System.out( 9651): 1|2|3 - 996174460|948340841|false
10-25 19:50:06.765 I/System.out( 9651): 1|2|3 - 944133489|948340841|false
10-25 19:50:06.765 I/System.out( 9651): 1|2|3 - 978708081|948340841|false
10-25 19:50:06.765 I/System.out( 9651): 1|2|3 - 947 38 78 09|948340841|false
10-25 19:50:06.765 I/System.out( 9651): 1|2|3 - 947387809|948340841|false
10-25 19:50:06.765 I/System.out( 9651): 1|2|3 - 963 840 919|948340841|false
10-25 19:50:06.768 I/System.out( 9651): 1|2|3 - 963840919|948340841|false
10-25 19:50:06.768 I/System.out( 9651): 1|2|3 - +51995903962|948340841|false
10-25 19:50:06.768 I/System.out( 9651): 1|2|3 - 938 255 928|948340841|false
10-25 19:50:06.768 I/System.out( 9651): 1|2|3 - 938255928|948340841|false
10-25 19:50:06.768 I/System.out( 9651): 1|2|3 - 989 689 266|948340841|false
10-25 19:50:06.768 I/System.out( 9651): 1|2|3 - 989689266|948340841|false
10-25 19:50:06.775 I/System.out( 9651): 1|2|3 - 948378803|948340841|false
10-25 19:50:06.778 I/System.out( 9651): 1|2|3 - 973910852|948340841|false
10-25 19:50:06.778 I/System.out( 9651): 1|2|3 - 968 598 730|948340841|false
10-25 19:50:06.778 I/System.out( 9651): 1|2|3 - 942 196 787|948340841|false
10-25 19:50:06.778 I/System.out( 9651): 1|2|3 - 942196787|948340841|false
10-25 19:50:06.778 I/System.out( 9651): 1|2|3 - 948 032 441|948340841|false
10-25 19:50:06.781 I/System.out( 9651): 1|2|3 - 961784246|948340841|false
10-25 19:50:06.781 I/System.out( 9651): 1|2|3 - 993530083|948340841|false
10-25 19:50:06.785 I/System.out( 9651): 1|2|3 - 948 378 765|948340841|false
10-25 19:50:06.785 I/System.out( 9651): 1|2|3 - 941 714 546|948340841|false
10-25 19:50:06.785 I/System.out( 9651): 1|2|3 - 941714546|948340841|false
10-25 19:50:06.785 I/System.out( 9651): 1|2|3 - #950848348|948340841|false
10-25 19:50:06.785 I/System.out( 9651): 1|2|3 - 948026005|948340841|false
10-25 19:50:06.785 I/System.out( 9651): 1|2|3 - 948832872|948340841|false
10-25 19:50:06.785 I/System.out( 9651): 1|2|3 - 965 778 989|948340841|false
10-25 19:50:06.785 I/System.out( 9651): 1|2|3 - 965778989|948340841|false
10-25 19:50:06.785 I/System.out( 9651): 1|2|3 - 944315456|948340841|false
10-25 19:50:06.785 I/System.out( 9651): 1|2|3 - 996 174 460|948340841|false
10-25 19:50:06.785 I/System.out( 9651): 1|2|3 - 996174460|948340841|false
10-25 19:50:06.788 I/System.out( 9651): 1|2|3 - 944133489|948340841|false
10-25 19:50:06.788 I/System.out( 9651): 1|2|3 - 978708081|948340841|false
10-25 19:50:06.788 I/System.out( 9651): 1|2|3 - 947 38 78 09|948340841|false
10-25 19:50:06.788 I/System.out( 9651): 1|2|3 - 947387809|948340841|false
10-25 19:50:06.788 I/System.out( 9651): 1|2|3 - 963 840 919|948340841|false
10-25 19:50:06.788 I/System.out( 9651): 1|2|3 - 963840919|948340841|false
10-25 19:50:06.788 I/System.out( 9651): 1|2|3 - +51995903962|948340841|false
10-25 19:50:06.788 I/System.out( 9651): 1|2|3 - 938 255 928|948340841|false
10-25 19:50:06.788 I/System.out( 9651): 1|2|3 - 938255928|948340841|false
10-25 19:50:06.791 I/System.out( 9651): 1|2|3 - 989 689 266|948340841|false
10-25 19:50:06.791 I/System.out( 9651): 1|2|3 - 989689266|948340841|false
10-25 19:50:06.791 I/System.out( 9651): 1|2|3 - 948378803|948340841|false
10-25 19:50:06.791 I/System.out( 9651): 1|2|3 - 973910852|948340841|false
10-25 19:50:06.791 I/System.out( 9651): 1|2|3 - 968 598 730|948340841|false
10-25 19:50:06.795 I/System.out( 9651): 1|2|3 - 942 196 787|948340841|false
10-25 19:50:06.795 I/System.out( 9651): 1|2|3 - 942196787|948340841|false
10-25 19:50:06.795 I/System.out( 9651): 1|2|3 - 948340841|948340841|true
10-25 19:50:06.795 I/System.out( 9651): 1|2|3 - 948 032 441|947859009|false
10-25 19:50:06.795 I/System.out( 9651): 1|2|3 - 961784246|947859009|false
10-25 19:50:06.795 I/System.out( 9651): 1|2|3 - 993530083|947859009|false
10-25 19:50:06.795 I/System.out( 9651): 1|2|3 - 948 378 765|947859009|false
10-25 19:50:06.795 I/System.out( 9651): 1|2|3 - 941 714 546|947859009|false
10-25 19:50:06.795 I/System.out( 9651): 1|2|3 - 941714546|947859009|false
10-25 19:50:06.795 I/System.out( 9651): 1|2|3 - #950848348|947859009|false
10-25 19:50:06.795 I/System.out( 9651): 1|2|3 - 948026005|947859009|false
10-25 19:50:06.795 I/System.out( 9651): 1|2|3 - 948832872|947859009|false
10-25 19:50:06.795 I/System.out( 9651): 1|2|3 - 965 778 989|947859009|false
10-25 19:50:06.795 I/System.out( 9651): 1|2|3 - 965778989|947859009|false
10-25 19:50:06.795 I/System.out( 9651): 1|2|3 - 944315456|947859009|false
10-25 19:50:06.805 I/System.out( 9651): 1|2|3 - 996 174 460|947859009|false
10-25 19:50:06.805 I/System.out( 9651): 1|2|3 - 996174460|947859009|false
10-25 19:50:06.805 I/System.out( 9651): 1|2|3 - 944133489|947859009|false
10-25 19:50:06.805 I/System.out( 9651): 1|2|3 - 978708081|947859009|false
10-25 19:50:06.805 I/System.out( 9651): 1|2|3 - 947 38 78 09|947859009|false
10-25 19:50:06.805 I/System.out( 9651): 1|2|3 - 947387809|947859009|false
10-25 19:50:06.805 I/System.out( 9651): 1|2|3 - 963 840 919|947859009|false
10-25 19:50:06.805 I/System.out( 9651): 1|2|3 - 963840919|947859009|false
10-25 19:50:06.805 I/System.out( 9651): 1|2|3 - +51995903962|947859009|false
10-25 19:50:06.805 I/System.out( 9651): 1|2|3 - 938 255 928|947859009|false
10-25 19:50:06.805 I/System.out( 9651): 1|2|3 - 938255928|947859009|false
10-25 19:50:06.805 I/System.out( 9651): 1|2|3 - 989 689 266|947859009|false
10-25 19:50:06.808 I/System.out( 9651): 1|2|3 - 989689266|947859009|false
10-25 19:50:06.808 I/dalvikvm( 8952): Could not find method
android.app.AlarmManager.setWindow, referenced from method
com.google.android.apps.gsa.tasks.a.a
10-25 19:50:06.808 W/dalvikvm( 8952): VFY: unable to resolve virtual method 188:
Landroid/app/AlarmManager;.setWindow (IJJLandroid/app/PendingIntent;)V
10-25 19:50:06.808 D/dalvikvm( 8952): VFY: replacing opcode 0x74 at 0x002e
10-25 19:50:06.808 I/System.out( 9651): 1|2|3 - 948378803|947859009|false
10-25 19:50:06.808 I/System.out( 9651): 1|2|3 - 973910852|947859009|false
10-25 19:50:06.811 I/System.out( 9651): 1|2|3 - 968 598 730|947859009|false
10-25 19:50:06.811 I/System.out( 9651): 1|2|3 - 942 196 787|947859009|false
10-25 19:50:06.811 I/System.out( 9651): 1|2|3 - 942196787|947859009|false
10-25 19:50:06.811 I/System.out( 9651): 1|2|3 - 948340841|947859009|false
10-25 19:50:06.815 I/System.out( 9651): 1|2|3 - 948 032 441|947859009|false
10-25 19:50:06.818 I/System.out( 9651): 1|2|3 - 961784246|947859009|false
10-25 19:50:06.818 I/System.out( 9651): 1|2|3 - 993530083|947859009|false
10-25 19:50:06.818 I/System.out( 9651): 1|2|3 - 948 378 765|947859009|false
10-25 19:50:06.821 I/System.out( 9651): 1|2|3 - 941 714 546|947859009|false
10-25 19:50:06.821 I/System.out( 9651): 1|2|3 - 941714546|947859009|false
10-25 19:50:06.821 I/System.out( 9651): 1|2|3 - #950848348|947859009|false
10-25 19:50:06.821 I/System.out( 9651): 1|2|3 - 948026005|947859009|false
10-25 19:50:06.851 I/System.out( 9651): 1|2|3 - 948832872|947859009|false
10-25 19:50:06.851 I/System.out( 9651): 1|2|3 - 965 778 989|947859009|false
10-25 19:50:06.851 I/System.out( 9651): 1|2|3 - 965778989|947859009|false
10-25 19:50:06.851 I/System.out( 9651): 1|2|3 - 944315456|947859009|false
10-25 19:50:06.851 I/System.out( 9651): 1|2|3 - 996 174 460|947859009|false
10-25 19:50:06.851 I/System.out( 9651): 1|2|3 - 996174460|947859009|false
10-25 19:50:06.851 I/System.out( 9651): 1|2|3 - 944133489|947859009|false
10-25 19:50:06.851 I/System.out( 9651): 1|2|3 - 978708081|947859009|false
10-25 19:50:06.851 I/System.out( 9651): 1|2|3 - 947 38 78 09|947859009|false
10-25 19:50:06.851 I/System.out( 9651): 1|2|3 - 947387809|947859009|false
10-25 19:50:06.851 I/System.out( 9651): 1|2|3 - 963 840 919|947859009|false
10-25 19:50:06.851 I/System.out( 9651): 1|2|3 - 963840919|947859009|false
10-25 19:50:06.851 I/System.out( 9651): 1|2|3 - +51995903962|947859009|false
10-25 19:50:06.851 I/System.out( 9651): 1|2|3 - 938 255 928|947859009|false
10-25 19:50:06.851 I/System.out( 9651): 1|2|3 - 938255928|947859009|false
10-25 19:50:06.871 I/System.out( 9651): 1|2|3 - 989 689 266|947859009|false
10-25 19:50:06.871 I/System.out( 9651): 1|2|3 - 989689266|947859009|false
10-25 19:50:06.871 I/System.out( 9651): 1|2|3 - 948378803|947859009|false
10-25 19:50:06.871 I/System.out( 9651): 1|2|3 - 973910852|947859009|false
10-25 19:50:06.871 I/System.out( 9651): 1|2|3 - 968 598 730|947859009|false
