10-25 19:50:06.871 I/System.out( 9651): 1|2|3 - 942 196 787|947859009|false
10-25 19:50:06.871 I/System.out( 9651): 1|2|3 - 942196787|947859009|false
10-25 19:50:06.871 I/System.out( 9651): 1|2|3 - 948340841|947859009|false
10-25 19:50:06.871 I/System.out( 9651): 1|2|3 - 947859009|947859009|true
10-25 19:50:06.871 I/System.out( 9651): 1|2|3 - 948 032 441|924943258 |false
10-25 19:50:06.871 I/System.out( 9651): 1|2|3 - 961784246|924943258 |false
10-25 19:50:06.871 I/System.out( 9651): 1|2|3 - 993530083|924943258 |false
10-25 19:50:06.871 I/System.out( 9651): 1|2|3 - 948 378 765|924943258 |false
10-25 19:50:06.871 I/System.out( 9651): 1|2|3 - 941 714 546|924943258 |false
10-25 19:50:06.871 I/System.out( 9651): 1|2|3 - 941714546|924943258 |false
10-25 19:50:06.875 I/System.out( 9651): 1|2|3 - #950848348|924943258 |false
10-25 19:50:06.875 I/System.out( 9651): 1|2|3 - 948026005|924943258 |false
10-25 19:50:06.875 I/System.out( 9651): 1|2|3 - 948832872|924943258 |false
10-25 19:50:06.875 I/System.out( 9651): 1|2|3 - 965 778 989|924943258 |false
10-25 19:50:06.875 I/System.out( 9651): 1|2|3 - 965778989|924943258 |false
10-25 19:50:06.875 I/System.out( 9651): 1|2|3 - 944315456|924943258 |false
10-25 19:50:06.891 I/System.out( 9651): 1|2|3 - 996 174 460|924943258 |false
10-25 19:50:06.891 I/System.out( 9651): 1|2|3 - 996174460|924943258 |false
10-25 19:50:06.891 I/System.out( 9651): 1|2|3 - 944133489|924943258 |false
10-25 19:50:06.891 I/System.out( 9651): 1|2|3 - 978708081|924943258 |false
10-25 19:50:06.891 I/System.out( 9651): 1|2|3 - 947 38 78 09|924943258 |false
10-25 19:50:06.901 I/System.out( 9651): 1|2|3 - 947387809|924943258 |false
10-25 19:50:06.901 I/System.out( 9651): 1|2|3 - 963 840 919|924943258 |false
10-25 19:50:06.901 I/System.out( 9651): 1|2|3 - 963840919|924943258 |false
10-25 19:50:06.901 I/System.out( 9651): 1|2|3 - +51995903962|924943258 |false
10-25 19:50:06.901 I/System.out( 9651): 1|2|3 - 938 255 928|924943258 |false
10-25 19:50:06.901 I/System.out( 9651): 1|2|3 - 938255928|924943258 |false
10-25 19:50:06.901 I/System.out( 9651): 1|2|3 - 989 689 266|924943258 |false
10-25 19:50:06.901 I/System.out( 9651): 1|2|3 - 989689266|924943258 |false
10-25 19:50:06.901 I/System.out( 9651): 1|2|3 - 948378803|924943258 |false
10-25 19:50:06.901 I/System.out( 9651): 1|2|3 - 973910852|924943258 |false
10-25 19:50:06.901 I/System.out( 9651): 1|2|3 - 968 598 730|924943258 |false
10-25 19:50:06.901 I/System.out( 9651): 1|2|3 - 942 196 787|924943258 |false
10-25 19:50:06.901 I/System.out( 9651): 1|2|3 - 942196787|924943258 |false
10-25 19:50:06.901 I/System.out( 9651): 1|2|3 - 948340841|924943258 |false
10-25 19:50:06.901 I/System.out( 9651): 1|2|3 - 947859009|924943258 |false
10-25 19:50:06.901 I/System.out( 9651): 1|2|3 - 948 032 441|924943258 |false
10-25 19:50:06.901 I/System.out( 9651): 1|2|3 - 961784246|924943258 |false
10-25 19:50:06.901 I/System.out( 9651): 1|2|3 - 993530083|924943258 |false
10-25 19:50:06.905 I/System.out( 9651): 1|2|3 - 948 378 765|924943258 |false
10-25 19:50:06.905 I/System.out( 9651): 1|2|3 - 941 714 546|924943258 |false
10-25 19:50:06.905 I/System.out( 9651): 1|2|3 - 941714546|924943258 |false
10-25 19:50:06.905 I/System.out( 9651): 1|2|3 - #950848348|924943258 |false
10-25 19:50:06.905 I/System.out( 9651): 1|2|3 - 948026005|924943258 |false
10-25 19:50:06.905 I/System.out( 9651): 1|2|3 - 948832872|924943258 |false
10-25 19:50:06.911 I/System.out( 9651): 1|2|3 - 965 778 989|924943258 |false
10-25 19:50:06.915 I/System.out( 9651): 1|2|3 - 965778989|924943258 |false
10-25 19:50:06.915 I/System.out( 9651): 1|2|3 - 944315456|924943258 |false
10-25 19:50:06.915 I/System.out( 9651): 1|2|3 - 996 174 460|924943258 |false
10-25 19:50:06.915 I/System.out( 9651): 1|2|3 - 996174460|924943258 |false
10-25 19:50:06.918 W/dalvikvm( 8952): VFY: unable to find class referenced in
signature (Landroid/app/NotificationChannel;)
10-25 19:50:06.918 W/dalvikvm( 8952): VFY: unable to find class referenced in
signature (Landroid/app/NotificationChannel;)
10-25 19:50:06.918 W/dalvikvm( 8952): VFY: unable to find class referenced in
signature (Landroid/app/NotificationChannel;)
10-25 19:50:06.918 W/dalvikvm( 8952): VFY: unable to find class referenced in
signature (Landroid/app/NotificationChannel;)
10-25 19:50:06.918 E/dalvikvm( 8952): Could not find class
'android.app.NotificationChannel', referenced from method
com.google.android.apps.gsa.search.core.preferences.r.a
10-25 19:50:06.921 W/dalvikvm( 8952): VFY: unable to resolve check-cast 67
(Landroid/app/NotificationChannel;) in
Lcom/google/android/apps/gsa/search/core/preferences/r;
10-25 19:50:06.921 D/dalvikvm( 8952): VFY: replacing opcode 0x1f at 0x005d
10-25 19:50:06.921 W/dalvikvm( 8952): VFY: unable to find class referenced in
signature (Landroid/app/NotificationChannel;)
10-25 19:50:06.921 W/dalvikvm( 8952): VFY: unable to find class referenced in
signature (Landroid/app/NotificationChannel;)
10-25 19:50:06.921 E/dalvikvm( 8952): Could not find class
'android.app.NotificationChannel', referenced from method
com.google.android.apps.gsa.search.core.preferences.r.b
10-25 19:50:06.921 W/dalvikvm( 8952): VFY: unable to resolve new-instance 67
(Landroid/app/NotificationChannel;) in
Lcom/google/android/apps/gsa/search/core/preferences/r;
10-25 19:50:06.921 D/dalvikvm( 8952): VFY: replacing opcode 0x22 at 0x0001
10-25 19:50:06.921 D/dalvikvm( 8952): DexOpt: unable to opt direct call 0x015d at
0x03 in Lcom/google/android/apps/gsa/search/core/preferences/r;.b
10-25 19:50:06.925 I/System.out( 9651): 1|2|3 - 944133489|924943258 |false
10-25 19:50:06.925 I/System.out( 9651): 1|2|3 - 978708081|924943258 |false
10-25 19:50:06.925 I/System.out( 9651): 1|2|3 - 947 38 78 09|924943258 |false
10-25 19:50:06.928 I/System.out( 9651): 1|2|3 - 947387809|924943258 |false
10-25 19:50:06.928 I/System.out( 9651): 1|2|3 - 963 840 919|924943258 |false
10-25 19:50:06.941 I/System.out( 9651): 1|2|3 - 963840919|924943258 |false
10-25 19:50:06.941 I/System.out( 9651): 1|2|3 - +51995903962|924943258 |false
10-25 19:50:06.941 I/System.out( 9651): 1|2|3 - 938 255 928|924943258 |false
10-25 19:50:06.941 I/System.out( 9651): 1|2|3 - 938255928|924943258 |false
10-25 19:50:06.945 I/System.out( 9651): 1|2|3 - 989 689 266|924943258 |false
10-25 19:50:06.945 I/System.out( 9651): 1|2|3 - 989689266|924943258 |false
10-25 19:50:06.945 I/System.out( 9651): 1|2|3 - 948378803|924943258 |false
10-25 19:50:06.945 I/System.out( 9651): 1|2|3 - 973910852|924943258 |false
10-25 19:50:06.945 I/System.out( 9651): 1|2|3 - 968 598 730|924943258 |false
10-25 19:50:06.945 I/System.out( 9651): 1|2|3 - 942 196 787|924943258 |false
10-25 19:50:06.945 I/System.out( 9651): 1|2|3 - 942196787|924943258 |false
10-25 19:50:06.945 I/System.out( 9651): 1|2|3 - 948340841|924943258 |false
10-25 19:50:06.945 I/System.out( 9651): 1|2|3 - 947859009|924943258 |false
10-25 19:50:06.948 I/System.out( 9651): 1|2|3 - 924943258 |924943258 |true
10-25 19:50:06.975 I/MultiDex( 9908): install done
10-25 19:50:06.995 I/System.out( 9651): 1|2|3 - 948 032 441|989112799|false
10-25 19:50:06.995 I/System.out( 9651): 1|2|3 - 961784246|989112799|false
10-25 19:50:06.995 I/System.out( 9651): 1|2|3 - 993530083|989112799|false
10-25 19:50:07.015 I/System.out( 9651): 1|2|3 - 948 378 765|989112799|false
10-25 19:50:07.015 I/System.out( 9651): 1|2|3 - 941 714 546|989112799|false
10-25 19:50:07.015 I/System.out( 9651): 1|2|3 - 941714546|989112799|false
10-25 19:50:07.015 I/System.out( 9651): 1|2|3 - #950848348|989112799|false
10-25 19:50:07.015 I/System.out( 9651): 1|2|3 - 948026005|989112799|false
10-25 19:50:07.015 I/System.out( 9651): 1|2|3 - 948832872|989112799|false
10-25 19:50:07.015 I/System.out( 9651): 1|2|3 - 965 778 989|989112799|false
10-25 19:50:07.015 I/System.out( 9651): 1|2|3 - 965778989|989112799|false
10-25 19:50:07.021 I/System.out( 9651): 1|2|3 - 944315456|989112799|false
10-25 19:50:07.028 I/System.out( 9651): 1|2|3 - 996 174 460|989112799|false
10-25 19:50:07.028 I/System.out( 9651): 1|2|3 - 996174460|989112799|false
10-25 19:50:07.028 I/System.out( 9651): 1|2|3 - 944133489|989112799|false
10-25 19:50:07.031 I/System.out( 9651): 1|2|3 - 978708081|989112799|false
10-25 19:50:07.045 I/System.out( 9651): 1|2|3 - 947 38 78 09|989112799|false
10-25 19:50:07.048 I/System.out( 9651): 1|2|3 - 947387809|989112799|false
10-25 19:50:07.051 I/System.out( 9651): 1|2|3 - 963 840 919|989112799|false
10-25 19:50:07.051 I/System.out( 9651): 1|2|3 - 963840919|989112799|false
10-25 19:50:07.051 I/System.out( 9651): 1|2|3 - +51995903962|989112799|false
10-25 19:50:07.051 I/System.out( 9651): 1|2|3 - 938 255 928|989112799|false
10-25 19:50:07.051 I/System.out( 9651): 1|2|3 - 938255928|989112799|false
10-25 19:50:07.051 I/System.out( 9651): 1|2|3 - 989 689 266|989112799|false
10-25 19:50:07.055 I/System.out( 9651): 1|2|3 - 989689266|989112799|false
10-25 19:50:07.055 I/System.out( 9651): 1|2|3 - 948378803|989112799|false
10-25 19:50:07.055 I/System.out( 9651): 1|2|3 - 973910852|989112799|false
10-25 19:50:07.055 I/System.out( 9651): 1|2|3 - 968 598 730|989112799|false
10-25 19:50:07.055 I/System.out( 9651): 1|2|3 - 942 196 787|989112799|false
10-25 19:50:07.055 I/System.out( 9651): 1|2|3 - 942196787|989112799|false
10-25 19:50:07.055 I/System.out( 9651): 1|2|3 - 948340841|989112799|false
10-25 19:50:07.055 I/System.out( 9651): 1|2|3 - 947859009|989112799|false
10-25 19:50:07.055 I/System.out( 9651): 1|2|3 - 924943258 |989112799|false
10-25 19:50:07.055 I/System.out( 9651): 1|2|3 - 948 032 441|947 705 156|false
10-25 19:50:07.055 I/System.out( 9651): 1|2|3 - 961784246|947 705 156|false
10-25 19:50:07.058 I/System.out( 9651): 1|2|3 - 993530083|947 705 156|false
10-25 19:50:07.058 I/System.out( 9651): 1|2|3 - 948 378 765|947 705 156|false
10-25 19:50:07.058 I/System.out( 9651): 1|2|3 - 941 714 546|947 705 156|false
10-25 19:50:07.058 I/System.out( 9651): 1|2|3 - 941714546|947 705 156|false
10-25 19:50:07.058 I/System.out( 9651): 1|2|3 - #950848348|947 705 156|false
10-25 19:50:07.058 I/System.out( 9651): 1|2|3 - 948026005|947 705 156|false
10-25 19:50:07.058 I/System.out( 9651): 1|2|3 - 948832872|947 705 156|false
10-25 19:50:07.061 I/System.out( 9651): 1|2|3 - 965 778 989|947 705 156|false
10-25 19:50:07.061 I/System.out( 9651): 1|2|3 - 965778989|947 705 156|false
10-25 19:50:07.061 I/System.out( 9651): 1|2|3 - 944315456|947 705 156|false
10-25 19:50:07.061 I/System.out( 9651): 1|2|3 - 996 174 460|947 705 156|false
10-25 19:50:07.061 I/System.out( 9651): 1|2|3 - 996174460|947 705 156|false
10-25 19:50:07.061 I/System.out( 9651): 1|2|3 - 944133489|947 705 156|false
10-25 19:50:07.061 I/System.out( 9651): 1|2|3 - 978708081|947 705 156|false
10-25 19:50:07.061 I/System.out( 9651): 1|2|3 - 947 38 78 09|947 705 156|false
10-25 19:50:07.061 I/System.out( 9651): 1|2|3 - 947387809|947 705 156|false
10-25 19:50:07.061 I/System.out( 9651): 1|2|3 - 963 840 919|947 705 156|false
10-25 19:50:07.061 I/System.out( 9651): 1|2|3 - 963840919|947 705 156|false
10-25 19:50:07.061 I/System.out( 9651): 1|2|3 - +51995903962|947 705 156|false
10-25 19:50:07.061 I/System.out( 9651): 1|2|3 - 938 255 928|947 705 156|false
10-25 19:50:07.061 I/System.out( 9651): 1|2|3 - 938255928|947 705 156|false
10-25 19:50:07.061 I/System.out( 9651): 1|2|3 - 989 689 266|947 705 156|false
10-25 19:50:07.061 I/System.out( 9651): 1|2|3 - 989689266|947 705 156|false
10-25 19:50:07.061 I/System.out( 9651): 1|2|3 - 948378803|947 705 156|false
10-25 19:50:07.061 I/System.out( 9651): 1|2|3 - 973910852|947 705 156|false
10-25 19:50:07.065 I/System.out( 9651): 1|2|3 - 968 598 730|947 705 156|false
10-25 19:50:07.091 I/System.out( 9651): 1|2|3 - 942 196 787|947 705 156|false
10-25 19:50:07.095 I/System.out( 9651): 1|2|3 - 942196787|947 705 156|false
10-25 19:50:07.098 I/System.out( 9651): 1|2|3 - 948340841|947 705 156|false
10-25 19:50:07.111 I/System.out( 9651): 1|2|3 - 947859009|947 705 156|false
10-25 19:50:07.111 I/System.out( 9651): 1|2|3 - 924943258 |947 705 156|false
10-25 19:50:07.115 I/System.out( 9651): 1|2|3 - 989112799|947 705 156|false
10-25 19:50:07.115 I/System.out( 9651): 1|2|3 - 948 032 441|990550758|false
10-25 19:50:07.115 I/System.out( 9651): 1|2|3 - 961784246|990550758|false
10-25 19:50:07.118 I/System.out( 9651): 1|2|3 - 993530083|990550758|false
10-25 19:50:07.121 I/System.out( 9651): 1|2|3 - 948 378 765|990550758|false
10-25 19:50:07.121 I/System.out( 9651): 1|2|3 - 941 714 546|990550758|false
10-25 19:50:07.121 I/System.out( 9651): 1|2|3 - 941714546|990550758|false
10-25 19:50:07.125 I/System.out( 9651): 1|2|3 - #950848348|990550758|false
10-25 19:50:07.131 I/System.out( 9651): 1|2|3 - 948026005|990550758|false
10-25 19:50:07.131 I/System.out( 9651): 1|2|3 - 948832872|990550758|false
10-25 19:50:07.131 I/System.out( 9651): 1|2|3 - 965 778 989|990550758|false
10-25 19:50:07.131 I/System.out( 9651): 1|2|3 - 965778989|990550758|false
10-25 19:50:07.131 I/System.out( 9651): 1|2|3 - 944315456|990550758|false
10-25 19:50:07.131 I/System.out( 9651): 1|2|3 - 996 174 460|990550758|false
10-25 19:50:07.131 I/System.out( 9651): 1|2|3 - 996174460|990550758|false
10-25 19:50:07.131 I/System.out( 9651): 1|2|3 - 944133489|990550758|false
10-25 19:50:07.135 I/System.out( 9651): 1|2|3 - 978708081|990550758|false
10-25 19:50:07.135 I/System.out( 9651): 1|2|3 - 947 38 78 09|990550758|false
10-25 19:50:07.135 I/System.out( 9651): 1|2|3 - 947387809|990550758|false
10-25 19:50:07.135 I/System.out( 9651): 1|2|3 - 963 840 919|990550758|false
10-25 19:50:07.135 I/System.out( 9651): 1|2|3 - 963840919|990550758|false
10-25 19:50:07.141 I/System.out( 9651): 1|2|3 - +51995903962|990550758|false
10-25 19:50:07.145 I/System.out( 9651): 1|2|3 - 938 255 928|990550758|false
10-25 19:50:07.145 I/System.out( 9651): 1|2|3 - 938255928|990550758|false
10-25 19:50:07.148 I/System.out( 9651): 1|2|3 - 989 689 266|990550758|false
10-25 19:50:07.148 I/System.out( 9651): 1|2|3 - 989689266|990550758|false
10-25 19:50:07.151 I/System.out( 9651): 1|2|3 - 948378803|990550758|false
10-25 19:50:07.151 I/System.out( 9651): 1|2|3 - 973910852|990550758|false
10-25 19:50:07.151 I/System.out( 9651): 1|2|3 - 968 598 730|990550758|false
10-25 19:50:07.151 I/System.out( 9651): 1|2|3 - 942 196 787|990550758|false
10-25 19:50:07.151 I/System.out( 9651): 1|2|3 - 942196787|990550758|false
10-25 19:50:07.151 I/System.out( 9651): 1|2|3 - 948340841|990550758|false
10-25 19:50:07.155 I/System.out( 9651): 1|2|3 - 947859009|990550758|false
10-25 19:50:07.155 I/System.out( 9651): 1|2|3 - 924943258 |990550758|false
10-25 19:50:07.155 I/System.out( 9651): 1|2|3 - 989112799|990550758|false
10-25 19:50:07.155 I/System.out( 9651): 1|2|3 - 947 705 156|990550758|false
10-25 19:50:07.155 I/System.out( 9651): 1|2|3 - 948 032 441|990550758|false
10-25 19:50:07.158 I/System.out( 9651): 1|2|3 - 961784246|990550758|false
10-25 19:50:07.158 I/System.out( 9651): 1|2|3 - 993530083|990550758|false
10-25 19:50:07.158 I/System.out( 9651): 1|2|3 - 948 378 765|990550758|false
10-25 19:50:07.158 I/System.out( 9651): 1|2|3 - 941 714 546|990550758|false
10-25 19:50:07.161 I/System.out( 9651): 1|2|3 - 941714546|990550758|false
10-25 19:50:07.168 I/System.out( 9651): 1|2|3 - #950848348|990550758|false
10-25 19:50:07.171 I/System.out( 9651): 1|2|3 - 948026005|990550758|false
10-25 19:50:07.171 I/System.out( 9651): 1|2|3 - 948832872|990550758|false
10-25 19:50:07.175 I/System.out( 9651): 1|2|3 - 965 778 989|990550758|false
10-25 19:50:07.175 I/System.out( 9651): 1|2|3 - 965778989|990550758|false
10-25 19:50:07.175 I/System.out( 9651): 1|2|3 - 944315456|990550758|false
10-25 19:50:07.175 I/System.out( 9651): 1|2|3 - 996 174 460|990550758|false
10-25 19:50:07.175 I/System.out( 9651): 1|2|3 - 996174460|990550758|false
10-25 19:50:07.175 I/System.out( 9651): 1|2|3 - 944133489|990550758|false
10-25 19:50:07.178 I/System.out( 9651): 1|2|3 - 978708081|990550758|false
10-25 19:50:07.178 I/System.out( 9651): 1|2|3 - 947 38 78 09|990550758|false
10-25 19:50:07.181 I/System.out( 9651): 1|2|3 - 947387809|990550758|false
10-25 19:50:07.181 I/System.out( 9651): 1|2|3 - 963 840 919|990550758|false
10-25 19:50:07.181 I/System.out( 9651): 1|2|3 - 963840919|990550758|false
10-25 19:50:07.181 I/System.out( 9651): 1|2|3 - +51995903962|990550758|false
10-25 19:50:07.181 I/System.out( 9651): 1|2|3 - 938 255 928|990550758|false
10-25 19:50:07.181 I/System.out( 9651): 1|2|3 - 938255928|990550758|false
10-25 19:50:07.181 I/System.out( 9651): 1|2|3 - 989 689 266|990550758|false
10-25 19:50:07.185 I/System.out( 9651): 1|2|3 - 989689266|990550758|false
10-25 19:50:07.185 I/System.out( 9651): 1|2|3 - 948378803|990550758|false
10-25 19:50:07.185 I/System.out( 9651): 1|2|3 - 973910852|990550758|false
10-25 19:50:07.185 I/System.out( 9651): 1|2|3 - 968 598 730|990550758|false
10-25 19:50:07.185 I/System.out( 9651): 1|2|3 - 942 196 787|990550758|false
10-25 19:50:07.188 I/System.out( 9651): 1|2|3 - 942196787|990550758|false
10-25 19:50:07.191 I/System.out( 9651): 1|2|3 - 948340841|990550758|false
10-25 19:50:07.191 I/System.out( 9651): 1|2|3 - 947859009|990550758|false
10-25 19:50:07.191 I/System.out( 9651): 1|2|3 - 924943258 |990550758|false
10-25 19:50:07.191 I/System.out( 9651): 1|2|3 - 989112799|990550758|false
10-25 19:50:07.195 I/System.out( 9651): 1|2|3 - 947 705 156|990550758|false
10-25 19:50:07.195 I/System.out( 9651): 1|2|3 - 990550758|990550758|true
10-25 19:50:07.198 I/System.out( 9651): 1|2|3 - 948 032 441|968 379 448|false
10-25 19:50:07.201 I/System.out( 9651): 1|2|3 - 961784246|968 379 448|false
10-25 19:50:07.201 I/System.out( 9651): 1|2|3 - 993530083|968 379 448|false
10-25 19:50:07.201 I/System.out( 9651): 1|2|3 - 948 378 765|968 379 448|false
10-25 19:50:07.205 I/System.out( 9651): 1|2|3 - 941 714 546|968 379 448|false
10-25 19:50:07.211 I/System.out( 9651): 1|2|3 - 941714546|968 379 448|false
10-25 19:50:07.211 I/System.out( 9651): 1|2|3 - #950848348|968 379 448|false
10-25 19:50:07.211 I/System.out( 9651): 1|2|3 - 948026005|968 379 448|false
10-25 19:50:07.211 I/System.out( 9651): 1|2|3 - 948832872|968 379 448|false
10-25 19:50:07.211 I/System.out( 9651): 1|2|3 - 965 778 989|968 379 448|false
10-25 19:50:07.211 I/System.out( 9651): 1|2|3 - 965778989|968 379 448|false
10-25 19:50:07.211 I/System.out( 9651): 1|2|3 - 944315456|968 379 448|false
10-25 19:50:07.211 I/System.out( 9651): 1|2|3 - 996 174 460|968 379 448|false
10-25 19:50:07.211 I/System.out( 9651): 1|2|3 - 996174460|968 379 448|false
10-25 19:50:07.211 I/System.out( 9651): 1|2|3 - 944133489|968 379 448|false
10-25 19:50:07.211 I/System.out( 9651): 1|2|3 - 978708081|968 379 448|false
10-25 19:50:07.215 I/System.out( 9651): 1|2|3 - 947 38 78 09|968 379 448|false
10-25 19:50:07.215 I/System.out( 9651): 1|2|3 - 947387809|968 379 448|false
10-25 19:50:07.221 I/System.out( 9651): 1|2|3 - 963 840 919|968 379 448|false
10-25 19:50:07.221 I/System.out( 9651): 1|2|3 - 963840919|968 379 448|false
10-25 19:50:07.221 I/System.out( 9651): 1|2|3 - +51995903962|968 379 448|false
10-25 19:50:07.221 I/System.out( 9651): 1|2|3 - 938 255 928|968 379 448|false
10-25 19:50:07.221 I/System.out( 9651): 1|2|3 - 938255928|968 379 448|false
10-25 19:50:07.221 I/System.out( 9651): 1|2|3 - 989 689 266|968 379 448|false
10-25 19:50:07.221 I/System.out( 9651): 1|2|3 - 989689266|968 379 448|false
10-25 19:50:07.221 I/System.out( 9651): 1|2|3 - 948378803|968 379 448|false
10-25 19:50:07.221 I/System.out( 9651): 1|2|3 - 973910852|968 379 448|false
10-25 19:50:07.221 I/System.out( 9651): 1|2|3 - 968 598 730|968 379 448|false
10-25 19:50:07.221 I/System.out( 9651): 1|2|3 - 942 196 787|968 379 448|false
10-25 19:50:07.221 I/System.out( 9651): 1|2|3 - 942196787|968 379 448|false
10-25 19:50:07.221 I/System.out( 9651): 1|2|3 - 948340841|968 379 448|false
10-25 19:50:07.221 I/System.out( 9651): 1|2|3 - 947859009|968 379 448|false
10-25 19:50:07.225 I/System.out( 9651): 1|2|3 - 924943258 |968 379 448|false
10-25 19:50:07.225 I/System.out( 9651): 1|2|3 - 989112799|968 379 448|false
10-25 19:50:07.225 I/System.out( 9651): 1|2|3 - 947 705 156|968 379 448|false
10-25 19:50:07.228 E/searchLog( 9651): ON CONNECTED
10-25 19:50:07.235 I/System.out( 9651): 1|2|3 - 990550758|968 379 448|false
10-25 19:50:07.235 I/System.out( 9651): 1|2|3 - 948 032 441|968379448|false
10-25 19:50:07.235 I/System.out( 9651): 1|2|3 - 961784246|968379448|false
10-25 19:50:07.235 I/System.out( 9651): 1|2|3 - 993530083|968379448|false
10-25 19:50:07.241 I/System.out( 9651): 1|2|3 - 948 378 765|968379448|false
10-25 19:50:07.241 I/System.out( 9651): 1|2|3 - 941 714 546|968379448|false
10-25 19:50:07.241 I/System.out( 9651): 1|2|3 - 941714546|968379448|false
10-25 19:50:07.241 I/System.out( 9651): 1|2|3 - #950848348|968379448|false
10-25 19:50:07.241 I/System.out( 9651): 1|2|3 - 948026005|968379448|false
10-25 19:50:07.241 I/System.out( 9651): 1|2|3 - 948832872|968379448|false
10-25 19:50:07.245 I/System.out( 9651): 1|2|3 - 965 778 989|968379448|false
10-25 19:50:07.245 I/System.out( 9651): 1|2|3 - 965778989|968379448|false
10-25 19:50:07.245 I/System.out( 9651): 1|2|3 - 944315456|968379448|false
10-25 19:50:07.245 I/System.out( 9651): 1|2|3 - 996 174 460|968379448|false
10-25 19:50:07.248 I/System.out( 9651): 1|2|3 - 996174460|968379448|false
10-25 19:50:07.251 I/System.out( 9651): 1|2|3 - 944133489|968379448|false
10-25 19:50:07.251 I/System.out( 9651): 1|2|3 - 978708081|968379448|false
10-25 19:50:07.255 I/System.out( 9651): 1|2|3 - 947 38 78 09|968379448|false
10-25 19:50:07.255 I/System.out( 9651): 1|2|3 - 947387809|968379448|false
10-25 19:50:07.255 I/System.out( 9651): 1|2|3 - 963 840 919|968379448|false
10-25 19:50:07.255 I/System.out( 9651): 1|2|3 - 963840919|968379448|false
10-25 19:50:07.255 I/System.out( 9651): 1|2|3 - +51995903962|968379448|false
10-25 19:50:07.255 I/System.out( 9651): 1|2|3 - 938 255 928|968379448|false
10-25 19:50:07.258 I/System.out( 9651): 1|2|3 - 938255928|968379448|false
10-25 19:50:07.258 I/System.out( 9651): 1|2|3 - 989 689 266|968379448|false
10-25 19:50:07.261 I/System.out( 9651): 1|2|3 - 989689266|968379448|false
10-25 19:50:07.261 I/System.out( 9651): 1|2|3 - 948378803|968379448|false
10-25 19:50:07.261 I/System.out( 9651): 1|2|3 - 973910852|968379448|false
10-25 19:50:07.261 I/System.out( 9651): 1|2|3 - 968 598 730|968379448|false
10-25 19:50:07.261 I/System.out( 9651): 1|2|3 - 942 196 787|968379448|false
10-25 19:50:07.261 I/System.out( 9651): 1|2|3 - 942196787|968379448|false
10-25 19:50:07.265 I/System.out( 9651): 1|2|3 - 948340841|968379448|false
10-25 19:50:07.265 I/System.out( 9651): 1|2|3 - 947859009|968379448|false
10-25 19:50:07.265 I/System.out( 9651): 1|2|3 - 924943258 |968379448|false
10-25 19:50:07.265 I/System.out( 9651): 1|2|3 - 989112799|968379448|false
10-25 19:50:07.265 I/System.out( 9651): 1|2|3 - 947 705 156|968379448|false
10-25 19:50:07.268 I/System.out( 9651): 1|2|3 - 990550758|968379448|false
10-25 19:50:07.268 I/System.out( 9651): 1|2|3 - 968 379 448|968379448|false
10-25 19:50:07.268 I/System.out( 9651): 1|2|3 - 948 032 441|987 914 057|false
10-25 19:50:07.271 I/System.out( 9651): 1|2|3 - 961784246|987 914 057|false
10-25 19:50:07.271 I/System.out( 9651): 1|2|3 - 993530083|987 914 057|false
10-25 19:50:07.275 I/System.out( 9651): 1|2|3 - 948 378 765|987 914 057|false
10-25 19:50:07.275 I/System.out( 9651): 1|2|3 - 941 714 546|987 914 057|false
10-25 19:50:07.275 I/System.out( 9651): 1|2|3 - 941714546|987 914 057|false
10-25 19:50:07.275 I/System.out( 9651): 1|2|3 - #950848348|987 914 057|false
10-25 19:50:07.278 I/System.out( 9651): 1|2|3 - 948026005|987 914 057|false
10-25 19:50:07.278 I/System.out( 9651): 1|2|3 - 948832872|987 914 057|false
10-25 19:50:07.278 I/System.out( 9651): 1|2|3 - 965 778 989|987 914 057|false
10-25 19:50:07.281 I/System.out( 9651): 1|2|3 - 965778989|987 914 057|false
10-25 19:50:07.285 I/System.out( 9651): 1|2|3 - 944315456|987 914 057|false
10-25 19:50:07.285 I/System.out( 9651): 1|2|3 - 996 174 460|987 914 057|false
10-25 19:50:07.288 I/System.out( 9651): 1|2|3 - 996174460|987 914 057|false
10-25 19:50:07.291 I/System.out( 9651): 1|2|3 - 944133489|987 914 057|false
10-25 19:50:07.295 I/System.out( 9651): 1|2|3 - 978708081|987 914 057|false
10-25 19:50:07.301 I/System.out( 9651): 1|2|3 - 947 38 78 09|987 914 057|false
10-25 19:50:07.301 I/System.out( 9651): 1|2|3 - 947387809|987 914 057|false
10-25 19:50:07.305 I/System.out( 9651): 1|2|3 - 963 840 919|987 914 057|false
10-25 19:50:07.305 I/System.out( 9651): 1|2|3 - 963840919|987 914 057|false
10-25 19:50:07.305 I/System.out( 9651): 1|2|3 - +51995903962|987 914 057|false
10-25 19:50:07.305 I/System.out( 9651): 1|2|3 - 938 255 928|987 914 057|false
10-25 19:50:07.305 I/System.out( 9651): 1|2|3 - 938255928|987 914 057|false
10-25 19:50:07.305 I/System.out( 9651): 1|2|3 - 989 689 266|987 914 057|false
10-25 19:50:07.308 I/System.out( 9651): 1|2|3 - 989689266|987 914 057|false
10-25 19:50:07.308 I/System.out( 9651): 1|2|3 - 948378803|987 914 057|false
10-25 19:50:07.308 I/System.out( 9651): 1|2|3 - 973910852|987 914 057|false
10-25 19:50:07.308 I/System.out( 9651): 1|2|3 - 968 598 730|987 914 057|false
10-25 19:50:07.308 I/System.out( 9651): 1|2|3 - 942 196 787|987 914 057|false
10-25 19:50:07.308 I/System.out( 9651): 1|2|3 - 942196787|987 914 057|false
10-25 19:50:07.308 I/System.out( 9651): 1|2|3 - 948340841|987 914 057|false
10-25 19:50:07.311 I/System.out( 9651): 1|2|3 - 947859009|987 914 057|false
10-25 19:50:07.311 I/System.out( 9651): 1|2|3 - 924943258 |987 914 057|false
10-25 19:50:07.311 I/System.out( 9651): 1|2|3 - 989112799|987 914 057|false
10-25 19:50:07.311 I/System.out( 9651): 1|2|3 - 947 705 156|987 914 057|false
10-25 19:50:07.311 I/System.out( 9651): 1|2|3 - 990550758|987 914 057|false
10-25 19:50:07.311 I/System.out( 9651): 1|2|3 - 968 379 448|987 914 057|false
10-25 19:50:07.311 I/System.out( 9651): 1|2|3 - 968379448|987 914 057|false
10-25 19:50:07.315 I/System.out( 9651): 1|2|3 - 948 032 441|987914057|false
10-25 19:50:07.321 I/System.out( 9651): 1|2|3 - 961784246|987914057|false
10-25 19:50:07.321 I/System.out( 9651): 1|2|3 - 993530083|987914057|false
10-25 19:50:07.321 I/System.out( 9651): 1|2|3 - 948 378 765|987914057|false
10-25 19:50:07.331 I/System.out( 9651): 1|2|3 - 941 714 546|987914057|false
10-25 19:50:07.331 I/System.out( 9651): 1|2|3 - 941714546|987914057|false
10-25 19:50:07.335 I/System.out( 9651): 1|2|3 - #950848348|987914057|false
10-25 19:50:07.335 I/System.out( 9651): 1|2|3 - 948026005|987914057|false
10-25 19:50:07.345 E/searchLog( 9651): ON CONNECTED: ? false
10-25 19:50:07.355 I/System.out( 9651): 1|2|3 - 948832872|987914057|false
10-25 19:50:07.355 I/System.out( 9651): 1|2|3 - 965 778 989|987914057|false
10-25 19:50:07.355 I/System.out( 9651): 1|2|3 - 965778989|987914057|false
10-25 19:50:07.355 I/System.out( 9651): 1|2|3 - 944315456|987914057|false
10-25 19:50:07.355 I/System.out( 9651): 1|2|3 - 996 174 460|987914057|false
10-25 19:50:07.355 I/System.out( 9651): 1|2|3 - 996174460|987914057|false
10-25 19:50:07.358 I/System.out( 9651): 1|2|3 - 944133489|987914057|false
10-25 19:50:07.358 I/System.out( 9651): 1|2|3 - 978708081|987914057|false
10-25 19:50:07.358 I/System.out( 9651): 1|2|3 - 947 38 78 09|987914057|false
10-25 19:50:07.358 I/System.out( 9651): 1|2|3 - 947387809|987914057|false
10-25 19:50:07.358 I/System.out( 9651): 1|2|3 - 963 840 919|987914057|false
10-25 19:50:07.358 I/System.out( 9651): 1|2|3 - 963840919|987914057|false
10-25 19:50:07.358 I/System.out( 9651): 1|2|3 - +51995903962|987914057|false
10-25 19:50:07.358 I/System.out( 9651): 1|2|3 - 938 255 928|987914057|false
10-25 19:50:07.361 I/System.out( 9651): 1|2|3 - 938255928|987914057|false
10-25 19:50:07.361 I/System.out( 9651): 1|2|3 - 989 689 266|987914057|false
10-25 19:50:07.361 I/System.out( 9651): 1|2|3 - 989689266|987914057|false
10-25 19:50:07.361 I/System.out( 9651): 1|2|3 - 948378803|987914057|false
10-25 19:50:07.361 I/System.out( 9651): 1|2|3 - 973910852|987914057|false
10-25 19:50:07.361 I/System.out( 9651): 1|2|3 - 968 598 730|987914057|false
10-25 19:50:07.361 I/System.out( 9651): 1|2|3 - 942 196 787|987914057|false
10-25 19:50:07.361 I/System.out( 9651): 1|2|3 - 942196787|987914057|false
10-25 19:50:07.361 I/System.out( 9651): 1|2|3 - 948340841|987914057|false
10-25 19:50:07.361 I/System.out( 9651): 1|2|3 - 947859009|987914057|false
10-25 19:50:07.365 I/System.out( 9651): 1|2|3 - 924943258 |987914057|false
10-25 19:50:07.365 I/System.out( 9651): 1|2|3 - 989112799|987914057|false
10-25 19:50:07.365 I/System.out( 9651): 1|2|3 - 947 705 156|987914057|false
10-25 19:50:07.365 I/System.out( 9651): 1|2|3 - 990550758|987914057|false
10-25 19:50:07.368 I/System.out( 9651): 1|2|3 - 968 379 448|987914057|false
10-25 19:50:07.368 I/System.out( 9651): 1|2|3 - 968379448|987914057|false
10-25 19:50:07.368 I/System.out( 9651): 1|2|3 - 987 914 057|987914057|false
10-25 19:50:07.368 I/System.out( 9651): 1|2|3 - 948 032 441|986 787 192|false
10-25 19:50:07.378 I/System.out( 9651): 1|2|3 - 961784246|986 787 192|false
10-25 19:50:07.381 I/System.out( 9651): 1|2|3 - 993530083|986 787 192|false
10-25 19:50:07.381 I/System.out( 9651): 1|2|3 - 948 378 765|986 787 192|false
10-25 19:50:07.385 I/System.out( 9651): 1|2|3 - 941 714 546|986 787 192|false
10-25 19:50:07.385 I/System.out( 9651): 1|2|3 - 941714546|986 787 192|false
10-25 19:50:07.385 I/System.out( 9651): 1|2|3 - #950848348|986 787 192|false
10-25 19:50:07.385 I/System.out( 9651): 1|2|3 - 948026005|986 787 192|false
10-25 19:50:07.388 I/System.out( 9651): 1|2|3 - 948832872|986 787 192|false
10-25 19:50:07.388 I/System.out( 9651): 1|2|3 - 965 778 989|986 787 192|false
10-25 19:50:07.388 W/GCoreFlp( 5719): No location to return for getLastLocation()
10-25 19:50:07.388 I/System.out( 9651): 1|2|3 - 965778989|986 787 192|false
10-25 19:50:07.395 I/System.out( 9651): 1|2|3 - 944315456|986 787 192|false
10-25 19:50:07.395 I/System.out( 9651): 1|2|3 - 996 174 460|986 787 192|false
10-25 19:50:07.395 I/System.out( 9651): 1|2|3 - 996174460|986 787 192|false
10-25 19:50:07.395 I/System.out( 9651): 1|2|3 - 944133489|986 787 192|false
10-25 19:50:07.395 I/System.out( 9651): 1|2|3 - 978708081|986 787 192|false
10-25 19:50:07.395 I/System.out( 9651): 1|2|3 - 947 38 78 09|986 787 192|false
10-25 19:50:07.395 I/System.out( 9651): 1|2|3 - 947387809|986 787 192|false
10-25 19:50:07.395 I/System.out( 9651): 1|2|3 - 963 840 919|986 787 192|false
10-25 19:50:07.398 I/System.out( 9651): 1|2|3 - 963840919|986 787 192|false
10-25 19:50:07.401 I/System.out( 9651): 1|2|3 - +51995903962|986 787 192|false
10-25 19:50:07.401 I/System.out( 9651): 1|2|3 - 938 255 928|986 787 192|false
10-25 19:50:07.405 I/System.out( 9651): 1|2|3 - 938255928|986 787 192|false
10-25 19:50:07.405 W/GCoreFlp( 5719): No location to return for getLastLocation()
10-25 19:50:07.408 I/System.out( 9651): 1|2|3 - 989 689 266|986 787 192|false
10-25 19:50:07.408 I/System.out( 9651): 1|2|3 - 989689266|986 787 192|false
10-25 19:50:07.411 I/System.out( 9651): 1|2|3 - 948378803|986 787 192|false
10-25 19:50:07.411 I/System.out( 9651): 1|2|3 - 973910852|986 787 192|false
10-25 19:50:07.411 I/System.out( 9651): 1|2|3 - 968 598 730|986 787 192|false
10-25 19:50:07.415 I/System.out( 9651): 1|2|3 - 942 196 787|986 787 192|false
10-25 19:50:07.415 I/System.out( 9651): 1|2|3 - 942196787|986 787 192|false
10-25 19:50:07.418 I/System.out( 9651): 1|2|3 - 948340841|986 787 192|false
10-25 19:50:07.441 I/System.out( 9651): 1|2|3 - 947859009|986 787 192|false
10-25 19:50:07.441 I/System.out( 9651): 1|2|3 - 924943258 |986 787 192|false
10-25 19:50:07.441 I/System.out( 9651): 1|2|3 - 989112799|986 787 192|false
10-25 19:50:07.441 I/System.out( 9651): 1|2|3 - 947 705 156|986 787 192|false
10-25 19:50:07.441 I/System.out( 9651): 1|2|3 - 990550758|986 787 192|false
10-25 19:50:07.441 I/System.out( 9651): 1|2|3 - 968 379 448|986 787 192|false
10-25 19:50:07.441 I/System.out( 9651): 1|2|3 - 968379448|986 787 192|false
10-25 19:50:07.441 I/System.out( 9651): 1|2|3 - 987 914 057|986 787 192|false
10-25 19:50:07.445 I/System.out( 9651): 1|2|3 - 987914057|986 787 192|false
10-25 19:50:07.445 I/System.out( 9651): 1|2|3 - 948 032 441|986787192|false
10-25 19:50:07.445 I/System.out( 9651): 1|2|3 - 961784246|986787192|false
10-25 19:50:07.461 I/System.out( 9651): 1|2|3 - 993530083|986787192|false
10-25 19:50:07.468 D/FirebaseApp( 9908): com.google.firebase.auth.FirebaseAuth is
not linked. Skipping initialization.
10-25 19:50:07.468 I/System.out( 9651): 1|2|3 - 948 378 765|986787192|false
10-25 19:50:07.468 I/System.out( 9651): 1|2|3 - 941 714 546|986787192|false
10-25 19:50:07.481 I/System.out( 9651): 1|2|3 - 941714546|986787192|false
10-25 19:50:07.481 I/System.out( 9651): 1|2|3 - #950848348|986787192|false
10-25 19:50:07.485 I/System.out( 9651): 1|2|3 - 948026005|986787192|false
10-25 19:50:07.485 I/System.out( 9651): 1|2|3 - 948832872|986787192|false
10-25 19:50:07.485 I/System.out( 9651): 1|2|3 - 965 778 989|986787192|false
10-25 19:50:07.485 I/System.out( 9651): 1|2|3 - 965778989|986787192|false
10-25 19:50:07.488 I/System.out( 9651): 1|2|3 - 944315456|986787192|false
10-25 19:50:07.488 I/System.out( 9651): 1|2|3 - 996 174 460|986787192|false
10-25 19:50:07.491 I/System.out( 9651): 1|2|3 - 996174460|986787192|false
10-25 19:50:07.491 I/System.out( 9651): 1|2|3 - 944133489|986787192|false
10-25 19:50:07.491 I/System.out( 9651): 1|2|3 - 978708081|986787192|false
10-25 19:50:07.491 I/System.out( 9651): 1|2|3 - 947 38 78 09|986787192|false
10-25 19:50:07.491 I/System.out( 9651): 1|2|3 - 947387809|986787192|false
10-25 19:50:07.491 I/System.out( 9651): 1|2|3 - 963 840 919|986787192|false
10-25 19:50:07.491 I/System.out( 9651): 1|2|3 - 963840919|986787192|false
10-25 19:50:07.495 I/System.out( 9651): 1|2|3 - +51995903962|986787192|false
10-25 19:50:07.495 I/System.out( 9651): 1|2|3 - 938 255 928|986787192|false
10-25 19:50:07.498 I/dalvikvm( 9908): Could not find method
android.content.Context.getNoBackupFilesDir, referenced from method
com.google.android.gms.common.util.zzw.getNoBackupFilesDir
10-25 19:50:07.498 W/dalvikvm( 9908): VFY: unable to resolve virtual method 489:
Landroid/content/Context;.getNoBackupFilesDir ()Ljava/io/File;
10-25 19:50:07.498 D/dalvikvm( 9908): VFY: replacing opcode 0x6e at 0x0006
10-25 19:50:07.498 I/System.out( 9651): 1|2|3 - 938255928|986787192|false
10-25 19:50:07.518 I/System.out( 9651): 1|2|3 - 989 689 266|986787192|false
10-25 19:50:07.521 I/CheckinUtil( 5063): Classify the device as Tablet.
10-25 19:50:07.538 I/System.out( 9651): 1|2|3 - 989689266|986787192|false
10-25 19:50:07.538 I/System.out( 9651): 1|2|3 - 948378803|986787192|false
10-25 19:50:07.538 I/System.out( 9651): 1|2|3 - 973910852|986787192|false
10-25 19:50:07.538 I/System.out( 9651): 1|2|3 - 968 598 730|986787192|false
10-25 19:50:07.538 I/System.out( 9651): 1|2|3 - 942 196 787|986787192|false
10-25 19:50:07.545 I/System.out( 9651): 1|2|3 - 942196787|986787192|false
10-25 19:50:07.545 I/System.out( 9651): 1|2|3 - 948340841|986787192|false
10-25 19:50:07.548 I/System.out( 9651): 1|2|3 - 947859009|986787192|false
10-25 19:50:07.558 I/System.out( 9651): 1|2|3 - 924943258 |986787192|false
10-25 19:50:07.581 I/System.out( 9651): 1|2|3 - 989112799|986787192|false
10-25 19:50:07.581 I/System.out( 9651): 1|2|3 - 947 705 156|986787192|false
10-25 19:50:07.581 I/System.out( 9651): 1|2|3 - 990550758|986787192|false
10-25 19:50:07.581 I/System.out( 9651): 1|2|3 - 968 379 448|986787192|false
10-25 19:50:07.581 I/System.out( 9651): 1|2|3 - 968379448|986787192|false
10-25 19:50:07.581 I/System.out( 9651): 1|2|3 - 987 914 057|986787192|false
10-25 19:50:07.581 I/System.out( 9651): 1|2|3 - 987914057|986787192|false
10-25 19:50:07.581 I/System.out( 9651): 1|2|3 - 986 787 192|986787192|false
10-25 19:50:07.608 D/FirebaseApp( 9908): com.google.firebase.crash.FirebaseCrash is
not linked. Skipping initialization.
10-25 19:50:07.611 I/AndroidRuntime( 9976): NOTE: attach of thread 'Binder_1'
failed
10-25 19:50:07.611 I/System.out( 9651): 1|2|3 - 948 032 441|948692208|false
10-25 19:50:07.615 I/System.out( 9651): 1|2|3 - 961784246|948692208|false
10-25 19:50:07.615 I/System.out( 9651): 1|2|3 - 993530083|948692208|false
10-25 19:50:07.618 I/System.out( 9651): 1|2|3 - 948 378 765|948692208|false
10-25 19:50:07.618 I/System.out( 9651): 1|2|3 - 941 714 546|948692208|false
10-25 19:50:07.621 I/System.out( 9651): 1|2|3 - 941714546|948692208|false
10-25 19:50:07.621 I/System.out( 9651): 1|2|3 - #950848348|948692208|false
10-25 19:50:07.621 I/System.out( 9651): 1|2|3 - 948026005|948692208|false
10-25 19:50:07.621 I/System.out( 9651): 1|2|3 - 948832872|948692208|false
10-25 19:50:07.621 I/System.out( 9651): 1|2|3 - 965 778 989|948692208|false
10-25 19:50:07.625 I/System.out( 9651): 1|2|3 - 965778989|948692208|false
10-25 19:50:07.625 I/System.out( 9651): 1|2|3 - 944315456|948692208|false
10-25 19:50:07.625 I/System.out( 9651): 1|2|3 - 996 174 460|948692208|false
10-25 19:50:07.625 I/System.out( 9651): 1|2|3 - 996174460|948692208|false
10-25 19:50:07.625 I/System.out( 9651): 1|2|3 - 944133489|948692208|false
10-25 19:50:07.625 I/System.out( 9651): 1|2|3 - 978708081|948692208|false
10-25 19:50:07.625 I/System.out( 9651): 1|2|3 - 947 38 78 09|948692208|false
10-25 19:50:07.635 I/System.out( 9651): 1|2|3 - 947387809|948692208|false
10-25 19:50:07.635 W/GCoreFlp( 5719): No location to return for getLastLocation()
10-25 19:50:07.648 I/System.out( 9651): 1|2|3 - 963 840 919|948692208|false
10-25 19:50:07.648 I/System.out( 9651): 1|2|3 - 963840919|948692208|false
10-25 19:50:07.648 I/System.out( 9651): 1|2|3 - +51995903962|948692208|false
10-25 19:50:07.648 I/System.out( 9651): 1|2|3 - 938 255 928|948692208|false
10-25 19:50:07.648 I/System.out( 9651): 1|2|3 - 938255928|948692208|false
10-25 19:50:07.648 I/System.out( 9651): 1|2|3 - 989 689 266|948692208|false
10-25 19:50:07.648 I/System.out( 9651): 1|2|3 - 989689266|948692208|false
10-25 19:50:07.648 I/System.out( 9651): 1|2|3 - 948378803|948692208|false
10-25 19:50:07.658 I/System.out( 9651): 1|2|3 - 973910852|948692208|false
10-25 19:50:07.658 I/System.out( 9651): 1|2|3 - 968 598 730|948692208|false
10-25 19:50:07.658 I/System.out( 9651): 1|2|3 - 942 196 787|948692208|false
10-25 19:50:07.658 I/System.out( 9651): 1|2|3 - 942196787|948692208|false
10-25 19:50:07.661 I/System.out( 9651): 1|2|3 - 948340841|948692208|false
10-25 19:50:07.661 I/System.out( 9651): 1|2|3 - 947859009|948692208|false
10-25 19:50:07.661 I/System.out( 9651): 1|2|3 - 924943258 |948692208|false
10-25 19:50:07.661 I/System.out( 9651): 1|2|3 - 989112799|948692208|false
10-25 19:50:07.665 I/System.out( 9651): 1|2|3 - 947 705 156|948692208|false
10-25 19:50:07.665 I/System.out( 9651): 1|2|3 - 990550758|948692208|false
10-25 19:50:07.665 I/System.out( 9651): 1|2|3 - 968 379 448|948692208|false
10-25 19:50:07.665 I/System.out( 9651): 1|2|3 - 968379448|948692208|false
10-25 19:50:07.665 I/System.out( 9651): 1|2|3 - 987 914 057|948692208|false
10-25 19:50:07.665 I/System.out( 9651): 1|2|3 - 987914057|948692208|false
10-25 19:50:07.665 I/System.out( 9651): 1|2|3 - 986 787 192|948692208|false
10-25 19:50:07.665 I/System.out( 9651): 1|2|3 - 986787192|948692208|false
10-25 19:50:07.665 I/System.out( 9651): 1|2|3 - 948 032 441|948692208|false
10-25 19:50:07.665 I/System.out( 9651): 1|2|3 - 961784246|948692208|false
10-25 19:50:07.668 I/System.out( 9651): 1|2|3 - 993530083|948692208|false
10-25 19:50:07.668 I/System.out( 9651): 1|2|3 - 948 378 765|948692208|false
10-25 19:50:07.668 I/System.out( 9651): 1|2|3 - 941 714 546|948692208|false
10-25 19:50:07.668 I/System.out( 9651): 1|2|3 - 941714546|948692208|false
10-25 19:50:07.668 I/System.out( 9651): 1|2|3 - #950848348|948692208|false
10-25 19:50:07.671 I/System.out( 9651): 1|2|3 - 948026005|948692208|false
10-25 19:50:07.671 I/System.out( 9651): 1|2|3 - 948832872|948692208|false
10-25 19:50:07.671 I/System.out( 9651): 1|2|3 - 965 778 989|948692208|false
10-25 19:50:07.671 I/System.out( 9651): 1|2|3 - 965778989|948692208|false
10-25 19:50:07.671 I/System.out( 9651): 1|2|3 - 944315456|948692208|false
10-25 19:50:07.671 I/System.out( 9651): 1|2|3 - 996 174 460|948692208|false
10-25 19:50:07.675 I/System.out( 9651): 1|2|3 - 996174460|948692208|false
10-25 19:50:07.675 I/System.out( 9651): 1|2|3 - 944133489|948692208|false
10-25 19:50:07.675 I/System.out( 9651): 1|2|3 - 978708081|948692208|false
10-25 19:50:07.675 I/System.out( 9651): 1|2|3 - 947 38 78 09|948692208|false
10-25 19:50:07.675 I/System.out( 9651): 1|2|3 - 947387809|948692208|false
10-25 19:50:07.691 I/System.out( 9651): 1|2|3 - 963 840 919|948692208|false
10-25 19:50:07.691 I/System.out( 9651): 1|2|3 - 963840919|948692208|false
10-25 19:50:07.691 I/System.out( 9651): 1|2|3 - +51995903962|948692208|false
10-25 19:50:07.691 I/System.out( 9651): 1|2|3 - 938 255 928|948692208|false
10-25 19:50:07.691 I/System.out( 9651): 1|2|3 - 938255928|948692208|false
10-25 19:50:07.691 I/System.out( 9651): 1|2|3 - 989 689 266|948692208|false
10-25 19:50:07.691 I/System.out( 9651): 1|2|3 - 989689266|948692208|false
10-25 19:50:07.691 I/System.out( 9651): 1|2|3 - 948378803|948692208|false
10-25 19:50:07.691 I/System.out( 9651): 1|2|3 - 973910852|948692208|false
10-25 19:50:07.691 I/System.out( 9651): 1|2|3 - 968 598 730|948692208|false
10-25 19:50:07.691 I/System.out( 9651): 1|2|3 - 942 196 787|948692208|false
10-25 19:50:07.691 I/System.out( 9651): 1|2|3 - 942196787|948692208|false
10-25 19:50:07.691 I/System.out( 9651): 1|2|3 - 948340841|948692208|false
10-25 19:50:07.695 I/System.out( 9651): 1|2|3 - 947859009|948692208|false
10-25 19:50:07.695 I/System.out( 9651): 1|2|3 - 924943258 |948692208|false
10-25 19:50:07.695 I/System.out( 9651): 1|2|3 - 989112799|948692208|false
10-25 19:50:07.695 I/System.out( 9651): 1|2|3 - 947 705 156|948692208|false
10-25 19:50:07.695 I/System.out( 9651): 1|2|3 - 990550758|948692208|false
10-25 19:50:07.695 I/System.out( 9651): 1|2|3 - 968 379 448|948692208|false
10-25 19:50:07.695 I/System.out( 9651): 1|2|3 - 968379448|948692208|false
10-25 19:50:07.695 I/System.out( 9651): 1|2|3 - 987 914 057|948692208|false
10-25 19:50:07.695 I/System.out( 9651): 1|2|3 - 987914057|948692208|false
10-25 19:50:07.695 I/System.out( 9651): 1|2|3 - 986 787 192|948692208|false
10-25 19:50:07.695 I/System.out( 9651): 1|2|3 - 986787192|948692208|false
10-25 19:50:07.695 I/System.out( 9651): 1|2|3 - 948692208|948692208|true
10-25 19:50:07.695 I/System.out( 9651): 1|2|3 - 948 032 441|999 991 204|false
10-25 19:50:07.695 I/System.out( 9651): 1|2|3 - 961784246|999 991 204|false
10-25 19:50:07.695 I/System.out( 9651): 1|2|3 - 993530083|999 991 204|false
10-25 19:50:07.695 I/System.out( 9651): 1|2|3 - 948 378 765|999 991 204|false
10-25 19:50:07.695 I/System.out( 9651): 1|2|3 - 941 714 546|999 991 204|false
10-25 19:50:07.695 I/System.out( 9651): 1|2|3 - 941714546|999 991 204|false
10-25 19:50:07.695 I/System.out( 9651): 1|2|3 - #950848348|999 991 204|false
10-25 19:50:07.695 I/System.out( 9651): 1|2|3 - 948026005|999 991 204|false
10-25 19:50:07.695 I/System.out( 9651): 1|2|3 - 948832872|999 991 204|false
10-25 19:50:07.691 I/dalvikvm( 9908): Could not find method
android.os.UserManager.getApplicationRestrictions, referenced from method
com.google.android.gms.common.zze.zzas
10-25 19:50:07.695 I/System.out( 9651): 1|2|3 - 965 778 989|999 991 204|false
10-25 19:50:07.698 W/dalvikvm( 9908): VFY: unable to resolve virtual method 1966:
Landroid/os/UserManager;.getApplicationRestrictions
(Ljava/lang/String;)Landroid/os/Bundle;
10-25 19:50:07.698 D/dalvikvm( 9908): VFY: replacing opcode 0x6e at 0x0012
10-25 19:50:07.705 I/dalvikvm( 9908): Could not find method
android.content.pm.PackageManager.getPackageInstaller, referenced from method
com.google.android.gms.common.zze.zzs
10-25 19:50:07.705 W/GCoreFlp( 5719): No location to return for getLastLocation()
10-25 19:50:07.721 I/System.out( 9651): 1|2|3 - 965778989|999 991 204|false
10-25 19:50:07.721 I/System.out( 9651): 1|2|3 - 944315456|999 991 204|false
10-25 19:50:07.721 I/System.out( 9651): 1|2|3 - 996 174 460|999 991 204|false
10-25 19:50:07.721 I/System.out( 9651): 1|2|3 - 996174460|999 991 204|false
10-25 19:50:07.721 I/System.out( 9651): 1|2|3 - 944133489|999 991 204|false
10-25 19:50:07.721 I/System.out( 9651): 1|2|3 - 978708081|999 991 204|false
10-25 19:50:07.721 I/System.out( 9651): 1|2|3 - 947 38 78 09|999 991 204|false
10-25 19:50:07.721 I/System.out( 9651): 1|2|3 - 947387809|999 991 204|false
10-25 19:50:07.721 I/System.out( 9651): 1|2|3 - 963 840 919|999 991 204|false
10-25 19:50:07.721 I/System.out( 9651): 1|2|3 - 963840919|999 991 204|false
10-25 19:50:07.721 I/System.out( 9651): 1|2|3 - +51995903962|999 991 204|false
10-25 19:50:07.725 I/System.out( 9651): 1|2|3 - 938 255 928|999 991 204|false
10-25 19:50:07.725 I/System.out( 9651): 1|2|3 - 938255928|999 991 204|false
10-25 19:50:07.725 I/System.out( 9651): 1|2|3 - 989 689 266|999 991 204|false
10-25 19:50:07.725 I/System.out( 9651): 1|2|3 - 989689266|999 991 204|false
10-25 19:50:07.725 I/System.out( 9651): 1|2|3 - 948378803|999 991 204|false
10-25 19:50:07.725 I/System.out( 9651): 1|2|3 - 973910852|999 991 204|false
10-25 19:50:07.725 I/System.out( 9651): 1|2|3 - 968 598 730|999 991 204|false
10-25 19:50:07.725 I/System.out( 9651): 1|2|3 - 942 196 787|999 991 204|false
10-25 19:50:07.725 I/System.out( 9651): 1|2|3 - 942196787|999 991 204|false
10-25 19:50:07.725 I/System.out( 9651): 1|2|3 - 948340841|999 991 204|false
10-25 19:50:07.725 I/System.out( 9651): 1|2|3 - 947859009|999 991 204|false
10-25 19:50:07.725 I/System.out( 9651): 1|2|3 - 924943258 |999 991 204|false
10-25 19:50:07.728 I/System.out( 9651): 1|2|3 - 989112799|999 991 204|false
10-25 19:50:07.728 W/dalvikvm( 9908): VFY: unable to resolve virtual method 654:
Landroid/content/pm/PackageManager;.getPackageInstaller
()Landroid/content/pm/PackageInstaller;
10-25 19:50:07.728 I/System.out( 9651): 1|2|3 - 947 705 156|999 991 204|false
10-25 19:50:07.728 I/System.out( 9651): 1|2|3 - 990550758|999 991 204|false
10-25 19:50:07.728 I/System.out( 9651): 1|2|3 - 968 379 448|999 991 204|false
10-25 19:50:07.728 D/dalvikvm( 9908): VFY: replacing opcode 0x6e at 0x0012
10-25 19:50:07.728 I/System.out( 9651): 1|2|3 - 968379448|999 991 204|false
10-25 19:50:07.728 I/System.out( 9651): 1|2|3 - 987 914 057|999 991 204|false
10-25 19:50:07.728 I/System.out( 9651): 1|2|3 - 987914057|999 991 204|false
10-25 19:50:07.728 I/System.out( 9651): 1|2|3 - 986 787 192|999 991 204|false
10-25 19:50:07.728 I/System.out( 9651): 1|2|3 - 986787192|999 991 204|false
10-25 19:50:07.731 I/System.out( 9651): 1|2|3 - 948692208|999 991 204|false
10-25 19:50:07.731 I/System.out( 9651): 1|2|3 - 948 032 441| 922300074|false
10-25 19:50:07.731 I/System.out( 9651): 1|2|3 - 961784246| 922300074|false
10-25 19:50:07.731 I/System.out( 9651): 1|2|3 - 993530083| 922300074|false
10-25 19:50:07.731 I/System.out( 9651): 1|2|3 - 948 378 765| 922300074|false
10-25 19:50:07.731 I/System.out( 9651): 1|2|3 - 941 714 546| 922300074|false
10-25 19:50:07.735 I/System.out( 9651): 1|2|3 - 941714546| 922300074|false
10-25 19:50:07.735 I/System.out( 9651): 1|2|3 - #950848348| 922300074|false
10-25 19:50:07.735 I/System.out( 9651): 1|2|3 - 948026005| 922300074|false
10-25 19:50:07.735 I/System.out( 9651): 1|2|3 - 948832872| 922300074|false
10-25 19:50:07.735 I/System.out( 9651): 1|2|3 - 965 778 989| 922300074|false
10-25 19:50:07.735 I/System.out( 9651): 1|2|3 - 965778989| 922300074|false
10-25 19:50:07.735 I/System.out( 9651): 1|2|3 - 944315456| 922300074|false
10-25 19:50:07.735 I/System.out( 9651): 1|2|3 - 996 174 460| 922300074|false
10-25 19:50:07.735 I/System.out( 9651): 1|2|3 - 996174460| 922300074|false
10-25 19:50:07.735 I/System.out( 9651): 1|2|3 - 944133489| 922300074|false
10-25 19:50:07.735 I/System.out( 9651): 1|2|3 - 978708081| 922300074|false
10-25 19:50:07.735 I/System.out( 9651): 1|2|3 - 947 38 78 09| 922300074|false
10-25 19:50:07.735 I/System.out( 9651): 1|2|3 - 947387809| 922300074|false
10-25 19:50:07.738 I/System.out( 9651): 1|2|3 - 963 840 919| 922300074|false
10-25 19:50:07.738 I/System.out( 9651): 1|2|3 - 963840919| 922300074|false
10-25 19:50:07.738 I/System.out( 9651): 1|2|3 - +51995903962| 922300074|false
10-25 19:50:07.738 I/System.out( 9651): 1|2|3 - 938 255 928| 922300074|false
10-25 19:50:07.738 I/System.out( 9651): 1|2|3 - 938255928| 922300074|false
10-25 19:50:07.738 I/System.out( 9651): 1|2|3 - 989 689 266| 922300074|false
10-25 19:50:07.741 I/System.out( 9651): 1|2|3 - 989689266| 922300074|false
10-25 19:50:07.741 I/System.out( 9651): 1|2|3 - 948378803| 922300074|false
10-25 19:50:07.741 I/System.out( 9651): 1|2|3 - 973910852| 922300074|false
10-25 19:50:07.741 I/System.out( 9651): 1|2|3 - 968 598 730| 922300074|false
10-25 19:50:07.741 I/System.out( 9651): 1|2|3 - 942 196 787| 922300074|false
10-25 19:50:07.741 I/System.out( 9651): 1|2|3 - 942196787| 922300074|false
10-25 19:50:07.741 I/System.out( 9651): 1|2|3 - 948340841| 922300074|false
10-25 19:50:07.741 I/System.out( 9651): 1|2|3 - 947859009| 922300074|false
10-25 19:50:07.741 I/System.out( 9651): 1|2|3 - 924943258 | 922300074|false
10-25 19:50:07.741 I/System.out( 9651): 1|2|3 - 989112799| 922300074|false
10-25 19:50:07.741 I/System.out( 9651): 1|2|3 - 947 705 156| 922300074|false
10-25 19:50:07.741 I/System.out( 9651): 1|2|3 - 990550758| 922300074|false
10-25 19:50:07.741 I/System.out( 9651): 1|2|3 - 968 379 448| 922300074|false
10-25 19:50:07.741 I/System.out( 9651): 1|2|3 - 968379448| 922300074|false
10-25 19:50:07.741 I/System.out( 9651): 1|2|3 - 987 914 057| 922300074|false
10-25 19:50:07.741 I/System.out( 9651): 1|2|3 - 987914057| 922300074|false
10-25 19:50:07.745 I/System.out( 9651): 1|2|3 - 986 787 192| 922300074|false
10-25 19:50:07.745 I/System.out( 9651): 1|2|3 - 986787192| 922300074|false
10-25 19:50:07.745 I/System.out( 9651): 1|2|3 - 948692208| 922300074|false
