10-25 19:50:09.831 I/System.out( 9651): 1|2|3 - 968 598 730|948 332 740|false
10-25 19:50:09.831 I/System.out( 9651): 1|2|3 - 942 196 787|948 332 740|false
10-25 19:50:09.831 I/System.out( 9651): 1|2|3 - 942196787|948 332 740|false
10-25 19:50:09.831 I/System.out( 9651): 1|2|3 - 948340841|948 332 740|false
10-25 19:50:09.831 I/System.out( 9651): 1|2|3 - 947859009|948 332 740|false
10-25 19:50:09.831 I/System.out( 9651): 1|2|3 - 924943258 |948 332 740|false
10-25 19:50:09.831 I/System.out( 9651): 1|2|3 - 989112799|948 332 740|false
10-25 19:50:09.831 I/System.out( 9651): 1|2|3 - 947 705 156|948 332 740|false
10-25 19:50:09.831 I/System.out( 9651): 1|2|3 - 990550758|948 332 740|false
10-25 19:50:09.831 I/System.out( 9651): 1|2|3 - 968 379 448|948 332 740|false
10-25 19:50:09.835 I/System.out( 9651): 1|2|3 - 968379448|948 332 740|false
10-25 19:50:09.835 I/System.out( 9651): 1|2|3 - 987 914 057|948 332 740|false
10-25 19:50:09.835 I/System.out( 9651): 1|2|3 - 987914057|948 332 740|false
10-25 19:50:09.835 I/System.out( 9651): 1|2|3 - 986 787 192|948 332 740|false
10-25 19:50:09.835 I/System.out( 9651): 1|2|3 - 986787192|948 332 740|false
10-25 19:50:09.835 I/System.out( 9651): 1|2|3 - 948692208|948 332 740|false
10-25 19:50:09.835 I/System.out( 9651): 1|2|3 - 999 991 204|948 332 740|false
10-25 19:50:09.835 I/System.out( 9651): 1|2|3 - 922300074|948 332 740|false
10-25 19:50:09.835 I/System.out( 9651): 1|2|3 - 922300074|948 332 740|false
10-25 19:50:09.835 I/System.out( 9651): 1|2|3 - +51959509065|948 332 740|false
10-25 19:50:09.835 I/System.out( 9651): 1|2|3 - 975555639|948 332 740|false
10-25 19:50:09.835 I/System.out( 9651): 1|2|3 - 991183738|948 332 740|false
10-25 19:50:09.835 I/System.out( 9651): 1|2|3 - 984 824 826|948 332 740|false
10-25 19:50:09.835 I/System.out( 9651): 1|2|3 - 989702404|948 332 740|false
10-25 19:50:09.835 I/System.out( 9651): 1|2|3 - 933195371|948 332 740|false
10-25 19:50:09.835 I/System.out( 9651): 1|2|3 - 999 898 653|948 332 740|false
10-25 19:50:09.835 I/System.out( 9651): 1|2|3 - 999898653|948 332 740|false
10-25 19:50:09.835 I/System.out( 9651): 1|2|3 - 991 755 647|948 332 740|false
10-25 19:50:09.835 I/System.out( 9651): 1|2|3 - 991755647|948 332 740|false
10-25 19:50:09.838 I/System.out( 9651): 1|2|3 - 948 656 676|948 332 740|false
10-25 19:50:09.838 I/System.out( 9651): 1|2|3 - 999 082 845|948 332 740|false
10-25 19:50:09.881 I/System.out( 9651): 1|2|3 - 999082845|948 332 740|false
10-25 19:50:09.881 I/System.out( 9651): 1|2|3 - 949173927|948 332 740|false
10-25 19:50:09.881 I/System.out( 9651): 1|2|3 - 977107994|948 332 740|false
10-25 19:50:09.881 I/System.out( 9651): 1|2|3 - 993 597 497|948 332 740|false
10-25 19:50:09.881 I/System.out( 9651): 1|2|3 - 948 032 441|948332740|false
10-25 19:50:09.881 I/System.out( 9651): 1|2|3 - 961784246|948332740|false
10-25 19:50:09.881 I/System.out( 9651): 1|2|3 - 993530083|948332740|false
10-25 19:50:09.881 I/System.out( 9651): 1|2|3 - 948 378 765|948332740|false
10-25 19:50:09.881 I/System.out( 9651): 1|2|3 - 941 714 546|948332740|false
10-25 19:50:09.881 I/System.out( 9651): 1|2|3 - 941714546|948332740|false
10-25 19:50:09.881 I/System.out( 9651): 1|2|3 - #950848348|948332740|false
10-25 19:50:09.881 I/System.out( 9651): 1|2|3 - 948026005|948332740|false
10-25 19:50:09.881 I/System.out( 9651): 1|2|3 - 948832872|948332740|false
10-25 19:50:09.881 I/System.out( 9651): 1|2|3 - 965 778 989|948332740|false
10-25 19:50:09.881 I/System.out( 9651): 1|2|3 - 965778989|948332740|false
10-25 19:50:09.881 I/System.out( 9651): 1|2|3 - 944315456|948332740|false
10-25 19:50:09.881 I/System.out( 9651): 1|2|3 - 996 174 460|948332740|false
10-25 19:50:09.881 I/System.out( 9651): 1|2|3 - 996174460|948332740|false
10-25 19:50:09.881 I/System.out( 9651): 1|2|3 - 944133489|948332740|false
10-25 19:50:09.881 I/System.out( 9651): 1|2|3 - 978708081|948332740|false
10-25 19:50:09.881 I/System.out( 9651): 1|2|3 - 947 38 78 09|948332740|false
10-25 19:50:09.881 I/System.out( 9651): 1|2|3 - 947387809|948332740|false
10-25 19:50:09.885 I/System.out( 9651): 1|2|3 - 963 840 919|948332740|false
10-25 19:50:09.885 I/System.out( 9651): 1|2|3 - 963840919|948332740|false
10-25 19:50:09.885 I/System.out( 9651): 1|2|3 - +51995903962|948332740|false
10-25 19:50:09.885 I/System.out( 9651): 1|2|3 - 938 255 928|948332740|false
10-25 19:50:09.885 I/System.out( 9651): 1|2|3 - 938255928|948332740|false
10-25 19:50:09.885 I/System.out( 9651): 1|2|3 - 989 689 266|948332740|false
10-25 19:50:09.885 I/System.out( 9651): 1|2|3 - 989689266|948332740|false
10-25 19:50:09.885 I/System.out( 9651): 1|2|3 - 948378803|948332740|false
10-25 19:50:09.885 I/System.out( 9651): 1|2|3 - 973910852|948332740|false
10-25 19:50:09.885 I/System.out( 9651): 1|2|3 - 968 598 730|948332740|false
10-25 19:50:09.885 I/System.out( 9651): 1|2|3 - 942 196 787|948332740|false
10-25 19:50:09.925 I/System.out( 9651): 1|2|3 - 942196787|948332740|false
10-25 19:50:09.928 I/ActivityManager( 2477): Start proc mappstreet.mycalsports for
broadcast mappstreet.mycalsports/.alarm.StartUpBootReceiver: pid=10076 uid=10067
gids={50067, 3003, 1015, 1028}
10-25 19:50:09.938 I/System.out( 9651): 1|2|3 - 948340841|948332740|false
10-25 19:50:09.938 I/System.out( 9651): 1|2|3 - 947859009|948332740|false
10-25 19:50:09.938 I/System.out( 9651): 1|2|3 - 924943258 |948332740|false
10-25 19:50:09.938 I/System.out( 9651): 1|2|3 - 989112799|948332740|false
10-25 19:50:09.938 I/System.out( 9651): 1|2|3 - 947 705 156|948332740|false
10-25 19:50:09.938 I/System.out( 9651): 1|2|3 - 990550758|948332740|false
10-25 19:50:09.938 I/System.out( 9651): 1|2|3 - 968 379 448|948332740|false
10-25 19:50:09.938 I/System.out( 9651): 1|2|3 - 968379448|948332740|false
10-25 19:50:09.955 I/System.out( 9651): 1|2|3 - 987 914 057|948332740|false
10-25 19:50:09.955 I/System.out( 9651): 1|2|3 - 987914057|948332740|false
10-25 19:50:09.955 I/System.out( 9651): 1|2|3 - 986 787 192|948332740|false
10-25 19:50:09.955 I/System.out( 9651): 1|2|3 - 986787192|948332740|false
10-25 19:50:09.955 I/System.out( 9651): 1|2|3 - 948692208|948332740|false
10-25 19:50:09.955 I/System.out( 9651): 1|2|3 - 999 991 204|948332740|false
10-25 19:50:09.955 I/System.out( 9651): 1|2|3 - 922300074|948332740|false
10-25 19:50:09.955 I/System.out( 9651): 1|2|3 - 922300074|948332740|false
10-25 19:50:09.958 I/System.out( 9651): 1|2|3 - +51959509065|948332740|false
10-25 19:50:09.958 I/System.out( 9651): 1|2|3 - 975555639|948332740|false
10-25 19:50:09.958 I/System.out( 9651): 1|2|3 - 991183738|948332740|false
10-25 19:50:09.958 I/System.out( 9651): 1|2|3 - 984 824 826|948332740|false
10-25 19:50:09.958 I/System.out( 9651): 1|2|3 - 989702404|948332740|false
10-25 19:50:09.958 I/System.out( 9651): 1|2|3 - 933195371|948332740|false
10-25 19:50:09.958 I/System.out( 9651): 1|2|3 - 999 898 653|948332740|false
10-25 19:50:09.958 I/System.out( 9651): 1|2|3 - 999898653|948332740|false
10-25 19:50:09.958 I/System.out( 9651): 1|2|3 - 991 755 647|948332740|false
10-25 19:50:09.958 I/System.out( 9651): 1|2|3 - 991755647|948332740|false
10-25 19:50:09.958 I/System.out( 9651): 1|2|3 - 948 656 676|948332740|false
10-25 19:50:09.958 I/System.out( 9651): 1|2|3 - 999 082 845|948332740|false
10-25 19:50:09.958 I/System.out( 9651): 1|2|3 - 999082845|948332740|false
10-25 19:50:09.958 I/System.out( 9651): 1|2|3 - 949173927|948332740|false
10-25 19:50:09.958 I/System.out( 9651): 1|2|3 - 977107994|948332740|false
10-25 19:50:09.958 I/System.out( 9651): 1|2|3 - 993 597 497|948332740|false
10-25 19:50:09.958 I/System.out( 9651): 1|2|3 - 948 332 740|948332740|false
10-25 19:50:09.958 I/System.out( 9651): 1|2|3 - 948 032 441|947 978 887|false
10-25 19:50:09.961 I/System.out( 9651): 1|2|3 - 961784246|947 978 887|false
10-25 19:50:09.961 I/System.out( 9651): 1|2|3 - 993530083|947 978 887|false
10-25 19:50:09.961 I/System.out( 9651): 1|2|3 - 948 378 765|947 978 887|false
10-25 19:50:09.961 I/System.out( 9651): 1|2|3 - 941 714 546|947 978 887|false
10-25 19:50:09.961 I/System.out( 9651): 1|2|3 - 941714546|947 978 887|false
10-25 19:50:09.961 I/System.out( 9651): 1|2|3 - #950848348|947 978 887|false
10-25 19:50:09.961 I/System.out( 9651): 1|2|3 - 948026005|947 978 887|false
10-25 19:50:09.961 I/System.out( 9651): 1|2|3 - 948832872|947 978 887|false
10-25 19:50:09.961 I/System.out( 9651): 1|2|3 - 965 778 989|947 978 887|false
10-25 19:50:09.961 I/System.out( 9651): 1|2|3 - 965778989|947 978 887|false
10-25 19:50:09.961 I/System.out( 9651): 1|2|3 - 944315456|947 978 887|false
10-25 19:50:09.961 I/System.out( 9651): 1|2|3 - 996 174 460|947 978 887|false
10-25 19:50:09.961 I/System.out( 9651): 1|2|3 - 996174460|947 978 887|false
10-25 19:50:09.961 I/System.out( 9651): 1|2|3 - 944133489|947 978 887|false
10-25 19:50:09.961 I/System.out( 9651): 1|2|3 - 978708081|947 978 887|false
10-25 19:50:09.961 I/System.out( 9651): 1|2|3 - 947 38 78 09|947 978 887|false
10-25 19:50:09.961 I/System.out( 9651): 1|2|3 - 947387809|947 978 887|false
10-25 19:50:09.961 I/System.out( 9651): 1|2|3 - 963 840 919|947 978 887|false
10-25 19:50:09.965 I/System.out( 9651): 1|2|3 - 963840919|947 978 887|false
10-25 19:50:09.965 I/System.out( 9651): 1|2|3 - +51995903962|947 978 887|false
10-25 19:50:09.965 I/System.out( 9651): 1|2|3 - 938 255 928|947 978 887|false
10-25 19:50:09.965 I/System.out( 9651): 1|2|3 - 938255928|947 978 887|false
10-25 19:50:09.965 I/System.out( 9651): 1|2|3 - 989 689 266|947 978 887|false
10-25 19:50:09.965 I/System.out( 9651): 1|2|3 - 989689266|947 978 887|false
10-25 19:50:09.965 I/System.out( 9651): 1|2|3 - 948378803|947 978 887|false
10-25 19:50:09.965 I/System.out( 9651): 1|2|3 - 973910852|947 978 887|false
10-25 19:50:09.965 I/System.out( 9651): 1|2|3 - 968 598 730|947 978 887|false
10-25 19:50:09.965 I/System.out( 9651): 1|2|3 - 942 196 787|947 978 887|false
10-25 19:50:09.965 I/System.out( 9651): 1|2|3 - 942196787|947 978 887|false
10-25 19:50:09.965 I/System.out( 9651): 1|2|3 - 948340841|947 978 887|false
10-25 19:50:09.965 I/System.out( 9651): 1|2|3 - 947859009|947 978 887|false
10-25 19:50:09.968 I/System.out( 9651): 1|2|3 - 924943258 |947 978 887|false
10-25 19:50:09.968 I/System.out( 9651): 1|2|3 - 989112799|947 978 887|false
10-25 19:50:10.021 I/System.out( 9651): 1|2|3 - 947 705 156|947 978 887|false
10-25 19:50:10.021 I/System.out( 9651): 1|2|3 - 990550758|947 978 887|false
10-25 19:50:10.021 I/System.out( 9651): 1|2|3 - 968 379 448|947 978 887|false
10-25 19:50:10.021 I/System.out( 9651): 1|2|3 - 968379448|947 978 887|false
10-25 19:50:10.021 I/System.out( 9651): 1|2|3 - 987 914 057|947 978 887|false
10-25 19:50:10.021 I/System.out( 9651): 1|2|3 - 987914057|947 978 887|false
10-25 19:50:10.021 I/System.out( 9651): 1|2|3 - 986 787 192|947 978 887|false
10-25 19:50:10.025 I/System.out( 9651): 1|2|3 - 986787192|947 978 887|false
10-25 19:50:10.025 I/System.out( 9651): 1|2|3 - 948692208|947 978 887|false
10-25 19:50:10.025 I/System.out( 9651): 1|2|3 - 999 991 204|947 978 887|false
10-25 19:50:10.025 I/System.out( 9651): 1|2|3 - 922300074|947 978 887|false
10-25 19:50:10.028 I/System.out( 9651): 1|2|3 - 922300074|947 978 887|false
10-25 19:50:10.031 I/System.out( 9651): 1|2|3 - +51959509065|947 978 887|false
10-25 19:50:10.048 I/System.out( 9651): 1|2|3 - 975555639|947 978 887|false
10-25 19:50:10.048 I/System.out( 9651): 1|2|3 - 991183738|947 978 887|false
10-25 19:50:10.051 I/System.out( 9651): 1|2|3 - 984 824 826|947 978 887|false
10-25 19:50:10.051 I/System.out( 9651): 1|2|3 - 989702404|947 978 887|false
10-25 19:50:10.055 I/System.out( 9651): 1|2|3 - 933195371|947 978 887|false
10-25 19:50:10.055 I/System.out( 9651): 1|2|3 - 999 898 653|947 978 887|false
10-25 19:50:10.058 I/System.out( 9651): 1|2|3 - 999898653|947 978 887|false
10-25 19:50:10.058 I/System.out( 9651): 1|2|3 - 991 755 647|947 978 887|false
10-25 19:50:10.061 I/System.out( 9651): 1|2|3 - 991755647|947 978 887|false
10-25 19:50:10.061 I/System.out( 9651): 1|2|3 - 948 656 676|947 978 887|false
10-25 19:50:10.061 I/System.out( 9651): 1|2|3 - 999 082 845|947 978 887|false
10-25 19:50:10.061 I/System.out( 9651): 1|2|3 - 999082845|947 978 887|false
10-25 19:50:10.061 I/System.out( 9651): 1|2|3 - 949173927|947 978 887|false
10-25 19:50:10.061 I/System.out( 9651): 1|2|3 - 977107994|947 978 887|false
10-25 19:50:10.061 I/System.out( 9651): 1|2|3 - 993 597 497|947 978 887|false
10-25 19:50:10.061 I/System.out( 9651): 1|2|3 - 948 332 740|947 978 887|false
10-25 19:50:10.061 I/System.out( 9651): 1|2|3 - 948332740|947 978 887|false
10-25 19:50:10.065 I/System.out( 9651): 1|2|3 - 948 032 441|947978887|false
10-25 19:50:10.065 I/System.out( 9651): 1|2|3 - 961784246|947978887|false
10-25 19:50:10.065 I/System.out( 9651): 1|2|3 - 993530083|947978887|false
10-25 19:50:10.065 I/System.out( 9651): 1|2|3 - 948 378 765|947978887|false
10-25 19:50:10.065 I/System.out( 9651): 1|2|3 - 941 714 546|947978887|false
10-25 19:50:10.065 I/System.out( 9651): 1|2|3 - 941714546|947978887|false
10-25 19:50:10.065 I/System.out( 9651): 1|2|3 - #950848348|947978887|false
10-25 19:50:10.065 I/System.out( 9651): 1|2|3 - 948026005|947978887|false
10-25 19:50:10.065 I/System.out( 9651): 1|2|3 - 948832872|947978887|false
10-25 19:50:10.065 I/System.out( 9651): 1|2|3 - 965 778 989|947978887|false
10-25 19:50:10.065 I/System.out( 9651): 1|2|3 - 965778989|947978887|false
10-25 19:50:10.065 I/System.out( 9651): 1|2|3 - 944315456|947978887|false
10-25 19:50:10.065 I/System.out( 9651): 1|2|3 - 996 174 460|947978887|false
10-25 19:50:10.065 I/System.out( 9651): 1|2|3 - 996174460|947978887|false
10-25 19:50:10.068 I/System.out( 9651): 1|2|3 - 944133489|947978887|false
10-25 19:50:10.068 I/System.out( 9651): 1|2|3 - 978708081|947978887|false
10-25 19:50:10.068 I/System.out( 9651): 1|2|3 - 947 38 78 09|947978887|false
10-25 19:50:10.068 I/System.out( 9651): 1|2|3 - 947387809|947978887|false
10-25 19:50:10.068 I/System.out( 9651): 1|2|3 - 963 840 919|947978887|false
10-25 19:50:10.068 I/System.out( 9651): 1|2|3 - 963840919|947978887|false
10-25 19:50:10.068 I/System.out( 9651): 1|2|3 - +51995903962|947978887|false
10-25 19:50:10.068 I/System.out( 9651): 1|2|3 - 938 255 928|947978887|false
10-25 19:50:10.068 I/System.out( 9651): 1|2|3 - 938255928|947978887|false
10-25 19:50:10.068 I/System.out( 9651): 1|2|3 - 989 689 266|947978887|false
10-25 19:50:10.088 E/BluetoothAdapter( 9908): Bluetooth binder is null
10-25 19:50:10.118 I/dalvikvm( 9908): Could not find method
android.os.StatFs.getBlockSizeLong, referenced from method
com.startapp.android.publish.common.commonUtils.b.a
10-25 19:50:10.118 W/dalvikvm( 9908): VFY: unable to resolve virtual method 1951:
Landroid/os/StatFs;.getBlockSizeLong ()J
10-25 19:50:10.118 I/System.out( 9651): 1|2|3 - 989689266|947978887|false
10-25 19:50:10.118 D/dalvikvm( 9908): VFY: replacing opcode 0x6e at 0x002c
10-25 19:50:10.118 I/System.out( 9651): 1|2|3 - 948378803|947978887|false
10-25 19:50:10.118 I/System.out( 9651): 1|2|3 - 973910852|947978887|false
10-25 19:50:10.118 I/System.out( 9651): 1|2|3 - 968 598 730|947978887|false
10-25 19:50:10.121 I/Sensors ( 2477): setDelay() with handle = 1, delay = 20000 us
10-25 19:50:10.121 I/Sensors ( 2477): setDelay() with handle = 1, delay = 20000 us
10-25 19:50:10.121 I/System.out( 9651): 1|2|3 - 942 196 787|947978887|false
10-25 19:50:10.121 I/System.out( 9651): 1|2|3 - 942196787|947978887|false
10-25 19:50:10.125 I/Sensors ( 2477): setDelay() with handle = 0, delay = 66667 us
10-25 19:50:10.125 I/Sensors ( 2477): setDelay() with handle = 1, delay = 20000 us
10-25 19:50:10.125 I/Sensors ( 2477): setDelay() with handle = 7, delay = 5000 us
10-25 19:50:10.125 I/Sensors ( 2477): setDelay() with handle = 0, delay = 66667 us
10-25 19:50:10.125 I/Sensors ( 2477): setDelay() with handle = 1, delay = 20000 us
10-25 19:50:10.125 I/Sensors ( 2477): setDelay() with handle = 7, delay = 5000 us
10-25 19:50:10.128 I/System.out( 9651): 1|2|3 - 948340841|947978887|false
10-25 19:50:10.128 I/System.out( 9651): 1|2|3 - 947859009|947978887|false
10-25 19:50:10.128 I/System.out( 9651): 1|2|3 - 924943258 |947978887|false
10-25 19:50:10.128 I/System.out( 9651): 1|2|3 - 989112799|947978887|false
10-25 19:50:10.128 I/System.out( 9651): 1|2|3 - 947 705 156|947978887|false
10-25 19:50:10.128 I/System.out( 9651): 1|2|3 - 990550758|947978887|false
10-25 19:50:10.128 I/System.out( 9651): 1|2|3 - 968 379 448|947978887|false
10-25 19:50:10.128 I/System.out( 9651): 1|2|3 - 968379448|947978887|false
10-25 19:50:10.128 I/System.out( 9651): 1|2|3 - 987 914 057|947978887|false
10-25 19:50:10.128 I/System.out( 9651): 1|2|3 - 987914057|947978887|false
10-25 19:50:10.128 I/System.out( 9651): 1|2|3 - 986 787 192|947978887|false
10-25 19:50:10.128 I/System.out( 9651): 1|2|3 - 986787192|947978887|false
10-25 19:50:10.131 I/System.out( 9651): 1|2|3 - 948692208|947978887|false
10-25 19:50:10.131 I/System.out( 9651): 1|2|3 - 999 991 204|947978887|false
10-25 19:50:10.131 I/System.out( 9651): 1|2|3 - 922300074|947978887|false
10-25 19:50:10.131 I/System.out( 9651): 1|2|3 - 922300074|947978887|false
10-25 19:50:10.131 I/System.out( 9651): 1|2|3 - +51959509065|947978887|false
10-25 19:50:10.131 I/System.out( 9651): 1|2|3 - 975555639|947978887|false
10-25 19:50:10.131 I/System.out( 9651): 1|2|3 - 991183738|947978887|false
10-25 19:50:10.131 I/System.out( 9651): 1|2|3 - 984 824 826|947978887|false
10-25 19:50:10.131 I/System.out( 9651): 1|2|3 - 989702404|947978887|false
10-25 19:50:10.131 I/System.out( 9651): 1|2|3 - 933195371|947978887|false
10-25 19:50:10.135 I/System.out( 9651): 1|2|3 - 999 898 653|947978887|false
10-25 19:50:10.135 I/System.out( 9651): 1|2|3 - 999898653|947978887|false
10-25 19:50:10.135 I/System.out( 9651): 1|2|3 - 991 755 647|947978887|false
10-25 19:50:10.135 I/System.out( 9651): 1|2|3 - 991755647|947978887|false
10-25 19:50:10.135 I/System.out( 9651): 1|2|3 - 948 656 676|947978887|false
10-25 19:50:10.135 I/System.out( 9651): 1|2|3 - 999 082 845|947978887|false
10-25 19:50:10.135 I/System.out( 9651): 1|2|3 - 999082845|947978887|false
10-25 19:50:10.135 I/System.out( 9651): 1|2|3 - 949173927|947978887|false
10-25 19:50:10.135 I/System.out( 9651): 1|2|3 - 977107994|947978887|false
10-25 19:50:10.135 I/System.out( 9651): 1|2|3 - 993 597 497|947978887|false
10-25 19:50:10.135 I/System.out( 9651): 1|2|3 - 948 332 740|947978887|false
10-25 19:50:10.135 I/System.out( 9651): 1|2|3 - 948332740|947978887|false
10-25 19:50:10.138 I/System.out( 9651): 1|2|3 - 947 978 887|947978887|false
10-25 19:50:10.138 I/System.out( 9651): 1|2|3 - 948 032 441|968355878|false
10-25 19:50:10.138 I/System.out( 9651): 1|2|3 - 961784246|968355878|false
10-25 19:50:10.138 I/System.out( 9651): 1|2|3 - 993530083|968355878|false
10-25 19:50:10.138 I/System.out( 9651): 1|2|3 - 948 378 765|968355878|false
10-25 19:50:10.138 I/System.out( 9651): 1|2|3 - 941 714 546|968355878|false
10-25 19:50:10.138 I/System.out( 9651): 1|2|3 - 941714546|968355878|false
10-25 19:50:10.138 I/System.out( 9651): 1|2|3 - #950848348|968355878|false
10-25 19:50:10.138 I/System.out( 9651): 1|2|3 - 948026005|968355878|false
10-25 19:50:10.138 I/System.out( 9651): 1|2|3 - 948832872|968355878|false
10-25 19:50:10.138 I/System.out( 9651): 1|2|3 - 965 778 989|968355878|false
10-25 19:50:10.138 I/System.out( 9651): 1|2|3 - 965778989|968355878|false
10-25 19:50:10.138 I/Sensors ( 2477): setDelay() with handle = 0, delay = 66667 us
10-25 19:50:10.138 I/Sensors ( 2477): setDelay() with handle = 1, delay = 20000 us
10-25 19:50:10.138 I/Sensors ( 2477): setDelay() with handle = 7, delay = 5000 us
10-25 19:50:10.138 I/Sensors ( 2477): setDelay() with handle = 0, delay = 66667 us
10-25 19:50:10.138 I/Sensors ( 2477): setDelay() with handle = 1, delay = 20000 us
10-25 19:50:10.138 I/Sensors ( 2477): setDelay() with handle = 7, delay = 5000 us
10-25 19:50:10.145 I/dalvikvm( 9908): Could not find method
android.content.Context.checkSelfPermission, referenced from method
com.startapp.android.publish.common.commonUtils.b.a
10-25 19:50:10.145 W/dalvikvm( 9908): VFY: unable to resolve virtual method 466:
Landroid/content/Context;.checkSelfPermission (Ljava/lang/String;)I
10-25 19:50:10.145 D/dalvikvm( 9908): VFY: replacing opcode 0x6e at 0x0008
10-25 19:50:10.145 D/dalvikvm( 9908): DexOpt: couldn't find field
Landroid/net/wifi/ScanResult;.venueName
10-25 19:50:10.145 W/dalvikvm( 9908): VFY: unable to resolve instance field 172
10-25 19:50:10.145 D/dalvikvm( 9908): VFY: replacing opcode 0x54 at 0x0006
10-25 19:50:10.185 I/Sensors ( 2477): setDelay() with handle = 0, delay = 66667 us
10-25 19:50:10.185 I/Sensors ( 2477): setDelay() with handle = 1, delay = 20000 us
10-25 19:50:10.185 I/Sensors ( 2477): setDelay() with handle = 7, delay = 5000 us
10-25 19:50:10.208 I/Sensors ( 2477): setDelay() with handle = 0, delay = 66667 us
10-25 19:50:10.208 I/Sensors ( 2477): setDelay() with handle = 1, delay = 20000 us
10-25 19:50:10.208 I/Sensors ( 2477): setDelay() with handle = 7, delay = 5000 us
10-25 19:50:10.218 E/Trace (10076): error opening trace file: No such file or
directory (2)
10-25 19:50:10.238 I/System.out( 9651): 1|2|3 - 944315456|968355878|false
10-25 19:50:10.241 I/System.out( 9651): 1|2|3 - 996 174 460|968355878|false
10-25 19:50:10.241 I/System.out( 9651): 1|2|3 - 996174460|968355878|false
10-25 19:50:10.241 I/System.out( 9651): 1|2|3 - 944133489|968355878|false
10-25 19:50:10.241 I/System.out( 9651): 1|2|3 - 978708081|968355878|false
10-25 19:50:10.248 I/System.out( 9651): 1|2|3 - 947 38 78 09|968355878|false
10-25 19:50:10.251 I/System.out( 9651): 1|2|3 - 947387809|968355878|false
10-25 19:50:10.255 I/System.out( 9651): 1|2|3 - 963 840 919|968355878|false
10-25 19:50:10.255 I/System.out( 9651): 1|2|3 - 963840919|968355878|false
10-25 19:50:10.255 I/System.out( 9651): 1|2|3 - +51995903962|968355878|false
10-25 19:50:10.255 I/System.out( 9651): 1|2|3 - 938 255 928|968355878|false
10-25 19:50:10.261 I/System.out( 9651): 1|2|3 - 938255928|968355878|false
10-25 19:50:10.261 I/System.out( 9651): 1|2|3 - 989 689 266|968355878|false
10-25 19:50:10.261 I/System.out( 9651): 1|2|3 - 989689266|968355878|false
10-25 19:50:10.261 I/System.out( 9651): 1|2|3 - 948378803|968355878|false
10-25 19:50:10.261 I/System.out( 9651): 1|2|3 - 973910852|968355878|false
10-25 19:50:10.261 I/System.out( 9651): 1|2|3 - 968 598 730|968355878|false
10-25 19:50:10.261 I/System.out( 9651): 1|2|3 - 942 196 787|968355878|false
10-25 19:50:10.261 I/System.out( 9651): 1|2|3 - 942196787|968355878|false
10-25 19:50:10.265 I/System.out( 9651): 1|2|3 - 948340841|968355878|false
10-25 19:50:10.271 I/System.out( 9651): 1|2|3 - 947859009|968355878|false
10-25 19:50:10.271 I/System.out( 9651): 1|2|3 - 924943258 |968355878|false
10-25 19:50:10.275 I/System.out( 9651): 1|2|3 - 989112799|968355878|false
10-25 19:50:10.275 I/System.out( 9651): 1|2|3 - 947 705 156|968355878|false
10-25 19:50:10.275 I/System.out( 9651): 1|2|3 - 990550758|968355878|false
10-25 19:50:10.281 I/System.out( 9651): 1|2|3 - 968 379 448|968355878|false
10-25 19:50:10.281 I/System.out( 9651): 1|2|3 - 968379448|968355878|false
10-25 19:50:10.281 I/System.out( 9651): 1|2|3 - 987 914 057|968355878|false
10-25 19:50:10.288 I/System.out( 9651): 1|2|3 - 987914057|968355878|false
10-25 19:50:10.288 I/System.out( 9651): 1|2|3 - 986 787 192|968355878|false
10-25 19:50:10.288 I/System.out( 9651): 1|2|3 - 986787192|968355878|false
10-25 19:50:10.288 I/System.out( 9651): 1|2|3 - 948692208|968355878|false
10-25 19:50:10.288 I/System.out( 9651): 1|2|3 - 999 991 204|968355878|false
10-25 19:50:10.288 I/System.out( 9651): 1|2|3 - 922300074|968355878|false
10-25 19:50:10.288 I/System.out( 9651): 1|2|3 - 922300074|968355878|false
10-25 19:50:10.288 I/System.out( 9651): 1|2|3 - +51959509065|968355878|false
10-25 19:50:10.291 I/System.out( 9651): 1|2|3 - 975555639|968355878|false
10-25 19:50:10.295 I/System.out( 9651): 1|2|3 - 991183738|968355878|false
10-25 19:50:10.295 I/System.out( 9651): 1|2|3 - 984 824 826|968355878|false
10-25 19:50:10.298 I/System.out( 9651): 1|2|3 - 989702404|968355878|false
10-25 19:50:10.298 I/System.out( 9651): 1|2|3 - 933195371|968355878|false
10-25 19:50:10.298 I/System.out( 9651): 1|2|3 - 999 898 653|968355878|false
10-25 19:50:10.298 I/System.out( 9651): 1|2|3 - 999898653|968355878|false
10-25 19:50:10.298 I/System.out( 9651): 1|2|3 - 991 755 647|968355878|false
10-25 19:50:10.298 I/System.out( 9651): 1|2|3 - 991755647|968355878|false
10-25 19:50:10.305 I/System.out( 9651): 1|2|3 - 948 656 676|968355878|false
10-25 19:50:10.305 I/System.out( 9651): 1|2|3 - 999 082 845|968355878|false
10-25 19:50:10.305 I/System.out( 9651): 1|2|3 - 999082845|968355878|false
10-25 19:50:10.308 I/System.out( 9651): 1|2|3 - 949173927|968355878|false
10-25 19:50:10.308 I/System.out( 9651): 1|2|3 - 977107994|968355878|false
10-25 19:50:10.315 I/System.out( 9651): 1|2|3 - 993 597 497|968355878|false
10-25 19:50:10.315 I/System.out( 9651): 1|2|3 - 948 332 740|968355878|false
10-25 19:50:10.315 I/System.out( 9651): 1|2|3 - 948332740|968355878|false
10-25 19:50:10.315 I/System.out( 9651): 1|2|3 - 947 978 887|968355878|false
10-25 19:50:10.315 I/System.out( 9651): 1|2|3 - 947978887|968355878|false
10-25 19:50:10.315 I/System.out( 9651): 1|2|3 - 948 032 441|968355878|false
10-25 19:50:10.318 I/System.out( 9651): 1|2|3 - 961784246|968355878|false
10-25 19:50:10.318 I/System.out( 9651): 1|2|3 - 993530083|968355878|false
10-25 19:50:10.318 I/System.out( 9651): 1|2|3 - 948 378 765|968355878|false
10-25 19:50:10.318 I/System.out( 9651): 1|2|3 - 941 714 546|968355878|false
10-25 19:50:10.318 I/System.out( 9651): 1|2|3 - 941714546|968355878|false
10-25 19:50:10.318 I/System.out( 9651): 1|2|3 - #950848348|968355878|false
10-25 19:50:10.325 I/System.out( 9651): 1|2|3 - 948026005|968355878|false
10-25 19:50:10.328 I/System.out( 9651): 1|2|3 - 948832872|968355878|false
10-25 19:50:10.328 I/System.out( 9651): 1|2|3 - 965 778 989|968355878|false
10-25 19:50:10.328 I/System.out( 9651): 1|2|3 - 965778989|968355878|false
10-25 19:50:10.328 I/System.out( 9651): 1|2|3 - 944315456|968355878|false
10-25 19:50:10.328 I/System.out( 9651): 1|2|3 - 996 174 460|968355878|false
10-25 19:50:10.328 I/System.out( 9651): 1|2|3 - 996174460|968355878|false
10-25 19:50:10.328 I/System.out( 9651): 1|2|3 - 944133489|968355878|false
10-25 19:50:10.331 I/System.out( 9651): 1|2|3 - 978708081|968355878|false
10-25 19:50:10.331 I/System.out( 9651): 1|2|3 - 947 38 78 09|968355878|false
10-25 19:50:10.331 I/System.out( 9651): 1|2|3 - 947387809|968355878|false
10-25 19:50:10.335 I/System.out( 9651): 1|2|3 - 963 840 919|968355878|false
10-25 19:50:10.335 I/System.out( 9651): 1|2|3 - 963840919|968355878|false
10-25 19:50:10.335 I/System.out( 9651): 1|2|3 - +51995903962|968355878|false
10-25 19:50:10.338 I/System.out( 9651): 1|2|3 - 938 255 928|968355878|false
10-25 19:50:10.341 I/System.out( 9651): 1|2|3 - 938255928|968355878|false
10-25 19:50:10.345 I/System.out( 9651): 1|2|3 - 989 689 266|968355878|false
10-25 19:50:10.345 I/System.out( 9651): 1|2|3 - 989689266|968355878|false
10-25 19:50:10.345 I/System.out( 9651): 1|2|3 - 948378803|968355878|false
10-25 19:50:10.348 I/System.out( 9651): 1|2|3 - 973910852|968355878|false
10-25 19:50:10.355 I/System.out( 9651): 1|2|3 - 968 598 730|968355878|false
10-25 19:50:10.355 I/System.out( 9651): 1|2|3 - 942 196 787|968355878|false
10-25 19:50:10.355 I/System.out( 9651): 1|2|3 - 942196787|968355878|false
10-25 19:50:10.355 I/System.out( 9651): 1|2|3 - 948340841|968355878|false
10-25 19:50:10.355 I/System.out( 9651): 1|2|3 - 947859009|968355878|false
10-25 19:50:10.355 I/System.out( 9651): 1|2|3 - 924943258 |968355878|false
10-25 19:50:10.355 I/System.out( 9651): 1|2|3 - 989112799|968355878|false
10-25 19:50:10.355 I/System.out( 9651): 1|2|3 - 947 705 156|968355878|false
10-25 19:50:10.355 I/System.out( 9651): 1|2|3 - 990550758|968355878|false
10-25 19:50:10.355 I/System.out( 9651): 1|2|3 - 968 379 448|968355878|false
10-25 19:50:10.361 I/System.out( 9651): 1|2|3 - 968379448|968355878|false
10-25 19:50:10.365 I/System.out( 9651): 1|2|3 - 987 914 057|968355878|false
10-25 19:50:10.365 I/System.out( 9651): 1|2|3 - 987914057|968355878|false
10-25 19:50:10.365 I/System.out( 9651): 1|2|3 - 986 787 192|968355878|false
10-25 19:50:10.365 I/System.out( 9651): 1|2|3 - 986787192|968355878|false
10-25 19:50:10.368 I/System.out( 9651): 1|2|3 - 948692208|968355878|false
10-25 19:50:10.368 I/System.out( 9651): 1|2|3 - 999 991 204|968355878|false
10-25 19:50:10.368 I/System.out( 9651): 1|2|3 - 922300074|968355878|false
10-25 19:50:10.371 I/System.out( 9651): 1|2|3 - 922300074|968355878|false
10-25 19:50:10.375 I/System.out( 9651): 1|2|3 - +51959509065|968355878|false
10-25 19:50:10.378 I/System.out( 9651): 1|2|3 - 975555639|968355878|false
10-25 19:50:10.381 I/System.out( 9651): 1|2|3 - 991183738|968355878|false
10-25 19:50:10.388 I/System.out( 9651): 1|2|3 - 984 824 826|968355878|false
10-25 19:50:10.391 I/System.out( 9651): 1|2|3 - 989702404|968355878|false
10-25 19:50:10.391 I/System.out( 9651): 1|2|3 - 933195371|968355878|false
10-25 19:50:10.391 I/System.out( 9651): 1|2|3 - 999 898 653|968355878|false
10-25 19:50:10.391 I/System.out( 9651): 1|2|3 - 999898653|968355878|false
10-25 19:50:10.395 I/System.out( 9651): 1|2|3 - 991 755 647|968355878|false
10-25 19:50:10.395 I/System.out( 9651): 1|2|3 - 991755647|968355878|false
10-25 19:50:10.398 I/System.out( 9651): 1|2|3 - 948 656 676|968355878|false
10-25 19:50:10.401 I/System.out( 9651): 1|2|3 - 999 082 845|968355878|false
10-25 19:50:10.415 I/System.out( 9651): 1|2|3 - 999082845|968355878|false
10-25 19:50:10.415 I/System.out( 9651): 1|2|3 - 949173927|968355878|false
10-25 19:50:10.415 I/System.out( 9651): 1|2|3 - 977107994|968355878|false
10-25 19:50:10.415 I/System.out( 9651): 1|2|3 - 993 597 497|968355878|false
10-25 19:50:10.415 I/System.out( 9651): 1|2|3 - 948 332 740|968355878|false
10-25 19:50:10.415 I/System.out( 9651): 1|2|3 - 948332740|968355878|false
10-25 19:50:10.428 I/System.out( 9651): 1|2|3 - 947 978 887|968355878|false
10-25 19:50:10.428 I/System.out( 9651): 1|2|3 - 947978887|968355878|false
10-25 19:50:10.428 I/System.out( 9651): 1|2|3 - 968355878|968355878|true
10-25 19:50:10.475 I/ActivityManager( 2477): No longer want com.android.deskclock
(pid 6200): empty #17
10-25 19:50:10.561 W/Herrevad( 5719): [92] qtq.b: Invalid mccmnc
10-25 19:50:10.565 W/Herrevad( 5719): [92] qtq.b: Invalid mccmnc
10-25 19:50:10.565 W/DebugConnManager( 5719): getNetworkInfo() on networkType 0
10-25 19:50:10.695 I/AndroidRuntime(10098): NOTE: attach of thread 'Binder_1'
failed
10-25 19:50:10.831 W/DebugConnManager( 5719): getNetworkInfo() on networkType 17
10-25 19:50:12.388 W/ProcessStats( 2477): Skipping unknown process pid 10135
10-25 19:50:12.391 W/ProcessStats( 2477): Skipping unknown process pid 10149
10-25 19:50:13.965 I/AndroidRuntime(10183): NOTE: attach of thread 'Binder_1'
failed
10-25 19:50:15.588 I/Sensors ( 2477): setDelay() with handle = 1, delay = 20000 us
10-25 19:50:15.591 I/Sensors ( 2477): setDelay() with handle = 0, delay = 200000 us
10-25 19:50:15.591 I/Sensors ( 2477): setDelay() with handle = 1, delay = 20000 us
10-25 19:50:15.591 I/Sensors ( 2477): setDelay() with handle = 7, delay = 5000 us
10-25 19:50:15.591 I/Sensors ( 2477): setDelay() with handle = 0, delay = 200000 us
10-25 19:50:15.591 I/Sensors ( 2477): setDelay() with handle = 1, delay = 20000 us
10-25 19:50:15.591 I/Sensors ( 2477): setDelay() with handle = 7, delay = 5000 us
10-25 19:50:15.591 I/Sensors ( 2477): setActive() with handle = 0, enabled = 0
10-25 19:50:15.591 I/Sensors ( 2477): setDelay() with handle = 0, delay = 200000 us
10-25 19:50:15.591 I/Sensors ( 2477): setDelay() with handle = 1, delay = 200000 us
10-25 19:50:15.591 I/Sensors ( 2477): setActive() with handle = 7, enabled = 0
10-25 19:50:15.591 I/Sensors ( 2477): setDelay() with handle = 7, delay = 5000 us
10-25 19:50:15.598 I/ActivityManager( 2477): No longer want com.android.exchange
(pid 7202): empty #17
10-25 19:50:21.021 W/Fabric ( 9908): Could not call isLimitAdTrackingEnabled on
com.google.android.gms.ads.identifier.AdvertisingIdClient$Info
10-25 19:50:29.421 I/MultiDex(10076): VM with version 1.6.0 does not have multidex
support
10-25 19:50:29.421 I/MultiDex(10076): install
10-25 19:50:29.701 I/MultiDex(10076):
MultiDexExtractor.load(/data/app/mappstreet.mycalsports-1.apk, false)
10-25 19:50:29.965 I/MultiDex(10076): loading existing secondary dex files
10-25 19:50:30.225 W/UdcContextManagerHelper( 5719): Failure reading udc context:
15
10-25 19:50:30.225 W/UdcContextManagerHelper( 5719): Empty context buffer. Thus
might mean that the context is not synced down.
10-25 19:50:30.225 W/UploadOptInStatusOp( 5719): Empty context model while
retrieving upload opt-in status!
10-25 19:50:30.278 I/MultiDex(10076): load found 1 secondary dex files
10-25 19:50:30.501 W/ActivityManager( 2477): Timeout executing service:
ServiceRecord{a6b72040 u0
mappstreet.ViuT/com.startapp.android.publish.common.metaData.PeriodicMetaDataServic
e}
10-25 19:50:35.945 D/dalvikvm(10276): DexOpt: sleeping on flock(/data/dalvik-
cache/system@framework@core.jar@classes.dex)
10-25 19:50:35.948 D/dalvikvm(10276): DexOpt: sleeping on flock(/data/dalvik-
cache/system@framework@andyprop.jar@classes.dex)
10-25 19:50:35.951 D/dalvikvm(10276): DexOpt: sleeping on flock(/data/dalvik-
cache/system@framework@telephony-common.jar@classes.dex)
10-25 19:50:35.951 I/Process ( 2477): Sending signal. PID: 9908 SIG: 3
10-25 19:50:35.951 I/dalvikvm( 9908): threadid=3: reacting to signal 3
10-25 19:50:36.151 I/Process ( 2477): Sending signal. PID: 2477 SIG: 3
10-25 19:50:36.151 I/dalvikvm( 2477): threadid=3: reacting to signal 3
10-25 19:50:36.178 I/MultiDex(10076): install done
10-25 19:50:36.255 I/ActivityManager( 2477): START u0
{cmp=com.whatsapp/.HomeActivity} from pid 8331
10-25 19:50:36.271 I/dalvikvm( 8331): Could not find method
android.view.View.isAttachedToWindow, referenced from method
com.whatsapp.HomeActivity.q
10-25 19:50:36.271 W/dalvikvm( 8331): VFY: unable to resolve virtual method 11999:
Landroid/view/View;.isAttachedToWindow ()Z
10-25 19:50:36.271 D/dalvikvm( 8331): VFY: replacing opcode 0x6e at 0x00b1
10-25 19:50:36.271 I/dalvikvm( 8331): Could not find method
android.view.Window.setStatusBarColor, referenced from method
com.whatsapp.HomeActivity.q
10-25 19:50:36.271 W/dalvikvm( 8331): VFY: unable to resolve virtual method 12325:
Landroid/view/Window;.setStatusBarColor (I)V
10-25 19:50:36.271 D/dalvikvm( 8331): VFY: replacing opcode 0x6e at 0x0160
10-25 19:50:36.275 I/dalvikvm( 8331): Could not find method
android.view.Window.setStatusBarColor, referenced from method
com.whatsapp.HomeActivity.a
10-25 19:50:36.275 W/dalvikvm( 8331): VFY: unable to resolve virtual method 12325:
Landroid/view/Window;.setStatusBarColor (I)V
10-25 19:50:36.275 D/dalvikvm( 8331): VFY: replacing opcode 0x6e at 0x006c
10-25 19:50:36.275 I/dalvikvm( 8331): Could not find method
android.view.Window.setStatusBarColor, referenced from method
com.whatsapp.HomeActivity.b
10-25 19:50:36.275 W/dalvikvm( 8331): VFY: unable to resolve virtual method 12325:
Landroid/view/Window;.setStatusBarColor (I)V
10-25 19:50:36.275 D/dalvikvm( 8331): VFY: replacing opcode 0x6e at 0x0021
10-25 19:50:36.275 I/dalvikvm( 8331): Could not find method
android.view.Window.setStatusBarColor, referenced from method
com.whatsapp.HomeActivity.b
10-25 19:50:36.275 W/dalvikvm( 8331): VFY: unable to resolve virtual method 12325:
Landroid/view/Window;.setStatusBarColor (I)V
10-25 19:50:36.275 D/dalvikvm( 8331): VFY: replacing opcode 0x6e at 0x0082
10-25 19:50:36.275 I/dalvikvm( 8331): Could not find method
android.view.ViewAnimationUtils.createCircularReveal, referenced from method
com.whatsapp.HomeActivity.c
10-25 19:50:36.275 W/dalvikvm( 8331): VFY: unable to resolve static method 12112:
Landroid/view/ViewAnimationUtils;.createCircularReveal
(Landroid/view/View;IIFF)Landroid/animation/Animator;
10-25 19:50:36.275 D/dalvikvm( 8331): VFY: replacing opcode 0x71 at 0x0084
10-25 19:50:36.275 I/dalvikvm( 8331): Could not find method
android.view.Window.setStatusBarColor, referenced from method
com.whatsapp.HomeActivity.c
10-25 19:50:36.275 W/dalvikvm( 8331): VFY: unable to resolve virtual method 12325:
Landroid/view/Window;.setStatusBarColor (I)V
10-25 19:50:36.275 D/dalvikvm( 8331): VFY: replacing opcode 0x6e at 0x00a8
10-25 19:50:36.351 I/Process ( 2477): Sending signal. PID: 4566 SIG: 3
10-25 19:50:36.351 I/dalvikvm( 4566): threadid=3: reacting to signal 3
10-25 19:50:36.991 I/Process ( 2477): Sending signal. PID: 4755 SIG: 3
10-25 19:50:36.991 I/dalvikvm( 4755): threadid=3: reacting to signal 3
10-25 19:50:36.995 I/Choreographer( 2477): Skipped 30 frames! The application may
be doing too much work on its main thread.
10-25 19:50:37.245 I/AppCompatViewInflater( 8331): app:theme is now deprecated.
Please move to using android:theme instead.
10-25 19:50:37.398 W/ProcessStats( 2477): Skipping unknown process pid 10558
10-25 19:50:37.961 I/Process ( 2477): Sending signal. PID: 8331 SIG: 3
10-25 19:50:37.961 I/dalvikvm( 8331): threadid=3: reacting to signal 3
10-25 19:50:37.961 W/ProcessStats( 2477): Skipping unknown process pid 10569
10-25 19:50:38.171 I/Process ( 2477): Sending signal. PID: 5240 SIG: 3
10-25 19:50:38.171 I/dalvikvm( 5240): threadid=3: reacting to signal 3
10-25 19:50:38.195 W/dalvikvm( 5240): threadid=10: thread exiting with uncaught
exception (group=0xa6136908)
10-25 19:50:38.198 E/AndroidRuntime( 5240): FATAL EXCEPTION:
IntentService[KeyboardSwitcherService]
10-25 19:50:38.198 E/AndroidRuntime( 5240): java.lang.RuntimeException:
org.zeromq.ZMQException: Interrupted system call(0x4)
10-25 19:50:38.198 E/AndroidRuntime( 5240): at
org.greatfruit.andy.zmqbaseservice.ZmqBaseService.onHandleIntent(ZmqBaseService.jav
a:64)
10-25 19:50:38.198 E/AndroidRuntime( 5240): at
android.app.IntentService$ServiceHandler.handleMessage(IntentService.java:65)
10-25 19:50:38.198 E/AndroidRuntime( 5240): at
android.os.Handler.dispatchMessage(Handler.java:99)
10-25 19:50:38.198 E/AndroidRuntime( 5240): at
android.os.Looper.loop(Looper.java:137)
10-25 19:50:38.198 E/AndroidRuntime( 5240): at
android.os.HandlerThread.run(HandlerThread.java:60)
10-25 19:50:38.198 E/AndroidRuntime( 5240): Caused by: org.zeromq.ZMQException:
Interrupted system call(0x4)
10-25 19:50:38.198 E/AndroidRuntime( 5240): at
org.zeromq.ZMQ$Poller.run_poll(Native Method)
10-25 19:50:38.198 E/AndroidRuntime( 5240): at
org.zeromq.ZMQ.poll(ZMQ.java:322)
10-25 19:50:38.198 E/AndroidRuntime( 5240): at
org.zeromq.ZMQ.poll(ZMQ.java:309)
10-25 19:50:38.198 E/AndroidRuntime( 5240): at
org.greatfruit.andy.zmqbaseservice.ZmqPullService.run(ZmqPullService.java:30)
10-25 19:50:38.198 E/AndroidRuntime( 5240): at
org.greatfruit.andy.zmqbaseservice.ZmqBaseService.onHandleIntent(ZmqBaseService.jav
a:58)
10-25 19:50:38.198 E/AndroidRuntime( 5240): ... 4 more
10-25 19:50:38.255 I/dalvikvm( 2477): Wrote stack traces to '/data/anr/traces.txt'
10-25 19:50:38.255 I/dalvikvm( 4566): Wrote stack traces to '/data/anr/traces.txt'
10-25 19:50:38.255 I/dalvikvm( 4755): Wrote stack traces to '/data/anr/traces.txt'
10-25 19:50:38.255 I/Process ( 2477): Sending signal. PID: 10076 SIG: 3
10-25 19:50:38.255 I/dalvikvm( 9908): Wrote stack traces to '/data/anr/traces.txt'
10-25 19:50:38.255 I/dalvikvm(10076): threadid=3: reacting to signal 3
10-25 19:50:38.258 I/dalvikvm( 5240): Wrote stack traces to '/data/anr/traces.txt'
10-25 19:50:38.275 E/ActivityManager( 2477): ANR in mappstreet.ViuT
10-25 19:50:38.275 E/ActivityManager( 2477): Reason: Executing service
mappstreet.ViuT/com.startapp.android.publish.common.metaData.PeriodicMetaDataServic
e
10-25 19:50:38.275 E/ActivityManager( 2477): Load: 19.12 / 7.06 / 2.59
10-25 19:50:38.275 E/ActivityManager( 2477): CPU usage from 0ms to 7752ms later:
10-25 19:50:38.275 E/ActivityManager( 2477): 6.7% 2477/system_server: 2% user +
4.6% kernel / faults: 232 minor
10-25 19:50:38.275 E/ActivityManager( 2477): 5.4% 8331/com.whatsapp: 2.3% user +
3% kernel / faults: 337 minor
10-25 19:50:38.275 E/ActivityManager( 2477): 4.6% 9908/mappstreet.ViuT: 1% user +
3.6% kernel / faults: 511 minor 2 major
10-25 19:50:38.275 E/ActivityManager( 2477): 2.1% 2366/surfaceflinger: 0.1% user
+ 2% kernel / faults: 37 minor
10-25 19:50:38.275 E/ActivityManager( 2477): 1.8% 1694/sh: 0.1% user + 1.6%
kernel / faults: 1066 minor
10-25 19:50:38.275 E/ActivityManager( 2477): 1.1%
5221/org.greatfruit.andy.shortcutter: 0.3% user + 0.7% kernel / faults: 40 minor
10-25 19:50:38.275 E/ActivityManager( 2477): 0.9% 4566/com.android.systemui: 0.1%
user + 0.7% kernel / faults: 3 minor
10-25 19:50:38.275 E/ActivityManager( 2477): 0.6% 10244/app_process: 0.1% user +
0.5% kernel / faults: 913 minor
10-25 19:50:38.275 E/ActivityManager( 2477): 0.5% 606/kswapd0: 0% user + 0.5%
kernel
10-25 19:50:38.275 E/ActivityManager( 2477): 0.5%
9651/mappstreet.com.fakegpslocation: 0.2% user + 0.2% kernel / faults: 30 minor
10-25 19:50:38.275 E/ActivityManager( 2477): 0.5% 10276/app_process: 0.2% user +
0.2% kernel / faults: 906 minor
10-25 19:50:38.275 E/ActivityManager( 2477): 0.3% 8/rcu_preempt: 0% user + 0.3%
kernel
10-25 19:50:38.275 E/ActivityManager( 2477): 0.3%
5206/org.greatfruit.andy.inputservice: 0% user + 0.3% kernel
10-25 19:50:38.275 E/ActivityManager( 2477): 0.3% 5240/org.greatfruit.andy.ime:
0.1% user + 0.2% kernel / faults: 59 minor
10-25 19:50:38.275 E/ActivityManager( 2477): 0.2% 921/kworker/0:1H: 0% user +
0.2% kernel
10-25 19:50:38.275 E/ActivityManager( 2477): 0.2% 1462/sh: 0% user + 0.2%
kernel / faults: 168 minor
10-25 19:50:38.275 E/ActivityManager( 2477): 0% 1692/logcat: 0% user + 0% kernel
10-25 19:50:38.275 E/ActivityManager( 2477): 0.2% 1716/logzmq: 0% user + 0.2%
kernel
10-25 19:50:38.275 E/ActivityManager( 2477): 0.2% 4755/com.android.phone: 0.1%
user + 0.1% kernel / faults: 2 minor
10-25 19:50:38.275 E/ActivityManager( 2477): 0.2%
5254/org.greatfruit.andy.appmonitor: 0.1% user + 0.1% kernel
10-25 19:50:38.275 E/ActivityManager( 2477): 0.2%
5719/com.google.android.gms.persistent: 0.1% user + 0.1% kernel / faults: 16 minor
10-25 19:50:38.275 E/ActivityManager( 2477): 0.2% 6473/com.google.android.gm:
0.1% user + 0.1% kernel / faults: 10 minor
10-25 19:50:38.275 E/ActivityManager( 2477): 0.2% 10076/mappstreet.mycalsports:
0.1% user + 0.1% kernel / faults: 86 minor 14 major
10-25 19:50:38.275 E/ActivityManager( 2477): 0.1% 3/ksoftirqd/0: 0% user + 0.1%
kernel
10-25 19:50:38.275 E/ActivityManager( 2477): 0.1% 12/ksoftirqd/1: 0% user + 0.1%
kernel
10-25 19:50:38.275 E/ActivityManager( 2477): 0% 1333/adbd: 0% user + 0% kernel
10-25 19:50:38.275 E/ActivityManager( 2477): 0% 1667/vconfig: 0% user + 0% kernel
/ faults: 1 minor
10-25 19:50:38.275 E/ActivityManager( 2477): 0.1% 1676/mediaserver: 0% user +
0.1% kernel
10-25 19:50:38.275 E/ActivityManager( 2477): 0.1%
5183/org.greatfruit.andy.clipboard: 0.1% user + 0% kernel
10-25 19:50:38.275 E/ActivityManager( 2477): 0.1%
5198/org.greatfruit.andy.layoutswitcher: 0% user + 0.1% kernel
10-25 19:50:38.275 E/ActivityManager( 2477): +0% 10574/sleep: 0% user + 0% kernel
10-25 19:50:38.275 E/ActivityManager( 2477): +0% 10579/usleep: 0% user + 0% kernel
10-25 19:50:38.275 E/ActivityManager( 2477): 98% TOTAL: 3.5% user + 15% kernel +
79% iowait + 0.3% softirq
10-25 19:50:38.275 E/ActivityManager( 2477): CPU usage from 6928ms to 7442ms later:
10-25 19:50:38.275 E/ActivityManager( 2477): 9.6% 2477/system_server: 3.8% user +
5.7% kernel
10-25 19:50:38.275 E/ActivityManager( 2477): 3.8% 2606/SensorService: 0% user +
3.8% kernel
10-25 19:50:38.275 E/ActivityManager( 2477): 3.8% 2612/WindowManager: 1.9% user
+ 1.9% kernel
10-25 19:50:38.275 E/ActivityManager( 2477): 1.9% 2619/ActivityManager: 0% user
+ 1.9% kernel
10-25 19:50:38.275 E/ActivityManager( 2477): 4.3% 2366/surfaceflinger: 0% user +
4.3% kernel
10-25 19:50:38.275 E/ActivityManager( 2477): 1.4% 2392/SurfaceFlinger: 0% user
+ 1.4% kernel
10-25 19:50:38.275 E/ActivityManager( 2477): 1.4% 2408/VSyncThread: 0% user +
1.4% kernel
10-25 19:50:38.275 E/ActivityManager( 2477): 1.4% 2427/EventThread: 0% user +
1.4% kernel
10-25 19:50:38.275 E/ActivityManager( 2477): 1.4% 2429/Binder_1: 0% user + 1.4%
kernel
10-25 19:50:38.275 E/ActivityManager( 2477): 5.7% 8331/com.whatsapp: 5.7% user +
0% kernel / faults: 16 minor
10-25 19:50:38.275 E/ActivityManager( 2477): 3.8% 8446/WhatsApp Worker: 3.8%
user + 0% kernel
10-25 19:50:38.275 E/ActivityManager( 2477): 1.9% 8331/com.whatsapp: 0% user +
1.9% kernel
10-25 19:50:38.275 E/ActivityManager( 2477): 1.9% 8971/MediaLoader: 1.9% user +
0% kernel
10-25 19:50:38.275 E/ActivityManager( 2477): 1.3% 3/ksoftirqd/0: 0% user + 1.3%
kernel
10-25 19:50:38.275 E/ActivityManager( 2477): 1.3% 12/ksoftirqd/1: 0% user + 1.3%
kernel
10-25 19:50:38.275 E/ActivityManager( 2477): 1.4% 1694/sh: 0% user + 1.4%
kernel / faults: 130 minor
10-25 19:50:38.275 E/ActivityManager( 2477): 1.4% 4566/com.android.systemui: 0%
user + 1.4% kernel
10-25 19:50:38.275 E/ActivityManager( 2477): 1.5% 5240/org.greatfruit.andy.ime:
0% user + 1.5% kernel
10-25 19:50:38.275 E/ActivityManager( 2477): 1.7% 9908/mappstreet.ViuT: 0% user +
1.7% kernel / faults: 41 minor 1 major
10-25 19:50:38.275 E/ActivityManager( 2477): 1.7% 9909/GC: 0% user + 1.7%
kernel
10-25 19:50:38.275 E/ActivityManager( 2477): 1.7% 9911/Signal Catcher: 0% user
+ 1.7% kernel
10-25 19:50:38.275 E/ActivityManager( 2477): 1.7% 9916/FinalizerDaemon: 0% user
+ 1.7% kernel
10-25 19:50:38.275 E/ActivityManager( 2477): 1.7% 10076/mappstreet.mycalsports:
1.7% user + 0% kernel / faults: 4 major
10-25 19:50:38.275 E/ActivityManager( 2477): 100% TOTAL: 5.1% user + 15% kernel +
79% iowait
10-25 19:50:38.281 W/ActivityManager( 2477): Killing ProcessRecord{a6b16948
9908:mappstreet.ViuT/u0a10066}: background ANR
10-25 19:50:38.348 F/libc ( 8331): @@@ ABORTING: LIBC: HEAP MEMORY CORRUPTION IN
dlfree
10-25 19:50:38.351 F/libc ( 8331): Fatal signal 11 (SIGSEGV) at 0xdeadbaad
(code=1), thread 8331 (com.whatsapp)
10-25 19:50:38.448 I/AndroidRuntime(10244): NOTE: attach of thread 'Binder_2'
failed
10-25 19:50:38.561 I/DEBUG ( 1671): *** *** *** *** *** *** *** *** *** *** ***
*** *** *** *** ***
10-25 19:50:38.561 I/DEBUG ( 1671): Build fingerprint:
'AndyOS/AndyWin/AndyWin:4.2.2/JDQ39E/eng.developer.20170117.171601:user/release-
keys'
10-25 19:50:38.561 I/DEBUG ( 1671): Revision: '0'
10-25 19:50:38.561 I/DEBUG ( 1671): pid: 8331, tid: 8331, name: com.whatsapp >>>
com.whatsapp <<<
10-25 19:50:38.561 I/DEBUG ( 1671): signal 11 (SIGSEGV), code 1 (SEGV_MAPERR),
fault addr deadbaad
10-25 19:50:39.255 W/dalvikvm(10076): threadid=3: spin on suspend #1 threadid=1
(pcf=0)
10-25 19:50:39.285 I/Sensors ( 2477): setActive() with handle = 1, enabled = 0
10-25 19:50:39.285 I/Sensors ( 2477): setDelay() with handle = 1, delay = 200000 us
10-25 19:50:39.285 I/Sensors ( 2477): setDelay() with handle = 0, delay = 200000 us
10-25 19:50:39.285 I/Sensors ( 2477): setDelay() with handle = 1, delay = 200000 us
10-25 19:50:39.285 I/Sensors ( 2477): setDelay() with handle = 7, delay = 5000 us
10-25 19:50:39.285 I/Sensors ( 2477): setDelay() with handle = 0, delay = 200000 us
10-25 19:50:39.285 I/Sensors ( 2477): setDelay() with handle = 1, delay = 200000 us
10-25 19:50:39.285 I/Sensors ( 2477): setDelay() with handle = 7, delay = 5000 us
10-25 19:50:39.285 I/Sensors ( 2477): setDelay() with handle = 0, delay = 200000 us
10-25 19:50:39.285 I/Sensors ( 2477): setDelay() with handle = 1, delay = 200000 us
10-25 19:50:39.285 I/Sensors ( 2477): setDelay() with handle = 7, delay = 5000 us
10-25 19:50:39.285 I/ActivityManager( 2477): Process mappstreet.ViuT (pid 9908) has
died.
10-25 19:50:39.285 W/ActivityManager( 2477): Scheduling restart of crashed service
mappstreet.ViuT/com.startapp.android.publish.common.metaData.InfoEventService in
5000ms
10-25 19:50:40.005 W/dalvikvm(10076): threadid=3: spin on suspend #2 threadid=1
(pcf=0)
10-25 19:50:40.008 I/dalvikvm(10076): "Signal Catcher" daemon prio=5 tid=3 RUNNABLE
10-25 19:50:40.008 I/dalvikvm(10076): | group="system" sCount=0 dsCount=0
obj=0xa6528d10 self=0xb8b0b600
10-25 19:50:40.008 I/dalvikvm(10076): | sysTid=10081 nice=0 sched=0/0
cgrp=[fopen-error:2] handle=-1196668320
10-25 19:50:40.008 I/dalvikvm(10076): | state=R schedstat=( 8646865 23149131 34 )
utm=0 stm=0 core=1
10-25 19:50:40.008 I/dalvikvm(10076): at dalvik.system.NativeStart.run(Native
Method)
10-25 19:50:40.008 I/dalvikvm(10076):
10-25 19:50:40.008 I/dalvikvm(10076): "main" prio=5 tid=1 RUNNABLE
10-25 19:50:40.008 I/dalvikvm(10076): | group="main" sCount=1 dsCount=0
obj=0xa6137938 self=0xb8990ea0
10-25 19:50:40.008 I/dalvikvm(10076): | sysTid=10076 nice=0 sched=0/0
cgrp=[fopen-error:2] handle=-1217351520
10-25 19:50:40.008 I/dalvikvm(10076): | state=D schedstat=( 103995492 71069499
145 ) utm=1 stm=8 core=1
10-25 19:50:40.008 I/dalvikvm(10076): at dalvik.system.DexFile.defineClass(Native
Method)
10-25 19:50:40.008 I/dalvikvm(10076): at
dalvik.system.DexFile.loadClassBinaryName(DexFile.java:211)
10-25 19:50:40.008 I/dalvikvm(10076): at
dalvik.system.DexPathList.findClass(DexPathList.java:305)
10-25 19:50:40.011 I/dalvikvm(10076): at
dalvik.system.BaseDexClassLoader.findClass(BaseDexClassLoader.java:62)
10-25 19:50:40.011 I/dalvikvm(10076): at
java.lang.ClassLoader.loadClass(ClassLoader.java:501)
10-25 19:50:40.011 I/dalvikvm(10076): at
java.lang.ClassLoader.loadClass(ClassLoader.java:461)
10-25 19:50:40.011 I/dalvikvm(10076): at
mappstreet.mycalsports.application.MyApp.onCreate(MyApp.java:-1)
10-25 19:50:40.011 I/dalvikvm(10076): at
android.app.Instrumentation.callApplicationOnCreate(Instrumentation.java:1000)
10-25 19:50:40.011 I/dalvikvm(10076): at
android.app.ActivityThread.handleBindApplication(ActivityThread.java:4391)
10-25 19:50:40.011 I/dalvikvm(10076): at
android.app.ActivityThread.access$1300(ActivityThread.java:141)
10-25 19:50:40.015 I/dalvikvm(10076): at
